000
CXUS53 KDDC 011828
CF6GCK
PRELIMINARY LOCAL CLIMATOLOGICAL DATA (WS FORM: F-6)
STATION: GARDEN CITY REGIONAL ARPT KS
MONTH: MAY
YEAR: 2021
LATITUDE: 37 55 N
LONGITUDE: 100 43 W
TEMPERATURE IN F: :PCPN: SNOW: WIND :SUNSHINE: SKY :PK WND
================================================================================
1 2 3 4 5 6A 6B 7 8 9 10 11 12 13 14 15 16 17 18
12Z AVG MX 2MIN
DY MAX MIN AVG DEP HDD CDD WTR SNW DPTH SPD SPD DIR MIN PSBL S-S WX SPD DR
================================================================================
1 84 44 64 7 1 0 0.00 M M 16.1 28 190 M M 0 42 190
2 86 54 70 12 0 5 0.18 M M 18.5 40 330 M M 3 13 50 320
3 61 48 55 -3 10 0 0.32 M M 16.6 29 20 M M 9 1 36 20
4 62 41 52 -6 13 0 T M M 7.8 16 360 M M 2 21 360
5 71 42 57 -2 8 0 0.09 M M 8.8 30 360 M M 4 3 40 350
6 70 38 54 -5 11 0 0.00 M M 8.8 17 40 M M 0 21 30
7 87 47 67 7 0 2 0.00 M M 13.9 28 180 M M 0 36 180
8 90 54 72 12 0 7 0.00 M M 17.5 43 350 M M 0 59 350
9 61 44 53 -7 12 0 0.00 M M 17.5 33 10 M M 5 44 10
10 53 42 48 -13 17 0 0.23 M M 8.9 17 100 M M 10 1 26 80
11 49 39 44 -17 21 0 0.10 M M 11.8 21 70 M M 10 1 29 70
12 58 34 46 -16 19 0 0.00 M M 5.8 12 190 M M 4 1 16 200
13 70 37 54 -8 11 0 0.00 M M 13.8 24 150 M M 1 37 150
14 80 50 65 3 0 0 0.14 M M 15.0 29 120 M M 2 13 39 120
15 73 56 65 2 0 0 0.42 M M 13.7 29 120 M M 7 13 39 120
16 77 53 65 2 0 0 3.00 M M 11.3 36 60 M M 3 13 49 50
17 71 52 62 -2 3 0 0.69 M M 8.2 21 250 M M 7 13 31 260
18 72 50 61 -3 4 0 0.04 M M 8.0 23 90 M M 5 13 29 80
19 73 52 63 -2 2 0 0.00 M M 11.3 21 130 M M 7 12 29 150
20 78 55 67 2 0 2 0.00 M M 16.8 29 160 M M 4 42 190
21 80 61 71 5 0 6 0.00 M M 21.0 33 140 M M 4 46 150
22 80 61 71 5 0 6 0.00 M M 17.7 32 130 M M 4 43 130
23 79 62 71 5 0 6 T M M 18.7 32 150 M M 7 1 44 130
24 78 56 67 0 0 2 0.56 M M 18.3 32 140 M M 8 13 44 120
25 79 56 68 1 0 3 0.00 M M 7.0 17 150 M M 2 24 180
26 84 59 72 4 0 7 0.00 M M 13.8 29 140 M M 2 1 38 150
27 76 54 65 -3 0 0 0.00 M M 15.2 28 10 M M 2 12 36 10
28 73 39 56 -12 9 0 0.00 M M 9.9 17 50 M M 0 22 150
29 72 49 61 -8 4 0 0.00 M M 15.8 24 150 M M 4 31 130
30 61 54 58 -11 7 0 0.54 M M 10.6 24 100 M M 8 13 31 170
31 61 52 57 -12 8 0 T M M 9.3 17 40 M M 10 12 23 50
================================================================================
SM 2249 1535 160 46 6.31 M 407.4 M 134
================================================================================
AV 72.5 49.5 13.1 FASTST M M 4 MAX(MPH)
MISC ----> 43 350 59 350
================================================================================
NOTES:
# LAST OF SEVERAL OCCURRENCES
COLUMN 17 PEAK WIND IN M.P.H.
PRELIMINARY LOCAL CLIMATOLOGICAL DATA (WS FORM: F-6) , PAGE 2
STATION: GARDEN CITY REGIONAL ARPT KS
MONTH: MAY
YEAR: 2021
LATITUDE: 37 55 N
LONGITUDE: 100 43 W
[TEMPERATURE DATA] [PRECIPITATION DATA] SYMBOLS USED IN COLUMN 16
AVERAGE MONTHLY: 61.0 TOTAL FOR MONTH: 6.31 1 = FOG OR MIST
DPTR FM NORMAL: -2.4 DPTR FM NORMAL: 3.79 2 = FOG REDUCING VISIBILITY
HIGHEST: 90 ON 8 GRTST 24HR 3.30 ON 16-17 TO 1/4 MILE OR LESS
LOWEST: 34 ON 12 3 = THUNDER
4 = ICE PELLETS
5 = HAIL
6 = FREEZING RAIN OR DRIZZLE
7 = DUSTSTORM OR SANDSTORM:
VSBY 1/2 MILE OR LESS
8 = SMOKE OR HAZE
[NO. OF DAYS WITH] [WEATHER - DAYS WITH] 9 = BLOWING SNOW
X = TORNADO
MAX 32 OR BELOW: 0 0.01 INCH OR MORE: 12
MAX 90 OR ABOVE: 1 0.10 INCH OR MORE: 10
MIN 32 OR BELOW: 0 0.50 INCH OR MORE: 4
MIN 0 OR BELOW: 0 1.00 INCH OR MORE: 1
[HDD (BASE 65) ]
TOTAL THIS MO. 160 CLEAR (SCALE 0-3) 13
DPTR FM NORMAL 23 PTCLDY (SCALE 4-7) 13
TOTAL FM JUL 1 5353 CLOUDY (SCALE 8-10) 5
DPTR FM NORMAL 192
[CDD (BASE 65) ]
TOTAL THIS MO. 46
DPTR FM NORMAL -40 [PRESSURE DATA]
TOTAL FM JAN 1 51 HIGHEST SLP 30.40 ON 12
DPTR FM NORMAL -46 LOWEST SLP 29.24 ON 2
[REMARKS]
#FINAL-05-21#