000
CXUS54 KMAF 011230
CF6GDP
PRELIMINARY LOCAL CLIMATOLOGICAL DATA (WS FORM: F-6)
STATION: GUADALUPE PASS
MONTH: MAY
YEAR: 2023
LATITUDE: 31 49 N
LONGITUDE: 104 48 W
TEMPERATURE IN F: :PCPN: SNOW: WIND :SUNSHINE: SKY :PK WND
================================================================================
1 2 3 4 5 6A 6B 7 8 9 10 11 12 13 14 15 16 17 18
12Z AVG MX 2MIN
DY MAX MIN AVG DEP HDD CDD WTR SNW DPTH SPD SPD DIR MIN PSBL S-S WX SPD DR
================================================================================
1 73 47 60 -4 5 0 0.00 M M 23.5 37 70 M M 0 8 40 70
2 85 59 72 7 0 7 0.00 M M 16.2 44 40 M M 1 8 49 40
3 77 53 65 0 0 0 0.66 M M 22.1 37 60 M M 3 18 55 140
4 78 57 68 3 0 3 T M M 24.6 45 250 M M 3 8 59 230
5 81 56 69 3 0 4 0.00 M M 21.6 43 250 M M 0 8 55 230
6 81 55 68 2 0 3 0.00 M M 21.0 40 240 M M 0 8 50 250
7 84 60 72 6 0 7 0.00 M M 18.2 38 240 M M 0 8 49 250
8 87 62 75 8 0 10 0.00 M M 12.1 32 230 M M 0 8 42 230
9 M M M M M M 0.00 M M M 22 240 M M 0 8 27 230
10 85 59 72 5 0 7 M M M 21.8 33 230 M M 0 8 52 230
11 M M M M M M 0.00 M M M M M M M 0 M M
12 M M M M M M M M M M M M M M 0 M M
13 M M M M M M M M M M M M M M 0 M M
14 M M M M M M 0.00 M M M M M M M 0 M M
15 M M M M M M 0.00 M M M M M M M 0 M M
16 M M M M M M 0.00 M M M M M M M 0 M M
17 83 70 77 7 0 12 T M M 13.2 37 210 M M 2 50 210
18 81 59 70 0 0 5 T M M 17.2 33 250 M M 3 8 49 240
19 87 58 73 2 0 8 0.07 M M 13.9 39 50 M M 1 8 43 60
20 62 53 58 -13 7 0 0.13 M M 28.0 40 50 M M 6 128 47 50
21 82 55 69 -3 0 4 0.02 M M 13.6 25 70 M M 2 18 29 230
22 83 59 71 -1 0 6 0.07 M M 9.3 25 270 M M 1 8 32 270
23 84 61 73 0 0 8 M M M 12.7 18 240 M M 0 30 240
24 83 67 75 2 0 10 M M M 17.3 25 50 M M 0 8 32 110
25 78 59 69 -4 0 4 M M M 25.6 39 70 M M 3 128 47 70
26 78 58 68 -6 0 3 0.00 M M 23.0 36 60 M M 3 128 44 60
27 84 61 73 -1 0 8 T M M 15.2 32 80 M M 4 18 38 80
28 90 61 76 1 0 11 T M M 11.1 33 20 M M 2 42 20
29 88 57 73 -2 0 8 0.00 M M 15.0 28 230 M M 0 8 34 250
30 88 67 78 3 0 13 0.00 M M 8.7 18 50 M M 0 8 23 230
31 89 64 77 1 0 12 T M M 17.7 38 40 M M 0 18 45 40
================================================================================
SM 1971 1417 12 153 0.95 M 422.4 M 34
================================================================================
AV 82.1 59.0 17.6 FASTST M M 1 MAX(MPH)
MISC ----> 45 250 59 230
================================================================================
NOTES:
# LAST OF SEVERAL OCCURRENCES
COLUMN 17 PEAK WIND IN M.P.H.
PRELIMINARY LOCAL CLIMATOLOGICAL DATA (WS FORM: F-6) , PAGE 2
STATION: GUADALUPE PASS
MONTH: MAY
YEAR: 2023
LATITUDE: 31 49 N
LONGITUDE: 104 48 W
[TEMPERATURE DATA] [PRECIPITATION DATA] SYMBOLS USED IN COLUMN 16
AVERAGE MONTHLY: 70.6 TOTAL FOR MONTH: 0.95 1 = FOG OR MIST
DPTR FM NORMAL: 0.7 DPTR FM NORMAL: 0.43 2 = FOG REDUCING VISIBILITY
HIGHEST: 90 ON 28 GRTST 24HR 0.66 ON 3- 3 TO 1/4 MILE OR LESS
LOWEST: 47 ON 1 3 = THUNDER
SNOW, ICE PELLETS, HAIL 4 = ICE PELLETS
TOTAL MONTH: M 5 = HAIL
GRTST 24HR M ON M 6 = FREEZING RAIN OR DRIZZLE
GRTST DEPTH: M ON M 7 = DUSTSTORM OR SANDSTORM:
VSBY 1/2 MILE OR LESS
8 = SMOKE OR HAZE
[NO. OF DAYS WITH] [WEATHER - DAYS WITH] 9 = BLOWING SNOW
X = TORNADO
MAX 32 OR BELOW: 0 0.01 INCH OR MORE: 5
MAX 90 OR ABOVE: 1 0.10 INCH OR MORE: 2
MIN 32 OR BELOW: 0 0.50 INCH OR MORE: 1
MIN 0 OR BELOW: 0 1.00 INCH OR MORE: 0
[HDD (BASE 65) ]
TOTAL THIS MO. 12 CLEAR (SCALE 0-3) 28
DPTR FM NORMAL -34 PTCLDY (SCALE 4-7) 3
TOTAL FM JUL 1 842 CLOUDY (SCALE 8-10) 0
DPTR FM NORMAL -2166
[CDD (BASE 65) ]
TOTAL THIS MO. 153
DPTR FM NORMAL -44 [PRESSURE DATA]
TOTAL FM JAN 1 167 HIGHEST SLP 29.92 ON 27
DPTR FM NORMAL -90 LOWEST SLP 29.60 ON 31
[REMARKS]
#FINAL-05-23#