000
CXUS51 KPHI 010815
CF6GED
PRELIMINARY LOCAL CLIMATOLOGICAL DATA (WS FORM: F-6)
STATION: GEORGETOWN DE
MONTH: JULY
YEAR: 2020
LATITUDE: 38 41 N
LONGITUDE: 75 22 W
TEMPERATURE IN F: :PCPN: SNOW: WIND :SUNSHINE: SKY :PK WND
================================================================================
1 2 3 4 5 6A 6B 7 8 9 10 11 12 13 14 15 16 17 18
12Z AVG MX 2MIN
DY MAX MIN AVG DEP HDD CDD WTR SNW DPTH SPD SPD DIR MIN PSBL S-S WX SPD DR
================================================================================
1 83 70 77 1 0 12 0.10 M M 3.0 14 360 M M 5 13 18 360
2 92 65 79 3 0 14 0.00 M M 4.7 16 30 M M 1 12 21 20
3 98 74 86 10 0 21 0.00 M M 5.3 21 30 M M 0 27 40
4 89 71 80 4 0 15 0.00 M M 5.9 16 50 M M 4 1 21 60
5 95 68 82 6 0 17 0.00 M M 5.2 17 220 M M 0 1 22 220
6 97 70 84 8 0 19 0.86 M M 9.0 25 50 M M 2 13 33 50
7 86 70 78 1 0 13 0.61 M M 6.6 17 170 M M 4 123 23 170
8 89 74 82 5 0 17 0.00 M M 6.3 14 170 M M 3 12 20 190
9 88 74 81 4 0 16 0.00 M M 8.0 16 120 M M 5 1 21 120
10 84 73 79 2 0 14 3.63 M M 11.5 28 20 M M 6 1 43 10
11 90 74 82 5 0 17 0.00 M M 7.1 14 210 M M 2 3 21 280
12 92 69 81 4 0 16 0.00 M M 6.3 14 180 M M 0 19 220
13 89 73 81 4 0 16 T M M 2.7 9 310 M M 1 13 250
14 89 71 80 3 0 15 0.00 M M 4.9 12 330 M M 2 17 30
15 89 67 78 1 0 13 0.00 M M 6.7 18 130 M M 3 22 130
16 81 70 76 -1 0 11 0.00 M M 8.1 17 100 M M 4 21 120
17 92 70 81 4 0 16 0.00 M M 7.5 18 210 M M 4 23 220
18 95 76 86 9 0 21 0.00 M M 3.4 12 120 M M 4 1 13 80
19 95 74 85 8 0 20 T M M 5.0 20 150 M M 4 123 28 150
20 98 80 89 12 0 24 0.00 M M 5.4 14 210 M M 0 20 250
21 97 78 88 11 0 23 T M M 5.4 14 120 M M 0 3 19 290
22 96 75 86 9 0 21 0.01 M M 6.6 30 260 M M 1 3 48 270
23 94 74 84 7 0 19 T M M 6.3 14 210 M M 2 3 19 250
24 87 74 81 4 0 16 0.87 M M 3.5 15 40 M M 6 123 22 320
25 89 73 81 4 0 16 0.08 M M 4.6 14 150 M M 2 1 17 120
26 95 75 85 8 0 20 0.00 M M 5.8 13 280 M M 0 1 20 280
27 95 74 85 8 0 20 0.00 M M 5.6 14 280 M M 1 1 19 280
28 95 76 86 9 0 21 0.07 M M 6.8 16 210 M M 1 3 22 220
29 94 74 84 7 0 19 0.00 M M 4.3 10 230 M M 2 14 260
30 96 73 85 8 0 20 0.04 M M 6.0 17 300 M M 1 13 24 310
31 80 74 77 0 0 12 0.35 M M 4.2 10 100 M M 9 1 14 70
================================================================================
SM 2829 2253 0 534 6.62 M 181.7 M 79
================================================================================
AV 91.3 72.7 5.9 FASTST M M 3 MAX(MPH)
MISC ----> 30 260 48 270
================================================================================
NOTES:
# LAST OF SEVERAL OCCURRENCES
COLUMN 17 PEAK WIND IN M.P.H.
PRELIMINARY LOCAL CLIMATOLOGICAL DATA (WS FORM: F-6) , PAGE 2
STATION: GEORGETOWN DE
MONTH: JULY
YEAR: 2020
LATITUDE: 38 41 N
LONGITUDE: 75 22 W
[TEMPERATURE DATA] [PRECIPITATION DATA] SYMBOLS USED IN COLUMN 16
AVERAGE MONTHLY: 82.0 TOTAL FOR MONTH: 6.62 1 = FOG OR MIST
DPTR FM NORMAL: 5.1 DPTR FM NORMAL: 2.43 2 = FOG REDUCING VISIBILITY
HIGHEST: 98 ON 20, 3 GRTST 24HR 3.63 ON 10-10 TO 1/4 MILE OR LESS
LOWEST: 65 ON 2 3 = THUNDER
SNOW, ICE PELLETS, HAIL 4 = ICE PELLETS
TOTAL MONTH: M 5 = HAIL
GRTST 24HR M ON M 6 = FREEZING RAIN OR DRIZZLE
GRTST DEPTH: M ON M 7 = DUSTSTORM OR SANDSTORM:
VSBY 1/2 MILE OR LESS
8 = SMOKE OR HAZE
[NO. OF DAYS WITH] [WEATHER - DAYS WITH] 9 = BLOWING SNOW
X = TORNADO
MAX 32 OR BELOW: 0 0.01 INCH OR MORE: 10
MAX 90 OR ABOVE: 18 0.10 INCH OR MORE: 6
MIN 32 OR BELOW: 0 0.50 INCH OR MORE: 4
MIN 0 OR BELOW: 0 1.00 INCH OR MORE: 1
[HDD (BASE 65) ]
TOTAL THIS MO. 0 CLEAR (SCALE 0-3) 19
DPTR FM NORMAL 0 PTCLDY (SCALE 4-7) 11
TOTAL FM JUL 1 0 CLOUDY (SCALE 8-10) 1
DPTR FM NORMAL 0
[CDD (BASE 65) ]
TOTAL THIS MO. 534
DPTR FM NORMAL 167 [PRESSURE DATA]
TOTAL FM JAN 1 917 HIGHEST SLP 30.28 ON 16
DPTR FM NORMAL 217 LOWEST SLP 29.66 ON 10
[REMARKS]
#FINAL-07-20#