000
CXUS56 KOTX 010910
CF6GEG
PRELIMINARY LOCAL CLIMATOLOGICAL DATA (WS FORM: F-6)
STATION: SPOKANE WA AIRPORT
MONTH: APRIL
YEAR: 2021
LATITUDE: 47 37 N
LONGITUDE: 117 32 W
TEMPERATURE IN F: :PCPN: SNOW: WIND :SUNSHINE: SKY :PK WND
================================================================================
1 2 3 4 5 6A 6B 7 8 9 10 11 12 13 14 15 16 17 18
12Z AVG MX 2MIN
DY MAX MIN AVG DEP HDD CDD WTR SNW DPTH SPD SPD DIR MIN PSBL S-S WX SPD DR
================================================================================
1 63 34 49 5 16 0 0.00 0.0 0 10.3 28 240 M M 8 32 220
2 62 39 51 7 14 0 0.00 0.0 0 9.7 21 230 M M 6 26 210
3 61 41 51 6 14 0 0.00 0.0 0 6.9 14 240 M M 10 17 220
4 54 39 47 2 18 0 0.09 0.0 0 9.3 23 280 M M 9 27 270
5 56 30 43 -2 22 0 0.00 0.0 0 6.3 21 220 M M 2 24 230
6 58 31 45 0 20 0 0.00 0.0 0 7.4 16 230 M M 1 19 220
7 55 38 47 2 18 0 0.00 0.0 0 13.7 23 230 M M 8 28 240
8 52 34 43 -3 22 0 0.01 T 0 14.2 31 320 M M 7 1 39 330
9 55 28 42 -4 23 0 0.00 0.0 0 13.2 25 230 M M 6 34 220
10 48 29 39 -7 26 0 T T 0 16.9 37 290 M M 5 44 290
11 49 23 36 -10 29 0 0.00 0.0 0 4.5 10 160 M M 3 13 150
12 52 27 40 -6 25 0 0.00 0.0 0 10.4 21 50 M M 3 28 50
13 55 36 46 0 19 0 0.00 0.0 0 18.2 30 60 M M 1 38 60
14 64 38 51 5 14 0 0.00 0.0 0 14.9 30 50 M M 1 40 40
15 67 40 54 7 11 0 0.00 0.0 0 8.7 22 50 M M 1 31 50
16 69 35 52 5 13 0 0.00 0.0 0 7.2 20 80 M M 1 22 80
17 74 41 58 11 7 0 0.00 0.0 0 5.9 16 290 M M 1 19 280
18 75 42 59 12 6 0 T 0.0 0 14.4 36 50 M M 5 7 47 70
19 56 38 47 -1 18 0 0.00 0.0 0 13.1 25 40 M M 1 30 50
20 61 36 49 1 16 0 0.00 0.0 0 7.8 21 30 M M 1 28 20
21 68 36 52 4 13 0 0.00 0.0 0 6.8 20 260 M M 3 23 220
22 64 45 55 7 10 0 T 0.0 0 6.8 22 320 M M 5 3 29 250
23 63 39 51 3 14 0 0.00 0.0 0 5.6 17 230 M M 7 25 230
24 51 44 48 -1 17 0 0.10 0.0 0 7.9 20 220 M M 9 1 24 220
25 55 41 48 -1 17 0 0.00 0.0 0 12.1 22 220 M M 7 31 230
26 59 38 49 0 16 0 0.01 0.0 0 5.3 18 220 M M 6 21 230
27 63 35 49 -1 16 0 0.00 0.0 0 11.7 24 230 M M 5 32 230
28 69 42 56 6 9 0 0.00 0.0 0 11.0 21 250 M M 8 25 230
29 78 51 65 15 0 0 0.00 0.0 0 8.8 21 240 M M 9 26 240
30 70 51 61 11 4 0 T 0.0 0 13.6 24 230 M M 8 29 250
================================================================================
SM 1826 1121 467 0 0.21 T 302.6 M 147
================================================================================
AV 60.9 37.4 10.1 FASTST M M 5 MAX(MPH)
MISC ----> 37 290 47 70
================================================================================
NOTES:
# LAST OF SEVERAL OCCURRENCES
COLUMN 17 PEAK WIND IN M.P.H.
PRELIMINARY LOCAL CLIMATOLOGICAL DATA (WS FORM: F-6) , PAGE 2
STATION: SPOKANE WA AIRPORT
MONTH: APRIL
YEAR: 2021
LATITUDE: 47 37 N
LONGITUDE: 117 32 W
[TEMPERATURE DATA] [PRECIPITATION DATA] SYMBOLS USED IN COLUMN 16
AVERAGE MONTHLY: 49.1 TOTAL FOR MONTH: 0.21 1 = FOG OR MIST
DPTR FM NORMAL: 2.1 DPTR FM NORMAL: -1.07 2 = FOG REDUCING VISIBILITY
HIGHEST: 78 ON 29 GRTST 24HR 0.10 ON 24-24 TO 1/4 MILE OR LESS
LOWEST: 23 ON 11 3 = THUNDER
SNOW, ICE PELLETS, HAIL 4 = ICE PELLETS
TOTAL MONTH: T 5 = HAIL
GRTST 24HR T ON 8- 8 6 = FREEZING RAIN OR DRIZZLE
GRTST DEPTH: 0 7 = DUSTSTORM OR SANDSTORM:
VSBY 1/2 MILE OR LESS
8 = SMOKE OR HAZE
[NO. OF DAYS WITH] [WEATHER - DAYS WITH] 9 = BLOWING SNOW
X = TORNADO
MAX 32 OR BELOW: 0 0.01 INCH OR MORE: 4
MAX 90 OR ABOVE: 0 0.10 INCH OR MORE: 1
MIN 32 OR BELOW: 6 0.50 INCH OR MORE: 0
MIN 0 OR BELOW: 0 1.00 INCH OR MORE: 0
[HDD (BASE 65) ]
TOTAL THIS MO. 467 CLEAR (SCALE 0-3) 12
DPTR FM NORMAL -73 PTCLDY (SCALE 4-7) 14
TOTAL FM JUL 1 5650 CLOUDY (SCALE 8-10) 4
DPTR FM NORMAL -487
[CDD (BASE 65) ]
TOTAL THIS MO. 0
DPTR FM NORMAL 0 [PRESSURE DATA]
TOTAL FM JAN 1 0 HIGHEST SLP M ON M
DPTR FM NORMAL 0 LOWEST SLP 29.63 ON 25
[REMARKS]
#FINAL-04-21#