000
CXUS53 KFGF 010815
CF6GFK
PRELIMINARY LOCAL CLIMATOLOGICAL DATA (WS FORM: F-6)
STATION: GRAND FORKS INTL AP ND
MONTH: OCTOBER
YEAR: 2022
LATITUDE: 47 57 N
LONGITUDE: 97 11 W
TEMPERATURE IN F: :PCPN: SNOW: WIND :SUNSHINE: SKY :PK WND
================================================================================
1 2 3 4 5 6A 6B 7 8 9 10 11 12 13 14 15 16 17 18
12Z AVG MX 2MIN
DY MAX MIN AVG DEP HDD CDD WTR SNW DPTH SPD SPD DIR MIN PSBL S-S WX SPD DR
================================================================================
1 77 47 62 11 3 0 T 0.0 0 6.9 15 80 M M 5 21 80
2 71 54 63 13 2 0 0.02 0.0 0 11.7 23 150 M M 7 8 29 160
3 72 54 63 13 2 0 0.06 0.0 0 8.7 18 200 M M 9 24 160
4 73 50 62 12 3 0 0.00 0.0 0 5.2 13 320 M M 7 18 320
5 79 42 61 12 4 0 T 0.0 0 13.8 33 360 M M 5 128 46 360
6 49 25 37 -11 28 0 0.00 0.0 0 14.9 26 350 M M 3 36 350
7 52 20 36 -12 29 0 0.00 0.0 0 7.6 17 260 M M 3 23 250
8 68 32 50 2 15 0 0.00 0.0 0 6.5 13 360 M M 3 8 16 360
9 62 33 48 1 17 0 0.00 0.0 0 8.0 17 50 M M 3 8 24 20
10 70 28 49 3 16 0 0.00 0.0 0 10.4 23 190 M M 1 18 29 190
11 76 43 60 14 5 0 T 0.0 0 14.6 29 280 M M 4 8 39 300
12 54 41 48 3 17 0 T 0.0 0 16.1 29 320 M M 8 8 40 310
13 40 33 37 -8 28 0 0.01 T 0 14.6 26 320 M M 10 18 35 310
14 45 31 38 -6 27 0 0.03 T 0 14.1 26 350 M M 9 1 37 350
15 50 38 44 0 21 0 T 0.0 0 16.0 28 320 M M 10 36 330
16 41 23 32 -11 33 0 0.00 0.0 0 17.6 28 330 M M 8 38 350
17 39 12 26 -17 39 0 0.00 0.0 0 10.0 20 20 M M 1 27 10
18 43 9 26 -16 39 0 0.00 0.0 0 4.2 8 200 M M 1 11 350
19 65 20 43 1 22 0 0.00 0.0 0 6.8 12 190 M M 4 15 180
20 70 30 50 9 15 0 0.00 0.0 0 9.0 16 190 M M 3 8 21 190
21 65 41 53 12 12 0 T 0.0 0 9.3 22 320 M M 5 8 30 320
22 60 43 52 12 13 0 T 0.0 0 9.9 17 50 M M 8 23 50
23 77 35 56 16 9 0 0.00 0.0 0 12.9 30 150 M M 3 3 41 130
24 67 33 50 11 15 0 0.05 T 0 16.9 39 200 M M 8 18 54 190
25 42 34 38 0 27 0 0.00 0.0 0 8.8 18 300 M M 10 23 300
26 49 31 40 2 25 0 0.00 0.0 0 4.7 10 140 M M 6 14 160
27 58 30 44 7 21 0 0.00 0.0 0 13.2 25 190 M M 3 35 180
28 66 37 52 15 13 0 0.00 0.0 0 12.5 22 220 M M 3 28 210
29 57 31 44 8 21 0 0.00 0.0 0 5.6 10 180 M M 4 13 180
30 60 22 41 5 24 0 0.00 0.0 0 5.6 10 200 M M 1 13 200
31 64 31 48 13 17 0 0.00 0.0 0 7.0 17 250 M M 4 21 260
================================================================================
SM 1861 1033 562 0 0.17 T 323.1 M 159
================================================================================
AV 60.0 33.3 10.4 FASTST M M 5 MAX(MPH)
MISC ----> 39 200 54 190
================================================================================
NOTES:
# LAST OF SEVERAL OCCURRENCES
COLUMN 17 PEAK WIND IN M.P.H.
PRELIMINARY LOCAL CLIMATOLOGICAL DATA (WS FORM: F-6) , PAGE 2
STATION: GRAND FORKS INTL AP ND
MONTH: OCTOBER
YEAR: 2022
LATITUDE: 47 57 N
LONGITUDE: 97 11 W
[TEMPERATURE DATA] [PRECIPITATION DATA] SYMBOLS USED IN COLUMN 16
AVERAGE MONTHLY: 46.7 TOTAL FOR MONTH: 0.17 1 = FOG OR MIST
DPTR FM NORMAL: 3.5 DPTR FM NORMAL: -1.71 2 = FOG REDUCING VISIBILITY
HIGHEST: 79 ON 5 GRTST 24HR 0.06 ON 2- 3 TO 1/4 MILE OR LESS
LOWEST: 9 ON 18 3 = THUNDER
SNOW, ICE PELLETS, HAIL 4 = ICE PELLETS
TOTAL MONTH: T 5 = HAIL
GRTST 24HR T ON 13-13 6 = FREEZING RAIN OR DRIZZLE
GRTST DEPTH: 0 7 = DUSTSTORM OR SANDSTORM:
VSBY 1/2 MILE OR LESS
8 = SMOKE OR HAZE
[NO. OF DAYS WITH] [WEATHER - DAYS WITH] 9 = BLOWING SNOW
X = TORNADO
MAX 32 OR BELOW: 0 0.01 INCH OR MORE: 5
MAX 90 OR ABOVE: 0 0.10 INCH OR MORE: 0
MIN 32 OR BELOW: 15 0.50 INCH OR MORE: 0
MIN 0 OR BELOW: 0 1.00 INCH OR MORE: 0
[HDD (BASE 65) ]
TOTAL THIS MO. 562 CLEAR (SCALE 0-3) 11
DPTR FM NORMAL -116 PTCLDY (SCALE 4-7) 12
TOTAL FM JUL 1 743 CLOUDY (SCALE 8-10) 8
DPTR FM NORMAL -256
[CDD (BASE 65) ]
TOTAL THIS MO. 0
DPTR FM NORMAL -2 [PRESSURE DATA]
TOTAL FM JAN 1 513 HIGHEST SLP M ON M
DPTR FM NORMAL 130 LOWEST SLP 29.12 ON 24
[REMARKS]
#FINAL-10-22#