000
CXUS55 KALY 010710
CF6GFL
PRELIMINARY LOCAL CLIMATOLOGICAL DATA (WS FORM: F-6)
STATION: GLENS FALLS NY
MONTH: JULY
YEAR: 2023
LATITUDE: 43 20 N
LONGITUDE: 73 37 W
TEMPERATURE IN F: :PCPN: SNOW: WIND :SUNSHINE: SKY :PK WND
================================================================================
1 2 3 4 5 6A 6B 7 8 9 10 11 12 13 14 15 16 17 18
12Z AVG MX 2MIN
DY MAX MIN AVG DEP HDD CDD WTR SNW DPTH SPD SPD DIR MIN PSBL S-S WX SPD DR
================================================================================
1 85 58 72 3 0 7 0.00 M M 6.5 15 190 M M 7 128 22 210
2 72 64 68 -1 0 3 0.26 M M 1.1 10 200 M M 10 1 15 210
3 76 66 71 2 0 6 0.09 M M 3.2 9 290 M M 7 1 10 290
4 88 63 76 7 0 11 0.04 M M 2.6 17 330 M M 3 123 22 320
5 88 60 74 5 0 9 0.06 M M 3.5 14 200 M M 5 123 17 210
6 90 64 77 8 0 12 0.00 M M 2.4 12 160 M M 3 12 13 150
7 88 64 76 7 0 11 0.45 M M 3.6 22 330 M M 2 123 30 350
8 85 64 75 5 0 10 T M M 2.2 10 160 M M 6 12 15 180
9 81 65 73 3 0 8 0.41 M M 2.7 17 170 M M 7 123 22 170
10 71 66 69 -1 0 4 0.97 M M 4.4 9 300 M M 10 1 13 350
11 85 62 74 4 0 9 T M M 4.8 15 210 M M 3 1 19 200
12 82 60 71 1 0 6 T M M 3.2 13 200 M M 3 12 16 200
13 87 62 75 5 0 10 0.85 M M 4.9 30 300 M M 4 13 39 300
14 82 64 73 3 0 8 0.05 M M 3.5 12 210 M M 7 123 16 180
15 85 64 75 5 0 10 0.19 M M 2.4 10 150 M M 3 13 13 160
16 81 70 76 6 0 11 0.14 M M 6.0 17 210 M M 6 13 22 210
17 84 66 75 5 0 10 0.00 M M 5.4 16 160 M M 4 128 19 160
18 84 65 75 5 0 10 T M M 5.3 13 170 M M 4 18 18 190
19 84 59 72 2 0 7 0.00 M M 3.5 10 340 M M 5 128 18 320
20 82 57 70 0 0 5 0.00 M M 2.6 9 160 M M 0 1 12 150
21 81 62 72 2 0 7 0.15 M M 4.5 14 140 M M 7 13 18 140
22 81 53 67 -3 0 2 0.00 M M 2.7 8 150 M M 4 1 12 270
23 85 50 68 -2 0 3 0.00 M M 4.1 14 160 M M 1 1 19 160
24 81 55 68 -2 0 3 0.13 M M 3.6 17 200 M M 2 123 29 220
25 80 57 69 -1 0 4 0.00 M M 3.6 13 340 M M 3 128 18 360
26 85 62 74 4 0 9 0.00 M M 5.8 16 170 M M 4 12 21 200
27 86 64 75 5 0 10 T M M 5.3 18 230 M M 6 138 27 230
28 89 62 76 6 0 11 T M M 4.7 13 220 M M 1 1 19 200
29 79 58 69 -1 0 4 0.68 M M 6.2 17 350 M M 4 1 22 340
30 76 50 63 -7 2 0 0.00 M M 3.2 14 340 M M 2 1 18 340
31 76 51 64 -6 1 0 0.05 M M 4.7 16 330 M M 5 1 22 340
================================================================================
SM 2559 1887 3 220 4.52 M 122.2 M 138
================================================================================
AV 82.5 60.9 3.9 FASTST M M 4 MAX(MPH)
MISC ----> 30 300 39 300
================================================================================
NOTES:
# LAST OF SEVERAL OCCURRENCES
COLUMN 17 PEAK WIND IN M.P.H.
PRELIMINARY LOCAL CLIMATOLOGICAL DATA (WS FORM: F-6) , PAGE 2
STATION: GLENS FALLS NY
MONTH: JULY
YEAR: 2023
LATITUDE: 43 20 N
LONGITUDE: 73 37 W
[TEMPERATURE DATA] [PRECIPITATION DATA] SYMBOLS USED IN COLUMN 16
AVERAGE MONTHLY: 71.7 TOTAL FOR MONTH: 4.52 1 = FOG OR MIST
DPTR FM NORMAL: 2.0 DPTR FM NORMAL: 0.26 2 = FOG REDUCING VISIBILITY
HIGHEST: 90 ON 6 GRTST 24HR 1.28 ON 9-10 TO 1/4 MILE OR LESS
LOWEST: 50 ON 30,23 3 = THUNDER
SNOW, ICE PELLETS, HAIL 4 = ICE PELLETS
TOTAL MONTH: M 5 = HAIL
GRTST 24HR M ON M 6 = FREEZING RAIN OR DRIZZLE
GRTST DEPTH: M ON M 7 = DUSTSTORM OR SANDSTORM:
VSBY 1/2 MILE OR LESS
8 = SMOKE OR HAZE
[NO. OF DAYS WITH] [WEATHER - DAYS WITH] 9 = BLOWING SNOW
X = TORNADO
MAX 32 OR BELOW: 0 0.01 INCH OR MORE: 15
MAX 90 OR ABOVE: 1 0.10 INCH OR MORE: 10
MIN 32 OR BELOW: 0 0.50 INCH OR MORE: 3
MIN 0 OR BELOW: 0 1.00 INCH OR MORE: 0
[HDD (BASE 65) ]
TOTAL THIS MO. 3 CLEAR (SCALE 0-3) 11
DPTR FM NORMAL -11 PTCLDY (SCALE 4-7) 18
TOTAL FM JUL 1 3 CLOUDY (SCALE 8-10) 2
DPTR FM NORMAL -3
[CDD (BASE 65) ]
TOTAL THIS MO. 220
DPTR FM NORMAL 62 [PRESSURE DATA]
TOTAL FM JAN 1 284 HIGHEST SLP M ON M
DPTR FM NORMAL 30 LOWEST SLP 29.66 ON 21
[REMARKS]
#FINAL-07-23#