000
CXUS55 KALY 010710
CF6GFL
PRELIMINARY LOCAL CLIMATOLOGICAL DATA (WS FORM: F-6)
STATION: GLENS FALLS NY
MONTH: JUNE
YEAR: 2022
LATITUDE: 43 20 N
LONGITUDE: 73 37 W
TEMPERATURE IN F: :PCPN: SNOW: WIND :SUNSHINE: SKY :PK WND
================================================================================
1 2 3 4 5 6A 6B 7 8 9 10 11 12 13 14 15 16 17 18
12Z AVG MX 2MIN
DY MAX MIN AVG DEP HDD CDD WTR SNW DPTH SPD SPD DIR MIN PSBL S-S WX SPD DR
================================================================================
1 65 56 61 0 4 0 0.03 M M 4.4 16 200 M M 9 1 19 210
2 78 52 65 4 0 0 0.00 M M 4.3 14 60 M M 5 18 16 50
3 80 50 65 3 0 0 T M M 4.0 14 40 M M 5 13 19 40
4 77 45 61 -1 4 0 0.00 M M 7.0 21 230 M M 2 128 30 230
5 75 35 55 -7 10 0 0.00 M M 3.1 15 290 M M 3 20 310
6 78 43 61 -1 4 0 0.00 M M 1.9 12 200 M M 4 12 15 230
7 78 55 67 4 0 2 0.07 M M 9.4 21 190 M M 4 1 31 190
8 77 54 66 3 0 1 0.08 M M 5.8 15 200 M M 6 1 23 210
9 69 52 61 -2 4 0 0.96 M M 4.8 15 330 M M 7 1 20 320
10 72 48 60 -4 5 0 0.00 M M 6.9 18 240 M M 5 26 240
11 75 46 61 -3 4 0 0.00 M M 4.2 15 160 M M 2 1 19 160
12 78 46 62 -2 3 0 0.29 M M 6.2 18 180 M M 4 12 24 190
13 82 53 68 4 0 3 T M M 5.0 14 310 M M 5 1 19 210
14 81 48 65 0 0 0 0.00 M M 3.3 13 10 M M 1 1 18 10
15 82 52 67 2 0 2 0.00 M M 2.4 13 110 M M 1 1 15 110
16 73 60 67 2 0 2 0.03 M M 11.1 23 170 M M 8 31 170
17 81 66 74 8 0 9 0.00 M M 10.4 20 250 M M 8 1 33 240
18 68 53 61 -5 4 0 T M M 13.2 24 320 M M 10 34 310
19 69 48 59 -7 6 0 0.00 M M 12.2 22 330 M M 2 31 320
20 79 40 60 -6 5 0 0.00 M M 5.2 15 330 M M 0 21 330
21 66 43 55 -11 10 0 0.01 M M 1.1 6 160 M M 7 1 7 170
22 68 57 63 -4 2 0 0.00 M M 4.5 16 150 M M 9 1 20 150
23 69 59 64 -3 1 0 0.05 M M 4.8 13 200 M M 9 1 20 200
24 84 57 71 4 0 6 0.00 M M 3.2 12 360 M M 4 1 16 10
25 88 52 70 2 0 5 0.00 M M 2.5 12 160 M M 0 12 16 150
26 91 54 73 5 0 8 0.00 M M 6.8 16 180 M M 1 12 21 190
27 81 51 66 -2 0 1 0.79 M M 7.2 18 310 M M 5 1 24 300
28 77 49 63 -5 2 0 0.00 M M 3.9 13 320 M M 4 1 17 310
29 82 47 65 -3 0 0 0.00 M M 5.4 17 220 M M 1 12 23 220
30 79 51 65 -3 0 0 0.00 M M 4.0 12 210 M M 0 1 17 110
================================================================================
SM 2302 1522 68 39 2.31 M 168.2 M 131
================================================================================
AV 76.7 50.7 5.6 FASTST M M 4 MAX(MPH)
MISC ----> 24 320 34 310
================================================================================
NOTES:
# LAST OF SEVERAL OCCURRENCES
COLUMN 17 PEAK WIND IN M.P.H.
PRELIMINARY LOCAL CLIMATOLOGICAL DATA (WS FORM: F-6) , PAGE 2
STATION: GLENS FALLS NY
MONTH: JUNE
YEAR: 2022
LATITUDE: 43 20 N
LONGITUDE: 73 37 W
[TEMPERATURE DATA] [PRECIPITATION DATA] SYMBOLS USED IN COLUMN 16
AVERAGE MONTHLY: 63.7 TOTAL FOR MONTH: 2.31 1 = FOG OR MIST
DPTR FM NORMAL: -1.3 DPTR FM NORMAL: -1.41 2 = FOG REDUCING VISIBILITY
HIGHEST: 91 ON 26 GRTST 24HR 0.96 ON 9- 9 TO 1/4 MILE OR LESS
LOWEST: 35 ON 5 3 = THUNDER
SNOW, ICE PELLETS, HAIL 4 = ICE PELLETS
TOTAL MONTH: M 5 = HAIL
GRTST 24HR M ON M 6 = FREEZING RAIN OR DRIZZLE
GRTST DEPTH: M ON M 7 = DUSTSTORM OR SANDSTORM:
VSBY 1/2 MILE OR LESS
8 = SMOKE OR HAZE
[NO. OF DAYS WITH] [WEATHER - DAYS WITH] 9 = BLOWING SNOW
X = TORNADO
MAX 32 OR BELOW: 0 0.01 INCH OR MORE: 9
MAX 90 OR ABOVE: 1 0.10 INCH OR MORE: 3
MIN 32 OR BELOW: 0 0.50 INCH OR MORE: 2
MIN 0 OR BELOW: 0 1.00 INCH OR MORE: 0
[HDD (BASE 65) ]
TOTAL THIS MO. 68 CLEAR (SCALE 0-3) 11
DPTR FM NORMAL -9 PTCLDY (SCALE 4-7) 14
TOTAL FM JUL 1 6975 CLOUDY (SCALE 8-10) 5
DPTR FM NORMAL -434
[CDD (BASE 65) ]
TOTAL THIS MO. 39
DPTR FM NORMAL -38 [PRESSURE DATA]
TOTAL FM JAN 1 93 HIGHEST SLP M ON M
DPTR FM NORMAL -3 LOWEST SLP 29.53 ON 18
[REMARKS]
#FINAL-06-22#