000
CXUS54 KSHV 011500
CF6GGG
PRELIMINARY LOCAL CLIMATOLOGICAL DATA (WS FORM: F-6)
STATION: LONGVIEW
MONTH: JULY
YEAR: 2020
LATITUDE: 32 22 N
LONGITUDE: 94 43 W
TEMPERATURE IN F: :PCPN: SNOW: WIND :SUNSHINE: SKY :PK WND
================================================================================
1 2 3 4 5 6A 6B 7 8 9 10 11 12 13 14 15 16 17 18
12Z AVG MX 2MIN
DY MAX MIN AVG DEP HDD CDD WTR SNW DPTH SPD SPD DIR MIN PSBL S-S WX SPD DR
================================================================================
1 94 78 86 4 0 21 0.00 0.0 0 9.7 21 220 M M 5 8 29 210
2 94 77 86 3 0 21 0.00 0.0 0 6.2 13 210 M M 4 16 230
3 96 72 84 1 0 19 0.13 0.0 0 6.6 29 60 M M 3 13 34 70
4 95 70 83 0 0 18 0.00 0.0 0 4.0 10 250 M M 1 12 250
5 92 72 82 -1 0 17 0.15 0.0 0 6.4 22 280 M M 6 13 30 280
6 86 72 79 -4 0 14 0.98 0.0 0 5.2 21 270 M M 7 138 29 270
7 85 74 80 -3 0 15 0.83 0.0 0 5.5 14 180 M M 6 138 21 190
8 93 75 84 1 0 19 0.00 0.0 0 6.3 13 200 M M 5 18 17 200
9 94 77 86 3 0 21 0.00 0.0 0 7.9 17 220 M M 3 25 210
10 94 76 85 2 0 20 0.00 0.0 0 5.5 16 230 M M 1 21 230
11 95 76 86 3 0 21 0.00 0.0 0 4.8 12 270 M M 1 17 220
12 95 76 86 2 0 21 0.00 0.0 0 5.0 18 340 M M 1 25 340
13 97 78 88 4 0 23 0.00 0.0 0 4.6 15 170 M M 1 17 170
14 95 78 87 3 0 22 0.00 0.0 0 8.6 15 170 M M 0 21 160
15 93 77 85 1 0 20 0.00 0.0 0 9.4 17 190 M M 1 22 190
16 95 77 86 2 0 21 0.00 0.0 0 6.3 14 230 M M 0 17 240
17 93 75 84 0 0 19 0.00 0.0 0 6.5 14 130 M M 1 18 130
18 94 73 84 0 0 19 0.00 0.0 0 6.0 14 150 M M 2 8 19 160
19 95 74 85 1 0 20 0.00 0.0 0 4.9 13 150 M M 1 17 140
20 93 73 83 -1 0 18 0.01 0.0 0 5.5 21 120 M M 1 3 28 130
21 89 73 81 -3 0 16 0.15 0.0 0 6.2 26 100 M M 4 3 31 100
22 90 74 82 -2 0 17 0.10 0.0 0 5.6 15 120 M M 5 38 20 130
23 94 73 84 0 0 19 0.00 0.0 0 4.6 14 80 M M 1 18 80
24 92 74 83 -1 0 18 0.02 0.0 0 6.3 18 120 M M 3 29 120
25 91 75 83 -1 0 18 0.01 0.0 0 7.2 24 150 M M 7 32 140
26 91 74 83 -1 0 18 0.00 0.0 0 5.7 26 140 M M 5 31 140
27 91 71 81 -3 0 16 0.00 0.0 0 4.2 10 90 M M 4 14 150
28 92 72 82 -2 0 17 0.36 0.0 0 3.9 20 260 M M 2 13 25 260
29 94 75 85 1 0 20 0.00 0.0 0 10.0 18 190 M M 2 23 180
30 96 73 85 1 0 20 0.03 0.0 0 10.0 21 240 M M 2 26 200
31 91 70 81 -3 0 16 0.67 0.0 0 7.6 24 290 M M 4 13 29 290
================================================================================
SM 2879 2304 0 584 3.44 0.0 196.2 M 89
================================================================================
AV 92.9 74.3 6.3 FASTST M M 3 MAX(MPH)
MISC ----> # 29 60 # 34 70
================================================================================
NOTES:
# LAST OF SEVERAL OCCURRENCES
COLUMN 17 PEAK WIND IN M.P.H.
PRELIMINARY LOCAL CLIMATOLOGICAL DATA (WS FORM: F-6) , PAGE 2
STATION: LONGVIEW
MONTH: JULY
YEAR: 2020
LATITUDE: 32 22 N
LONGITUDE: 94 43 W
[TEMPERATURE DATA] [PRECIPITATION DATA] SYMBOLS USED IN COLUMN 16
AVERAGE MONTHLY: 83.6 TOTAL FOR MONTH: 3.44 1 = FOG OR MIST
DPTR FM NORMAL: 0.2 DPTR FM NORMAL: 0.55 2 = FOG REDUCING VISIBILITY
HIGHEST: 97 ON 13 GRTST 24HR 0.98 ON 6- 6 TO 1/4 MILE OR LESS
LOWEST: 70 ON 31, 4 3 = THUNDER
SNOW, ICE PELLETS, HAIL 4 = ICE PELLETS
TOTAL MONTH: 0.0 INCH 5 = HAIL
GRTST 24HR 0.0 6 = FREEZING RAIN OR DRIZZLE
GRTST DEPTH: 0 7 = DUSTSTORM OR SANDSTORM:
VSBY 1/2 MILE OR LESS
8 = SMOKE OR HAZE
[NO. OF DAYS WITH] [WEATHER - DAYS WITH] 9 = BLOWING SNOW
X = TORNADO
MAX 32 OR BELOW: 0 0.01 INCH OR MORE: 12
MAX 90 OR ABOVE: 28 0.10 INCH OR MORE: 8
MIN 32 OR BELOW: 0 0.50 INCH OR MORE: 3
MIN 0 OR BELOW: 0 1.00 INCH OR MORE: 0
[HDD (BASE 65) ]
TOTAL THIS MO. 0 CLEAR (SCALE 0-3) 19
DPTR FM NORMAL 0 PTCLDY (SCALE 4-7) 12
TOTAL FM JUL 1 0 CLOUDY (SCALE 8-10) 0
DPTR FM NORMAL 0
[CDD (BASE 65) ]
TOTAL THIS MO. 584
DPTR FM NORMAL 12 [PRESSURE DATA]
TOTAL FM JAN 1 1457 HIGHEST SLP 30.07 ON 26
DPTR FM NORMAL 67 LOWEST SLP 29.76 ON 5
[REMARKS]
#FINAL-07-20#