000
CXUS55 KGGW 010810
CF6GGW
PRELIMINARY LOCAL CLIMATOLOGICAL DATA (WS FORM: F-6)
STATION: GLASGOW MT
MONTH: OCTOBER
YEAR: 2022
LATITUDE: 48 13 N
LONGITUDE: 106 37 W
TEMPERATURE IN F: :PCPN: SNOW: WIND :SUNSHINE: SKY :PK WND
================================================================================
1 2 3 4 5 6A 6B 7 8 9 10 11 12 13 14 15 16 17 18
12Z AVG MX 2MIN
DY MAX MIN AVG DEP HDD CDD WTR SNW DPTH SPD SPD DIR MIN PSBL S-S WX SPD DR
================================================================================
1 60 52 56 3 9 0 0.35 0.0 0 15.2 24 70 M M 7 1 29 70
2 59 54 57 5 8 0 0.00 0.0 0 7.0 15 120 M M 10 18 20 120
3 65 52 59 7 6 0 0.38 0.0 0 4.1 10 310 M M 8 12 13 320
4 75 47 61 9 4 0 0.00 0.0 0 5.8 13 280 M M 1 12 16 280
5 73 47 60 9 5 0 0.00 0.0 0 10.0 25 80 M M 1 33 90
6 51 36 44 -6 21 0 0.00 0.0 0 12.6 22 80 M M 6 29 90
7 63 31 47 -3 18 0 0.00 0.0 0 6.5 13 110 M M 0 17 90
8 73 38 56 7 9 0 0.00 0.0 0 5.3 12 260 M M 0 15 270
9 71 39 55 6 10 0 0.00 0.0 0 3.0 8 290 M M 0 10 350
10 77 42 60 12 5 0 T 0.0 0 8.6 17 270 M M 0 24 190
11 69 46 58 10 7 0 0.02 0.0 0 21.9 38 330 M M 5 53 310
12 60 45 53 6 12 0 0.00 0.0 0 23.3 43 320 M M 1 58 330
13 63 38 51 4 14 0 0.00 0.0 0 16.9 33 330 M M 0 47 340
14 62 41 52 6 13 0 T 0.0 0 8.0 21 310 M M 2 29 310
15 57 31 44 -2 21 0 0.02 0.0 0 14.2 26 340 M M 5 35 340
16 50 31 41 -4 24 0 0.00 0.0 0 8.2 17 120 M M 9 22 120
17 67 34 51 6 14 0 0.00 0.0 0 12.7 17 110 M M 0 23 110
18 72 36 54 10 11 0 0.00 0.0 0 10.7 17 110 M M 0 22 110
19 74 37 56 12 9 0 0.00 0.0 0 8.6 15 320 M M 0 8 18 320
20 80 37 59 16 6 0 0.00 0.0 0 12.2 32 300 M M 2 43 290
21 52 43 48 6 17 0 0.07 0.0 0 7.8 17 60 M M 10 23 60
22 48 42 45 3 20 0 0.28 0.0 0 15.7 24 80 M M 10 1 30 80
23 44 32 38 -3 27 0 0.68 1.7 0 16.7 30 330 M M 10 1 39 330
24 40 32 36 -5 29 0 0.02 0.2 2 13.4 30 330 M M 7 1 40 330
25 50 33 42 2 23 0 0.00 0.0 0 7.9 16 280 M M 3 20 270
26 54 27 41 1 24 0 0.00 0.0 0 6.0 12 120 M M 0 15 220
27 53 31 42 3 23 0 0.00 0.0 0 11.2 23 240 M M 0 30 260
28 64 34 49 10 16 0 0.00 0.0 0 7.5 16 240 M M 0 23 210
29 64 32 48 10 17 0 0.00 0.0 0 7.2 18 280 M M 0 25 280
30 62 32 47 9 18 0 0.00 0.0 0 8.5 21 250 M M 0 29 260
31 67 35 51 14 14 0 0.00 0.0 0 7.6 13 110 M M 1 22 260
================================================================================
SM 1919 1187 454 0 1.82 1.9 324.3 M 98
================================================================================
AV 61.9 38.3 10.5 FASTST M M 3 MAX(MPH)
MISC ----> 43 320 58 330
================================================================================
NOTES:
# LAST OF SEVERAL OCCURRENCES
COLUMN 17 PEAK WIND IN M.P.H.
PRELIMINARY LOCAL CLIMATOLOGICAL DATA (WS FORM: F-6) , PAGE 2
STATION: GLASGOW MT
MONTH: OCTOBER
YEAR: 2022
LATITUDE: 48 13 N
LONGITUDE: 106 37 W
[TEMPERATURE DATA] [PRECIPITATION DATA] SYMBOLS USED IN COLUMN 16
AVERAGE MONTHLY: 50.1 TOTAL FOR MONTH: 1.82 1 = FOG OR MIST
DPTR FM NORMAL: 4.9 DPTR FM NORMAL: 0.90 2 = FOG REDUCING VISIBILITY
HIGHEST: 80 ON 20 GRTST 24HR 0.71 ON 22-23 TO 1/4 MILE OR LESS
LOWEST: 27 ON 26 3 = THUNDER
SNOW, ICE PELLETS, HAIL 4 = ICE PELLETS
TOTAL MONTH: 1.9 INCHES 5 = HAIL
GRTST 24HR 1.7 ON 23-23 6 = FREEZING RAIN OR DRIZZLE
GRTST DEPTH: 2 ON 24 7 = DUSTSTORM OR SANDSTORM:
VSBY 1/2 MILE OR LESS
8 = SMOKE OR HAZE
[NO. OF DAYS WITH] [WEATHER - DAYS WITH] 9 = BLOWING SNOW
X = TORNADO
MAX 32 OR BELOW: 0 0.01 INCH OR MORE: 8
MAX 90 OR ABOVE: 0 0.10 INCH OR MORE: 4
MIN 32 OR BELOW: 9 0.50 INCH OR MORE: 1
MIN 0 OR BELOW: 0 1.00 INCH OR MORE: 0
[HDD (BASE 65) ]
TOTAL THIS MO. 454 CLEAR (SCALE 0-3) 20
DPTR FM NORMAL -164 PTCLDY (SCALE 4-7) 6
TOTAL FM JUL 1 542 CLOUDY (SCALE 8-10) 5
DPTR FM NORMAL -320
[CDD (BASE 65) ]
TOTAL THIS MO. 0
DPTR FM NORMAL -2 [PRESSURE DATA]
TOTAL FM JAN 1 938 HIGHEST SLP M ON M
DPTR FM NORMAL 354 LOWEST SLP 29.42 ON 11
[REMARKS]
#FINAL-10-22#