000
CXUS55 KGGW 010810
CF6GGW
PRELIMINARY LOCAL CLIMATOLOGICAL DATA (WS FORM: F-6)
STATION: GLASGOW MT
MONTH: JULY
YEAR: 2022
LATITUDE: 48 13 N
LONGITUDE: 106 37 W
TEMPERATURE IN F: :PCPN: SNOW: WIND :SUNSHINE: SKY :PK WND
================================================================================
1 2 3 4 5 6A 6B 7 8 9 10 11 12 13 14 15 16 17 18
12Z AVG MX 2MIN
DY MAX MIN AVG DEP HDD CDD WTR SNW DPTH SPD SPD DIR MIN PSBL S-S WX SPD DR
================================================================================
1 86 52 69 1 0 4 0.00 0.0 0 5.9 16 100 M M 0 22 90
2 93 56 75 6 0 10 0.00 0.0 0 12.3 28 50 M M 0 40 10
3 79 61 70 1 0 5 0.14 0.0 0 11.9 33 100 M M 5 3 43 90
4 83 63 73 4 0 8 0.05 0.0 0 6.5 17 30 M M 6 22 270
5 84 61 73 3 0 8 0.01 0.0 0 5.4 15 170 M M 3 1 20 150
6 92 58 75 5 0 10 0.58 0.0 0 9.7 32 120 M M 2 13 44 130
7 85 62 74 4 0 9 T 0.0 0 9.1 20 130 M M 2 31 130
8 93 63 78 8 0 13 0.59 0.0 0 11.9 44 270 M M 3 13 59 270
9 93 64 79 8 0 14 0.24 0.0 0 12.4 48 300 M M 2 13 68 310
10 84 60 72 1 0 7 T 0.0 0 12.8 29 290 M M 1 42 280
11 86 56 71 0 0 6 0.00 0.0 0 7.5 16 280 M M 0 23 290
12 90 56 73 2 0 8 0.00 0.0 0 7.3 16 120 M M 0 22 120
13 96 63 80 8 0 15 T 0.0 0 13.7 21 120 M M 0 3 26 120
14 96 66 81 9 0 16 0.00 0.0 0 7.2 17 300 M M 0 23 290
15 98 66 82 10 0 17 T 0.0 0 9.9 22 290 M M 0 3 34 230
16 101 63 82 10 0 17 0.00 0.0 0 6.7 18 280 M M 0 26 290
17 108 60 84 11 0 19 T 0.0 0 10.1 31 200 M M 1 3 44 230
18 102 63 83 10 0 18 0.33 0.0 0 14.5 45 260 M M 1 138 62 250
19 90 57 74 1 0 9 0.00 0.0 0 14.5 31 320 M M 5 40 300
20 88 59 74 1 0 9 0.00 0.0 0 9.2 18 330 M M 1 27 10
21 94 60 77 4 0 12 0.00 0.0 0 6.8 16 320 M M 0 24 300
22 98 58 78 4 0 13 T 0.0 0 12.9 26 40 M M 0 38 310
23 86 60 73 -1 0 8 0.00 0.0 0 9.5 18 290 M M 2 24 290
24 88 57 73 -1 0 8 0.00 0.0 0 10.6 15 130 M M 1 26 150
25 90 61 76 2 0 11 0.00 0.0 0 10.6 28 360 M M 1 36 10
26 86 57 72 -2 0 7 0.00 0.0 M 9.6 21 310 M M 4 33 280
27 84 58 71 -3 0 6 0.00 0.0 0 8.8 22 350 M M 4 30 340
28 89 55 72 -2 0 7 0.00 0.0 0 6.6 18 100 M M 0 23 90
29 97 58 78 4 0 13 0.00 0.0 0 8.4 14 90 M M 0 18 110
30 99 66 83 9 0 18 T 0.0 0 11.6 32 320 M M 1 46 310
31 92 59 76 2 0 11 0.00 0.0 0 7.2 17 170 M M 0 26 160
================================================================================
SM 2830 1858 0 336 1.94 0.0 301.1 M 45
================================================================================
AV 91.3 59.9 9.7 FASTST M M 1 MAX(MPH)
MISC ----> 48 300 68 310
================================================================================
NOTES:
# LAST OF SEVERAL OCCURRENCES
COLUMN 17 PEAK WIND IN M.P.H.
PRELIMINARY LOCAL CLIMATOLOGICAL DATA (WS FORM: F-6) , PAGE 2
STATION: GLASGOW MT
MONTH: JULY
YEAR: 2022
LATITUDE: 48 13 N
LONGITUDE: 106 37 W
[TEMPERATURE DATA] [PRECIPITATION DATA] SYMBOLS USED IN COLUMN 16
AVERAGE MONTHLY: 75.6 TOTAL FOR MONTH: 1.94 1 = FOG OR MIST
DPTR FM NORMAL: 3.6 DPTR FM NORMAL: -0.01 2 = FOG REDUCING VISIBILITY
HIGHEST: 108 ON 17 GRTST 24HR 0.59 ON 8- 8 TO 1/4 MILE OR LESS
LOWEST: 52 ON 1 3 = THUNDER
SNOW, ICE PELLETS, HAIL 4 = ICE PELLETS
TOTAL MONTH: 0.0 INCH 5 = HAIL
GRTST 24HR 0.0 6 = FREEZING RAIN OR DRIZZLE
GRTST DEPTH: 0 7 = DUSTSTORM OR SANDSTORM:
VSBY 1/2 MILE OR LESS
8 = SMOKE OR HAZE
[NO. OF DAYS WITH] [WEATHER - DAYS WITH] 9 = BLOWING SNOW
X = TORNADO
MAX 32 OR BELOW: 0 0.01 INCH OR MORE: 7
MAX 90 OR ABOVE: 18 0.10 INCH OR MORE: 5
MIN 32 OR BELOW: 0 0.50 INCH OR MORE: 2
MIN 0 OR BELOW: 0 1.00 INCH OR MORE: 0
[HDD (BASE 65) ]
TOTAL THIS MO. 0 CLEAR (SCALE 0-3) 25
DPTR FM NORMAL -14 PTCLDY (SCALE 4-7) 6
TOTAL FM JUL 1 0 CLOUDY (SCALE 8-10) 0
DPTR FM NORMAL -10
[CDD (BASE 65) ]
TOTAL THIS MO. 336
DPTR FM NORMAL 106 [PRESSURE DATA]
TOTAL FM JAN 1 434 HIGHEST SLP M ON M
DPTR FM NORMAL 115 LOWEST SLP 29.39 ON 18
[REMARKS]
#FINAL-07-22#