000
CXUS55 KGGW 010910
CF6GGW
PRELIMINARY LOCAL CLIMATOLOGICAL DATA (WS FORM: F-6)
STATION: GLASGOW MT
MONTH: NOVEMBER
YEAR: 2023
LATITUDE: 48 13 N
LONGITUDE: 106 37 W
TEMPERATURE IN F: :PCPN: SNOW: WIND :SUNSHINE: SKY :PK WND
================================================================================
1 2 3 4 5 6A 6B 7 8 9 10 11 12 13 14 15 16 17 18
12Z AVG MX 2MIN
DY MAX MIN AVG DEP HDD CDD WTR SNW DPTH SPD SPD DIR MIN PSBL S-S WX SPD DR
================================================================================
1 38 19 29 -8 36 0 0.00 0.0 3 6.4 13 90 M M 0 128 13 90
2 35 18 27 -9 38 0 0.02 0.0 3 2.9 12 100 M M 8 12 13 90
3 34 31 33 -3 32 0 0.00 0.0 3 8.1 17 120 M M 10 128 20 120
4 42 26 34 -1 31 0 0.01 0.0 2 8.8 20 120 M M 6 128 23 120
5 56 36 46 11 19 0 0.01 0.0 T 8.3 20 290 M M 4 27 290
6 53 31 42 8 23 0 0.01 0.0 0 9.5 20 90 M M 1 26 80
7 58 37 48 14 17 0 0.15 0.0 0 12.4 28 310 M M 9 12 36 310
8 49 35 42 8 23 0 0.03 T 0 15.9 30 310 M M 7 1 41 320
9 43 29 36 3 29 0 0.00 0.0 0 12.5 23 310 M M 3 32 320
10 43 25 34 1 31 0 0.00 0.0 0 11.4 17 120 M M 1 21 110
11 53 26 40 8 25 0 0.00 0.0 0 11.4 21 260 M M 1 28 270
12 55 33 44 12 21 0 0.00 0.0 0 11.6 31 300 M M 0 42 300
13 51 31 41 10 24 0 0.00 0.0 0 12.0 21 120 M M 0 26 120
14 50 24 37 6 28 0 0.00 0.0 0 9.4 22 270 M M 1 29 260
15 51 26 39 9 26 0 0.00 0.0 0 10.0 29 40 M M 3 37 40
16 39 27 33 3 32 0 0.03 0.4 T 9.1 26 50 M M 5 1 37 40
17 53 28 41 11 24 0 0.00 0.0 0 3.7 9 310 M M 0 14 250
18 53 25 39 10 26 0 0.00 0.0 0 6.1 14 110 M M 0 17 110
19 54 31 43 14 22 0 0.00 0.0 0 6.9 16 110 M M 0 8 19 120
20 50 29 40 12 25 0 0.00 0.0 0 13.2 29 320 M M 1 37 320
21 47 23 35 7 30 0 0.00 0.0 0 6.3 13 120 M M 0 14 100
22 53 24 39 12 26 0 0.02 0.3 0 12.6 25 300 M M 7 1 34 290
23 25 12 19 -8 46 0 T T T 5.8 12 100 M M 8 13 100
24 28 8 18 -8 47 0 0.00 0.0 T 6.5 12 110 M M 0 14 100
25 38 12 25 -1 40 0 T T T 13.2 32 330 M M 6 42 330
26 36 20 28 2 37 0 T T 0 11.2 25 320 M M 9 41 330
27 39 13 26 1 39 0 0.00 0.0 0 6.0 17 350 M M 1 21 350
28 49 24 37 12 28 0 0.00 0.0 0 6.4 12 270 M M 0 16 320
29 47 16 32 8 33 0 0.00 0.0 0 7.5 20 320 M M 0 23 320
30 33 20 27 3 38 0 0.00 0.0 0 4.8 9 290 M M 9 12 260
================================================================================
SM 1355 739 896 0 0.28 0.7 269.9 M 100
================================================================================
AV 45.2 24.6 9.0 FASTST M M 3 MAX(MPH)
MISC ----> 32 330 # 42 300
================================================================================
NOTES:
# LAST OF SEVERAL OCCURRENCES
COLUMN 17 PEAK WIND IN M.P.H.
PRELIMINARY LOCAL CLIMATOLOGICAL DATA (WS FORM: F-6) , PAGE 2
STATION: GLASGOW MT
MONTH: NOVEMBER
YEAR: 2023
LATITUDE: 48 13 N
LONGITUDE: 106 37 W
[TEMPERATURE DATA] [PRECIPITATION DATA] SYMBOLS USED IN COLUMN 16
AVERAGE MONTHLY: 34.9 TOTAL FOR MONTH: 0.28 1 = FOG OR MIST
DPTR FM NORMAL: 4.7 DPTR FM NORMAL: -0.21 2 = FOG REDUCING VISIBILITY
HIGHEST: 58 ON 7 GRTST 24HR 0.18 ON 6- 7 TO 1/4 MILE OR LESS
LOWEST: 8 ON 24 3 = THUNDER
SNOW, ICE PELLETS, HAIL 4 = ICE PELLETS
TOTAL MONTH: 0.7 INCH 5 = HAIL
GRTST 24HR 0.4 ON 16-16 6 = FREEZING RAIN OR DRIZZLE
GRTST DEPTH: 4 ON M 7 = DUSTSTORM OR SANDSTORM:
VSBY 1/2 MILE OR LESS
8 = SMOKE OR HAZE
[NO. OF DAYS WITH] [WEATHER - DAYS WITH] 9 = BLOWING SNOW
X = TORNADO
MAX 32 OR BELOW: 2 0.01 INCH OR MORE: 8
MAX 90 OR ABOVE: 0 0.10 INCH OR MORE: 1
MIN 32 OR BELOW: 26 0.50 INCH OR MORE: 0
MIN 0 OR BELOW: 0 1.00 INCH OR MORE: 0
[HDD (BASE 65) ]
TOTAL THIS MO. 896 CLEAR (SCALE 0-3) 16
DPTR FM NORMAL -146 PTCLDY (SCALE 4-7) 10
TOTAL FM JUL 1 1592 CLOUDY (SCALE 8-10) 4
DPTR FM NORMAL -313
[CDD (BASE 65) ]
TOTAL THIS MO. 0
DPTR FM NORMAL 0 [PRESSURE DATA]
TOTAL FM JAN 1 830 HIGHEST SLP M ON M
DPTR FM NORMAL 246 LOWEST SLP 29.58 ON 6
[REMARKS]
#FINAL-11-23#