000
CXUS54 KFWD 010730
CF6GKY
PRELIMINARY LOCAL CLIMATOLOGICAL DATA (WS FORM: F-6)
STATION: ARLINGTON
MONTH: MARCH
YEAR: 2024
LATITUDE: 32 39 N
LONGITUDE: 97 6 W
TEMPERATURE IN F: :PCPN: SNOW: WIND :SUNSHINE: SKY :PK WND
================================================================================
1 2 3 4 5 6A 6B 7 8 9 10 11 12 13 14 15 16 17 18
12Z AVG MX 2MIN
DY MAX MIN AVG DEP HDD CDD WTR SNW DPTH SPD SPD DIR MIN PSBL S-S WX SPD DR
================================================================================
1 70 41 56 2 9 0 0.00 M M 8.2 15 160 M M 4 22 150
2 83 50 67 12 0 2 0.00 M M 11.5 22 150 M M 0 30 170
3 80 62 71 16 0 6 0.00 M M 13.8 22 150 M M 4 33 160
4 83 67 75 20 0 10 M M M 9.7 18 160 M M 4 27 180
5 82 55 69 13 0 4 0.00 M M 5.0 17 360 M M 0 18 21 360
6 76 54 65 9 0 0 0.24 M M 7.2 25 250 M M 1 3 45 210
7 67 60 64 8 1 0 0.94 M M 6.8 23 130 M M 8 13 31 120
8 72 44 58 2 7 0 0.55 M M 10.4 26 310 M M 9 13 35 300
9 61 43 52 -5 13 0 0.00 M M 12.9 24 320 M M 5 33 310
10 65 35 50 -7 15 0 0.00 M M 2.2 10 130 M M 0 15 130
11 71 42 57 0 8 0 0.05 M M 5.9 16 150 M M 4 23 180
12 76 54 65 7 0 0 0.00 M M 11.4 24 150 M M 3 32 150
13 79 63 71 13 0 6 0.00 M M 14.1 25 150 M M 3 38 150
14 81 69 75 17 0 10 T M M 10.7 24 160 M M 8 33 160
15 71 55 63 4 2 0 0.60 M M 11.5 31 360 M M 9 13 45 360
16 63 56 60 1 5 0 0.86 M M 7.6 15 70 M M 9 138 22 40
17 68 51 60 1 5 0 0.02 M M 11.7 18 340 M M 6 1 25 360
18 60 40 50 -10 15 0 0.00 M M 8.3 21 360 M M 2 31 20
19 67 35 51 -9 14 0 0.00 M M 5.8 17 150 M M 0 22 140
20 73 48 61 1 4 0 0.00 M M 8.1 16 150 M M 2 22 170
21 64 55 60 0 5 0 0.41 M M 7.3 15 130 M M 8 138 23 290
22 70 54 62 1 3 0 0.04 M M 7.4 20 340 M M 6 1 27 330
23 69 48 59 -2 6 0 0.00 M M 7.0 15 340 M M 0 20 360
24 70 59 65 4 0 0 0.05 M M 17.1 29 150 M M 5 3 40 150
25 75 46 61 0 4 0 0.70 M M 11.2 24 310 M M 5 13 37 320
26 60 39 50 -12 15 0 0.00 M M 8.7 18 300 M M 0 26 330
27 66 38 52 -10 13 0 0.00 M M 4.9 13 110 M M 1 17 130
28 73 42 58 -4 7 0 0.00 M M 7.0 16 150 M M 0 24 130
29 77 59 68 6 0 3 0.00 M M 15.7 30 150 M M 1 45 150
30 78 64 71 8 0 6 0.00 M M 12.3 20 160 M M 6 31 160
31 78 66 72 9 0 7 0.00 M M 11.5 20 150 M M 5 30 170
================================================================================
SM 2228 1594 151 54 4.46 M 292.9 M 118
================================================================================
AV 71.9 51.4 9.4 FASTST M M 4 MAX(MPH)
MISC ----> 31 360 # 45 210
================================================================================
NOTES:
# LAST OF SEVERAL OCCURRENCES
COLUMN 17 PEAK WIND IN M.P.H.
PRELIMINARY LOCAL CLIMATOLOGICAL DATA (WS FORM: F-6) , PAGE 2
STATION: ARLINGTON
MONTH: MARCH
YEAR: 2024
LATITUDE: 32 39 N
LONGITUDE: 97 6 W
[TEMPERATURE DATA] [PRECIPITATION DATA] SYMBOLS USED IN COLUMN 16
AVERAGE MONTHLY: 61.6 TOTAL FOR MONTH: 4.46 1 = FOG OR MIST
DPTR FM NORMAL: 2.8 DPTR FM NORMAL: 1.09 2 = FOG REDUCING VISIBILITY
HIGHEST: 83 ON 2, 4 GRTST 24HR 1.43 ON 7- 8 TO 1/4 MILE OR LESS
LOWEST: 35 ON 19,10 3 = THUNDER
SNOW, ICE PELLETS, HAIL 4 = ICE PELLETS
TOTAL MONTH: M 5 = HAIL
GRTST 24HR M ON M 6 = FREEZING RAIN OR DRIZZLE
GRTST DEPTH: M ON M 7 = DUSTSTORM OR SANDSTORM:
VSBY 1/2 MILE OR LESS
8 = SMOKE OR HAZE
[NO. OF DAYS WITH] [WEATHER - DAYS WITH] 9 = BLOWING SNOW
X = TORNADO
MAX 32 OR BELOW: 0 0.01 INCH OR MORE: 11
MAX 90 OR ABOVE: 0 0.10 INCH OR MORE: 7
MIN 32 OR BELOW: 0 0.50 INCH OR MORE: 5
MIN 0 OR BELOW: 0 1.00 INCH OR MORE: 0
[HDD (BASE 65) ]
TOTAL THIS MO. 151 CLEAR (SCALE 0-3) 13
DPTR FM NORMAL -82 PTCLDY (SCALE 4-7) 15
TOTAL FM JUL 1 1827 CLOUDY (SCALE 8-10) 3
DPTR FM NORMAL -210
[CDD (BASE 65) ]
TOTAL THIS MO. 54
DPTR FM NORMAL 13 [PRESSURE DATA]
TOTAL FM JAN 1 89 HIGHEST SLP M ON M
DPTR FM NORMAL 35 LOWEST SLP 29.43 ON 25
[REMARKS]
#FINAL-03-24#