000
CXUS53 KGLD 021634
CF6GLD
PRELIMINARY LOCAL CLIMATOLOGICAL DATA (WS FORM: F-6)
STATION: GOODLAND KS
MONTH: FEBRUARY
YEAR: 2022
LATITUDE: 39 22 N
LONGITUDE: 101 42 W
TEMPERATURE IN F: :PCPN: SNOW: WIND :SUNSHINE: SKY :PK WND
================================================================================
1 2 3 4 5 6A 6B 7 8 9 10 11 12 13 14 15 16 17 18
12Z AVG MX 2MIN
DY MAX MIN AVG DEP HDD CDD WTR SNW DPTH SPD SPD DIR MIN PSBL S-S WX SPD DR
================================================================================
1 35 19 27 -3 38 0 0.00 0.0 1 12.6 20 60 M M 1 27 60
2 19 2 11 -19 54 0 0.24 2.8 1 12.1 21 50 M M 10 1 26 50
3 14 -10 2 -29 63 0 0.00 0.0 2 6.3 14 260 M M 3 18 240
4 39 2 21 -10 44 0 0.00 0.0 2 12.6 22 230 M M 0 31 230
5 52 23 38 7 27 0 0.00 0.0 2 14.2 30 340 M M 0 40 340
6 46 26 36 5 29 0 0.00 0.0 1 14.5 26 10 M M 2 35 20
7 54 24 39 8 26 0 0.00 0.0 T 13.1 18 320 M M 0 26 330
8 54 28 41 10 24 0 0.00 0.0 0 15.4 31 330 M M 0 42 350
9 57 25 41 10 24 0 T 0.0 0 12.4 26 10 M M 3 36 360
10 59 23 41 10 24 0 0.00 0.0 0 13.6 26 250 M M 0 36 250
11 47 16 32 1 33 0 0.00 0.0 0 17.0 33 340 M M 3 47 340
12 45 13 29 -3 36 0 0.00 0.0 0 11.9 22 290 M M 2 28 300
13 60 17 39 7 26 0 0.00 0.0 0 11.2 25 240 M M 0 34 240
14 52 18 35 3 30 0 0.00 0.0 0 13.2 29 170 M M 0 36 160
15 58 24 41 9 24 0 0.00 0.0 0 6.2 20 180 M M 0 26 180
16 39 20 30 -2 35 0 T T 0 15.5 29 20 M M 5 39 10
17 35 11 23 -9 42 0 0.02 0.3 T 13.0 23 360 M M 4 1 31 350
18 55 20 38 5 27 0 0.00 0.0 0 13.7 24 320 M M 0 32 320
19 60 18 39 6 26 0 0.00 0.0 0 16.1 35 190 M M 0 45 210
20 67 26 47 14 18 0 0.00 0.0 0 10.7 20 180 M M 0 26 340
21 44 3 24 -10 41 0 0.00 0.0 0 18.3 32 360 M M 2 43 360
22 14 -2 6 -28 59 0 T 0.1 0 20.8 30 350 M M 10 8 39 340
23 15 -10 3 -31 62 0 0.01 T T 8.1 15 20 M M 2 23 20
24 20 -1 10 -24 55 0 T T 0 4.5 20 120 M M 5 8 22 120
25 36 -4 16 -19 49 0 0.00 0.0 0 6.2 15 200 M M 2 20 160
26 45 11 28 -7 37 0 0.00 0.0 0 7.8 16 330 M M 3 21 340
27 62 12 37 2 28 0 0.00 0.0 0 8.8 16 280 M M 0 25 280
28 67 19 43 7 22 0 0.00 0.0 0 11.3 21 340 M M 0 28 360
================================================================================
SM 1250 373 1003 0 0.27 3.2 341.1 M 57
================================================================================
AV 44.6 13.3 12.2 FASTST M M 2 MAX(MPH)
MISC ----> 35 190 47 340
================================================================================
NOTES:
# LAST OF SEVERAL OCCURRENCES
COLUMN 17 PEAK WIND IN M.P.H.
PRELIMINARY LOCAL CLIMATOLOGICAL DATA (WS FORM: F-6) , PAGE 2
STATION: GOODLAND KS
MONTH: FEBRUARY
YEAR: 2022
LATITUDE: 39 22 N
LONGITUDE: 101 42 W
[TEMPERATURE DATA] [PRECIPITATION DATA] SYMBOLS USED IN COLUMN 16
AVERAGE MONTHLY: 29.0 TOTAL FOR MONTH: 0.27 1 = FOG OR MIST
DPTR FM NORMAL: -3.3 DPTR FM NORMAL: -0.20 2 = FOG REDUCING VISIBILITY
HIGHEST: 67 ON 28,20 GRTST 24HR 0.24 ON 2- 2 TO 1/4 MILE OR LESS
LOWEST: -10 ON 23, 3 3 = THUNDER
SNOW, ICE PELLETS, HAIL 4 = ICE PELLETS
TOTAL MONTH: 3.2 INCHES 5 = HAIL
GRTST 24HR 2.8 ON 2- 2 6 = FREEZING RAIN OR DRIZZLE
GRTST DEPTH: 2 ON 5, 4 7 = DUSTSTORM OR SANDSTORM:
VSBY 1/2 MILE OR LESS
8 = SMOKE OR HAZE
[NO. OF DAYS WITH] [WEATHER - DAYS WITH] 9 = BLOWING SNOW
X = TORNADO
MAX 32 OR BELOW: 5 0.01 INCH OR MORE: 3
MAX 90 OR ABOVE: 0 0.10 INCH OR MORE: 1
MIN 32 OR BELOW: 28 0.50 INCH OR MORE: 0
MIN 0 OR BELOW: 5 1.00 INCH OR MORE: 0
[HDD (BASE 65) ]
TOTAL THIS MO. 1003 CLEAR (SCALE 0-3) 23
DPTR FM NORMAL 89 PTCLDY (SCALE 4-7) 3
TOTAL FM JUL 1 3910 CLOUDY (SCALE 8-10) 2
DPTR FM NORMAL -434
[CDD (BASE 65) ]
TOTAL THIS MO. 0
DPTR FM NORMAL 0 [PRESSURE DATA]
TOTAL FM JAN 1 0 HIGHEST SLP 30.65 ON 23
DPTR FM NORMAL 0 LOWEST SLP 29.51 ON 21
[REMARKS]
#FINAL-02-22#