000
CXUS53 KGLD 010926
CF6GLD
PRELIMINARY LOCAL CLIMATOLOGICAL DATA (WS FORM: F-6)
STATION: GOODLAND KS
MONTH: MAY
YEAR: 2021
LATITUDE: 39 22 N
LONGITUDE: 101 42 W
TEMPERATURE IN F: :PCPN: SNOW: WIND :SUNSHINE: SKY :PK WND
================================================================================
1 2 3 4 5 6A 6B 7 8 9 10 11 12 13 14 15 16 17 18
12Z AVG MX 2MIN
DY MAX MIN AVG DEP HDD CDD WTR SNW DPTH SPD SPD DIR MIN PSBL S-S WX SPD DR
================================================================================
1 89 50 70 16 0 5 0.00 0.0 0 16.2 25 170 M M 0 37 180
2 80 47 64 10 1 0 0.01 0.0 0 12.8 41 340 M M 2 38 53 340
3 56 44 50 -4 15 0 0.00 0.0 0 20.0 31 10 M M 10 41 30
4 65 37 51 -4 14 0 0.00 0.0 0 8.0 17 190 M M 5 24 210
5 69 35 52 -3 13 0 0.00 0.0 0 11.4 23 340 M M 0 33 10
6 72 32 52 -3 13 0 0.00 0.0 0 8.5 18 170 M M 1 25 160
7 84 42 63 7 2 0 0.00 0.0 0 12.8 24 170 M M 0 32 110
8 75 44 60 4 5 0 0.02 0.0 0 17.7 32 360 M M 2 42 20
9 55 36 46 -11 19 0 0.00 0.0 0 12.3 25 10 M M 8 36 10
10 52 40 46 -11 19 0 0.35 0.0 0 9.9 18 120 M M 10 1 31 150
11 46 39 43 -14 22 0 0.35 0.0 0 7.5 16 120 M M 10 1 20 120
12 57 32 45 -13 20 0 0.00 0.0 0 10.3 21 170 M M 4 1 25 170
13 73 39 56 -2 9 0 0.00 0.0 0 18.5 31 170 M M 1 3 45 180
14 75 45 60 1 5 0 T 0.0 0 9.0 21 190 M M 2 3 28 190
15 72 54 63 4 2 0 0.09 0.0 0 10.0 21 120 M M 8 13 29 150
16 78 49 64 4 1 0 0.33 T 0 9.3 25 70 M M 4 1358 32 90
17 59 53 56 -4 9 0 1.34 0.0 0 7.0 18 110 M M 9 13 24 110
18 73 54 64 4 1 0 0.02 0.0 0 11.5 23 230 M M 5 12 31 230
19 73 47 60 -1 5 0 0.02 0.0 0 9.6 26 150 M M 4 40 150
20 77 52 65 4 0 0 0.00 0.0 0 22.1 35 160 M M 2 45 170
21 82 61 72 10 0 7 T 0.0 0 26.9 38 160 M M 3 50 170
22 78 61 70 8 0 5 0.10 0.0 0 18.8 26 180 M M 7 3 36 170
23 79 58 69 7 0 4 T 0.0 0 23.2 40 16 M M M 49 160
24 67 50 59 -4 6 0 0.02 0.0 0 6.0130 17 M M M 130 23
25 78 53 66 3 0 1 0.02 0.0 0 M M M M M M M M
26 80 54 67 3 0 2 0.17 T 0 M M M M M M 5 M M
27 74 46 60 -4 5 0 0.00 0.0 0 M M M M M M M M
28 74 41 58 -6 7 0 0.00 0.0 0 12.1 23 160 M M 1 32 160
29 68 48 58 -7 7 0 T 0.0 0 14.6 24 180 M M 9 13 32 150
30 58 52 55 -10 10 0 0.61 0.0 0 8.4 20 130 M M 10 13 27 120
31 67 50 59 -7 6 0 0.07 0.0 0 6.9 13 90 M M 8 1 18 50
================================================================================
SM 2185 1445 216 24 3.52 T 361.3 M 125
================================================================================
AV 70.5 46.6 12.9 FASTST M M 5 MAX(MPH)
MISC ----> 130 17 130 23
================================================================================
NOTES:
# LAST OF SEVERAL OCCURRENCES
COLUMN 17 PEAK WIND IN M.P.H.
PRELIMINARY LOCAL CLIMATOLOGICAL DATA (WS FORM: F-6) , PAGE 2
STATION: GOODLAND KS
MONTH: MAY
YEAR: 2021
LATITUDE: 39 22 N
LONGITUDE: 101 42 W
[TEMPERATURE DATA] [PRECIPITATION DATA] SYMBOLS USED IN COLUMN 16
AVERAGE MONTHLY: 58.5 TOTAL FOR MONTH: 3.52 1 = FOG OR MIST
DPTR FM NORMAL: -1.1 DPTR FM NORMAL: 0.71 2 = FOG REDUCING VISIBILITY
HIGHEST: 89 ON 1 GRTST 24HR 1.43 ON 16-17 TO 1/4 MILE OR LESS
LOWEST: 32 ON 12, 6 3 = THUNDER
SNOW, ICE PELLETS, HAIL 4 = ICE PELLETS
TOTAL MONTH: T 5 = HAIL
GRTST 24HR T ON 16-16 6 = FREEZING RAIN OR DRIZZLE
GRTST DEPTH: 0 7 = DUSTSTORM OR SANDSTORM:
VSBY 1/2 MILE OR LESS
8 = SMOKE OR HAZE
[NO. OF DAYS WITH] [WEATHER - DAYS WITH] 9 = BLOWING SNOW
X = TORNADO
MAX 32 OR BELOW: 0 0.01 INCH OR MORE: 15
MAX 90 OR ABOVE: 0 0.10 INCH OR MORE: 7
MIN 32 OR BELOW: 2 0.50 INCH OR MORE: 2
MIN 0 OR BELOW: 0 1.00 INCH OR MORE: 1
[HDD (BASE 65) ]
TOTAL THIS MO. 216 CLEAR (SCALE 0-3) 11
DPTR FM NORMAL 3 PTCLDY (SCALE 4-7) 9
TOTAL FM JUL 1 5889 CLOUDY (SCALE 8-10) 11
DPTR FM NORMAL 125
[CDD (BASE 65) ]
TOTAL THIS MO. 24
DPTR FM NORMAL -20 [PRESSURE DATA]
TOTAL FM JAN 1 29 HIGHEST SLP 30.39 ON 12
DPTR FM NORMAL -18 LOWEST SLP 29.35 ON 2
[REMARKS]
#FINAL-05-21#