000
CXUS54 KFWD 010730
CF6GLE
PRELIMINARY LOCAL CLIMATOLOGICAL DATA (WS FORM: F-6)
STATION: GAINESVILLE
MONTH: OCTOBER
YEAR: 2021
LATITUDE: 33 39 N
LONGITUDE: 97 12 W
TEMPERATURE IN F: :PCPN: SNOW: WIND :SUNSHINE: SKY :PK WND
================================================================================
1 2 3 4 5 6A 6B 7 8 9 10 11 12 13 14 15 16 17 18
12Z AVG MX 2MIN
DY MAX MIN AVG DEP HDD CDD WTR SNW DPTH SPD SPD DIR MIN PSBL S-S WX SPD DR
================================================================================
1 78 63 71 1 0 6 0.01 M M 3.1 6 140 M M 5 M M
2 82 63 73 3 0 8 0.00 M M 4.3 9 300 M M 6 1 17 300
3 83 59 71 1 0 6 0.00 M M 3.2 14 330 M M 1 M M
4 86 54 70 1 0 5 0.00 M M 4.0 12 20 M M 0 18 360
5 83 54 69 0 0 4 0.00 M M 5.4 13 60 M M 0 M M
6 83 52 68 0 0 3 0.00 M M 1.6 6 360 M M 0 M M
7 90 54 72 4 0 7 0.00 M M 4.2 12 150 M M 0 17 190
8 91 63 77 9 0 12 0.00 M M 8.5 16 210 M M 0 23 200
9 91 63 77 9 0 12 0.00 M M 10.3 17 210 M M 0 24 200
10 88 63 76 9 0 11 0.58 M M 15.2 25 230 M M 6 40 230
11 80 56 68 1 0 3 0.00 M M 5.1 22 280 M M 2 8 30 280
12 81 55 68 2 0 3 0.00 M M 8.0 16 170 M M 8 21 170
13 78 58 68 2 0 3 0.81 M M 6.3 20 300 M M 9 26 170
14 81 62 72 6 0 7 0.03 M M 3.9 12 190 M M 6 1 17 180
15 72 49 61 -5 4 0 0.00 M M 7.4 20 340 M M 5 12 25 340
16 71 43 57 -8 8 0 0.00 M M 4.6 9 340 M M 0 21 350
17 73 43 58 -7 7 0 0.00 M M 1.9 7 140 M M 0 M M
18 73 42 58 -6 7 0 0.00 M M 5.0 14 160 M M 0 18 160
19 78 59 69 5 0 4 0.00 M M 9.8 16 170 M M 0 23 160
20 82 61 72 8 0 7 0.00 M M 6.4 15 220 M M 5 18 200
21 78 54 66 3 0 1 0.00 M M 5.4 8 40 M M 2 M M
22 81 52 67 4 0 2 0.00 M M 3.6 9 150 M M 1 M M
23 84 60 72 9 0 7 0.00 M M 8.2 18 170 M M 2 1 25 180
24 86 60 73 11 0 8 0.00 M M 10.4 22 200 M M 4 31 200
25 82 51 67 5 0 2 0.00 M M 4.7 12 110 M M 0 16 120
26 83 64 74 12 0 9 0.00 M M 13.8 21 160 M M 7 31 160
27 76 56 66 5 0 1 0.78 M M 12.2 25 330 M M 7 32 330
28 69 55 62 1 3 0 0.00 M M 20.2 33 330 M M 1 46 330
29 69 47 58 -2 7 0 0.00 M M 16.1 25 340 M M 0 38 340
30 74 37 56 -4 9 0 0.00 M M 1.7 6 150 M M 0 M M
31 74 47 61 1 4 0 0.00 M M 5.4 12 50 M M 1 8 16 90
================================================================================
SM 2480 1699 49 131 2.21 M 219.7 M 78
================================================================================
AV 80.0 54.8 7.1 FASTST M M 3 MAX(MPH)
MISC ----> 33 330 46 330
================================================================================
NOTES:
# LAST OF SEVERAL OCCURRENCES
COLUMN 17 PEAK WIND IN M.P.H.
PRELIMINARY LOCAL CLIMATOLOGICAL DATA (WS FORM: F-6) , PAGE 2
STATION: GAINESVILLE
MONTH: OCTOBER
YEAR: 2021
LATITUDE: 33 39 N
LONGITUDE: 97 12 W
[TEMPERATURE DATA] [PRECIPITATION DATA] SYMBOLS USED IN COLUMN 16
AVERAGE MONTHLY: 67.4 TOTAL FOR MONTH: 2.21 1 = FOG OR MIST
DPTR FM NORMAL: 2.3 DPTR FM NORMAL: -2.43 2 = FOG REDUCING VISIBILITY
HIGHEST: 91 ON 9, 8 GRTST 24HR 0.81 ON 13-13 TO 1/4 MILE OR LESS
LOWEST: 37 ON 30 3 = THUNDER
SNOW, ICE PELLETS, HAIL 4 = ICE PELLETS
TOTAL MONTH: M 5 = HAIL
GRTST 24HR M ON M 6 = FREEZING RAIN OR DRIZZLE
GRTST DEPTH: M ON M 7 = DUSTSTORM OR SANDSTORM:
VSBY 1/2 MILE OR LESS
8 = SMOKE OR HAZE
[NO. OF DAYS WITH] [WEATHER - DAYS WITH] 9 = BLOWING SNOW
X = TORNADO
MAX 32 OR BELOW: 0 0.01 INCH OR MORE: 5
MAX 90 OR ABOVE: 3 0.10 INCH OR MORE: 3
MIN 32 OR BELOW: 0 0.50 INCH OR MORE: 3
MIN 0 OR BELOW: 0 1.00 INCH OR MORE: 0
[HDD (BASE 65) ]
TOTAL THIS MO. 49 CLEAR (SCALE 0-3) 20
DPTR FM NORMAL -54 PTCLDY (SCALE 4-7) 10
TOTAL FM JUL 1 49 CLOUDY (SCALE 8-10) 1
DPTR FM NORMAL -65
[CDD (BASE 65) ]
TOTAL THIS MO. 131
DPTR FM NORMAL 26 [PRESSURE DATA]
TOTAL FM JAN 1 1810 HIGHEST SLP M ON M
DPTR FM NORMAL -390 LOWEST SLP M ON M
[REMARKS]
#FINAL-10-21#