000
CXUS53 KAPX 010830
CF6GLR
PRELIMINARY LOCAL CLIMATOLOGICAL DATA (WS FORM: F-6)
STATION: GAYLORD
MONTH: DECEMBER
YEAR: 2023
LATITUDE: 45 0 N
LONGITUDE: 84 42 W
TEMPERATURE IN F: :PCPN: SNOW: WIND :SUNSHINE: SKY :PK WND
================================================================================
1 2 3 4 5 6A 6B 7 8 9 10 11 12 13 14 15 16 17 18
12Z AVG MX 2MIN
DY MAX MIN AVG DEP HDD CDD WTR SNW DPTH SPD SPD DIR MIN PSBL S-S WX SPD DR
================================================================================
1 36 17 27 -2 38 0 0.00 M M 2.9 9 50 M M 3 128 12 30
2 36 24 30 2 35 0 0.00 M M 4.7 13 50 M M 6 17 60
3 31 24 28 0 37 0 0.13 M M 7.3 15 50 M M 9 12 23 50
4 32 18 25 -3 40 0 0.01 M M 3.4 13 270 M M 8 128 20 280
5 33 18 26 -1 39 0 0.00 M M 0.9 7 300 M M 7 128 10 310
6 35 17 26 -1 39 0 0.03 M M 5.3 17 200 M M 10 128 25 200
7 41 31 36 9 29 0 0.00 M M 7.4 18 240 M M 7 18 26 230
8 43 33 38 12 27 0 0.00 M M 9.9 15 150 M M 6 18 24 170
9 53 36 45 19 20 0 0.16 M M 12.9 38 230 M M 9 18 52 240
10 37 28 33 7 32 0 0.04 M M 8.5 17 230 M M 10 18 26 280
11 30 24 27 2 38 0 0.01 M M 9.4 22 220 M M 10 1 31 210
12 35 27 31 6 34 0 T M M 13.4 23 230 M M 10 37 270
13 32 19 26 1 39 0 T M M 6.3 16 250 M M 3 26 280
14 47 21 34 10 31 0 0.00 M M 15.0 26 250 M M 0 37 260
15 48 38 43 19 22 0 0.07 M M 10.2 23 250 M M 2 1 33 250
16 46 37 42 18 23 0 0.07 M M 7.7 15 140 M M 9 18 22 150
17 45 37 41 17 24 0 0.03 M M 9.7 21 250 M M 10 18 27 250
18 37 23 30 7 35 0 0.14 M M 8.2 17 310 M M 10 12 34 320
19 32 19 26 3 39 0 0.00 M M 10.4 20 220 M M 8 26 220
20 38 29 34 11 31 0 0.00 M M 4.5 18 230 M M 2 23 220
21 34 30 32 9 33 0 T M M 6.5 12 150 M M 10 18 19 70
22 35 32 34 12 31 0 T M M 6.8 12 130 M M 10 18 15 140
23 41 34 38 16 27 0 0.00 M M 1.1 5 170 M M 10 128 M M
24 43 38 41 19 24 0 0.00 M M 6.5 12 160 M M 10 12 18 140
25 51 43 47 25 18 0 0.00 M M 7.5 13 130 M M 7 128 18 150
26 48 44 46 25 19 0 0.17 M M 4.3 9 140 M M 10 128 14 70
27 44 38 41 20 24 0 0.20 M M 5.0 10 310 M M 10 12 18 330
28 40 38 39 18 26 0 0.23 M M 9.0 16 40 M M 10 1 25 30
29 41 30 36 15 29 0 0.01 M M 3.0 8 320 M M 7 12 14 300
30 34 27 31 11 34 0 T M M 2.3 8 240 M M 8 16 260
31 32 25 29 9 36 0 T M M 6.1 14 40 M M 10 18 22 50
================================================================================
SM 1210 899 953 0 1.30 M 216.1 M 241
================================================================================
AV 39.0 29.0 7.0 FASTST M M 8 MAX(MPH)
MISC ----> 38 230 52 240
================================================================================
NOTES:
# LAST OF SEVERAL OCCURRENCES
COLUMN 17 PEAK WIND IN M.P.H.
PRELIMINARY LOCAL CLIMATOLOGICAL DATA (WS FORM: F-6) , PAGE 2
STATION: GAYLORD
MONTH: DECEMBER
YEAR: 2023
LATITUDE: 45 0 N
LONGITUDE: 84 42 W
[TEMPERATURE DATA] [PRECIPITATION DATA] SYMBOLS USED IN COLUMN 16
AVERAGE MONTHLY: 34.0 TOTAL FOR MONTH: 1.30 1 = FOG OR MIST
DPTR FM NORMAL: 9.9 DPTR FM NORMAL: -0.32 2 = FOG REDUCING VISIBILITY
HIGHEST: 53 ON 9 GRTST 24HR 0.35 ON 27-28 TO 1/4 MILE OR LESS
LOWEST: 17 ON 6, 1 3 = THUNDER
SNOW, ICE PELLETS, HAIL 4 = ICE PELLETS
TOTAL MONTH: M 5 = HAIL
GRTST 24HR M ON M 6 = FREEZING RAIN OR DRIZZLE
GRTST DEPTH: M ON M 7 = DUSTSTORM OR SANDSTORM:
VSBY 1/2 MILE OR LESS
8 = SMOKE OR HAZE
[NO. OF DAYS WITH] [WEATHER - DAYS WITH] 9 = BLOWING SNOW
X = TORNADO
MAX 32 OR BELOW: 6 0.01 INCH OR MORE: 14
MAX 90 OR ABOVE: 0 0.10 INCH OR MORE: 6
MIN 32 OR BELOW: 20 0.50 INCH OR MORE: 0
MIN 0 OR BELOW: 0 1.00 INCH OR MORE: 0
[HDD (BASE 65) ]
TOTAL THIS MO. 953 CLEAR (SCALE 0-3) 4
DPTR FM NORMAL -315 PTCLDY (SCALE 4-7) 8
TOTAL FM JUL 1 2509 CLOUDY (SCALE 8-10) 19
DPTR FM NORMAL -664
[CDD (BASE 65) ]
TOTAL THIS MO. 0
DPTR FM NORMAL 0 [PRESSURE DATA]
TOTAL FM JAN 1 400 HIGHEST SLP 30.61 ON 13
DPTR FM NORMAL 125 LOWEST SLP 29.47 ON 9
[REMARKS]
#FINAL-12-23#