000
CXUS54 KMAF 011110
CF6GNC
PRELIMINARY LOCAL CLIMATOLOGICAL DATA (WS FORM: F-6)
STATION: GAINES COUNTY AIRPORT
MONTH: JULY
YEAR: 2020
LATITUDE: 32 40 N
LONGITUDE: 102 39 W
TEMPERATURE IN F: :PCPN: SNOW: WIND :SUNSHINE: SKY :PK WND
================================================================================
1 2 3 4 5 6A 6B 7 8 9 10 11 12 13 14 15 16 17 18
12Z AVG MX 2MIN
DY MAX MIN AVG DEP HDD CDD WTR SNW DPTH SPD SPD DIR MIN PSBL S-S WX SPD DR
================================================================================
1 103 69 86 M 0 21 M M M 9.1 22 160 M M 0 29 160
2 100 72 86 M 0 21 M M M 8.2 15 150 M M 1 24 150
3 99 70 85 M 0 20 M M M 7.1 14 110 M M 0 21 140
4 98 71 85 M 0 20 M M M 4.2 10 110 M M 0 16 10
5 97 65 81 M 0 16 0.01 M M 9.5 23 320 M M 2 35 320
6 90 68 79 M 0 14 M M M 6.3 16 60 M M 1 20 60
7 95 69 82 M 0 17 M M M 5.3 9 100 M M 0 M M
8 103 69 86 M 0 21 M M M 8.1 13 180 M M 0 17 190
9 107 76 92 M 0 27 M M M 9.5 14 200 M M 0 32 70
10 107 73 90 M 0 25 M M M 8.2 15 180 M M 0 22 180
11 107 73 90 M 0 25 M M M 8.0 13 190 M M 0 21 190
12 106 72 89 M 0 24 M M M 9.3 16 200 M M 0 26 200
13 109 76 93 M 0 28 M M M 10.7 17 230 M M 0 25 230
14 110 75 93 M 0 28 M M M 9.6 25 210 M M 0 37 210
15 107 73 90 M 0 25 M M M 8.0 18 160 M M 0 25 100
16 100 74 87 M 0 22 M M M 8.1 17 130 M M 0 23 130
17 103 71 87 M 0 22 M M M 7.2 15 140 M M 0 24 130
18 100 74 87 M 0 22 M M M 7.6 15 130 M M 0 21 130
19 96 72 84 M 0 19 M M M 8.3 14 100 M M 1 20 110
20 96 73 85 M 0 20 M M M 8.0 16 110 M M 0 24 110
21 95 71 83 M 0 18 M M M 6.4 17 80 M M 3 26 0
22 94 72 83 M 0 18 M M M 7.8 15 90 M M 4 22 140
23 93 69 81 M 0 16 M M M 9.4 28 100 M M 2 33 100
24 96 69 83 M 0 18 M M M 9.1 17 110 M M 1 23 130
25 96 72 84 M 0 19 M M M 8.7 18 100 M M 2 25 100
26 93 70 82 M 0 17 M M M 7.9 14 130 M M 2 18 160
27 95 70 83 M 0 18 M M M 7.0 13 210 M M 2 18 230
28 99 70 85 M 0 20 M M M 7.0 16 140 M M 2 20 120
29 102 74 88 M 0 23 M M M 10.0 17 120 M M 1 29 80
30 103 71 87 M 0 22 M M M 8.1 17 90 M M 2 22 90
31 90 67 79 M 0 14 M M M 7.9 24 140 M M 2 36 10
================================================================================
SM 3089 2210 0 640 0.01 M 249.6 M 28
================================================================================
AV 99.6 71.3 8.1 FASTST M M 1 MAX(MPH)
MISC ----> 28 100 37 210
================================================================================
NOTES:
# LAST OF SEVERAL OCCURRENCES
COLUMN 17 PEAK WIND IN M.P.H.
PRELIMINARY LOCAL CLIMATOLOGICAL DATA (WS FORM: F-6) , PAGE 2
STATION: GAINES COUNTY AIRPORT
MONTH: JULY
YEAR: 2020
LATITUDE: 32 40 N
LONGITUDE: 102 39 W
[TEMPERATURE DATA] [PRECIPITATION DATA] SYMBOLS USED IN COLUMN 16
AVERAGE MONTHLY: 85.5 TOTAL FOR MONTH: 0.01 1 = FOG OR MIST
DPTR FM NORMAL: 0.0 DPTR FM NORMAL: M 2 = FOG REDUCING VISIBILITY
HIGHEST: 110 ON 14 GRTST 24HR 0.01 ON 5- 5 TO 1/4 MILE OR LESS
LOWEST: 65 ON 5 3 = THUNDER
SNOW, ICE PELLETS, HAIL 4 = ICE PELLETS
TOTAL MONTH: M 5 = HAIL
GRTST 24HR M ON M 6 = FREEZING RAIN OR DRIZZLE
GRTST DEPTH: M ON M 7 = DUSTSTORM OR SANDSTORM:
VSBY 1/2 MILE OR LESS
8 = SMOKE OR HAZE
[NO. OF DAYS WITH] [WEATHER - DAYS WITH] 9 = BLOWING SNOW
X = TORNADO
MAX 32 OR BELOW: 0 0.01 INCH OR MORE: 1
MAX 90 OR ABOVE: 31 0.10 INCH OR MORE: 0
MIN 32 OR BELOW: 0 0.50 INCH OR MORE: 0
MIN 0 OR BELOW: 0 1.00 INCH OR MORE: 0
[HDD (BASE 65) ]
TOTAL THIS MO. 0 CLEAR (SCALE 0-3) 30
DPTR FM NORMAL M PTCLDY (SCALE 4-7) 1
TOTAL FM JUL 1 0 CLOUDY (SCALE 8-10) 0
DPTR FM NORMAL M
[CDD (BASE 65) ]
TOTAL THIS MO. 640
DPTR FM NORMAL M [PRESSURE DATA]
TOTAL FM JAN 1 1467 HIGHEST SLP M ON M
DPTR FM NORMAL M LOWEST SLP M ON M
[REMARKS]
#FINAL-07-20#