140
CXUS52 KJAX 140852
CF6GNV
PRELIMINARY LOCAL CLIMATOLOGICAL DATA (WS FORM: F-6)
STATION: GAINESVILLE
MONTH: FEBRUARY
YEAR: 2021
LATITUDE: 29 40 N
LONGITUDE: 82 16 W
TEMPERATURE IN F: :PCPN: SNOW: WIND :SUNSHINE: SKY :PK WND
================================================================================
1 2 3 4 5 6A 6B 7 8 9 10 11 12 13 14 15 16 17 18
12Z AVG MX 2MIN
DY MAX MIN AVG DEP HDD CDD WTR SNW DPTH SPD SPD DIR MIN PSBL S-S WX SPD DR
================================================================================
1 67 42 55 -1 10 0 0.27 0.0 0 12.8 24 250 M M 9 1 31 270
2 53 36 45 -11 20 0 0.00 0.0 0 12.6 22 320 M M 3 32 300
3 57 30 44 -12 21 0 0.00 0.0 0 6.2 14 270 M M 0 18 330
4 66 26 46 -10 19 0 0.00 0.0 0 3.5 10 170 M M 0 1 15 210
5 65 43 54 -2 11 0 0.33 0.0 0 5.7 17 340 M M 9 1 21 340
6 59 47 53 -3 12 0 1.85 0.0 0 6.8 25 280 M M 10 13 39 250
7 68 46 57 1 8 0 1.02 0.0 0 7.9 18 310 M M 6 13 25 260
8 72 46 59 3 6 0 0.00 0.0 0 6.0 15 120 M M 8 18 100
9 71 59 65 9 0 0 T 0.0 0 2.9 16 340 M M 8 12 20 340
10 82 56 69 12 0 4 0.00 0.0 0 2.3 10 250 M M 5 12 13 200
11 83 60 72 15 0 7 0.00 0.0 0 4.4 15 260 M M 6 12 18 260
12 83 60 72 15 0 7 0.03 0.0 0 6.0 15 190 M M 7 1 19 180
13 77 59 68 11 0 3 0.27 0.0 0 5.6 18 230 M M 9 12 24 230
14 70 58 64 7 1 0 0.67 0.0 0 6.3 16 310 M M 10 13 22 330
15 77 56 67 9 0 2 0.84 0.0 0 6.9 26 260 M M 9 13 34 270
16 68 49 59 1 6 0 0.04 0.0 0 8.8 21 270 M M 4 1 28 270
17 61 44 53 -5 12 0 T 0.0 0 6.5 12 90 M M 7 15 100
18 87 57 72 14 0 7 T 0.0 0 10.1 23 210 M M 7 12 33 210
19 74 47 61 3 4 0 0.58 0.0 0 8.7 17 270 M M 9 1 24 270
20 64 40 52 -6 13 0 0.00 0.0 0 6.0 13 10 M M 1 1 18 350
21 71 37 54 -4 11 0 T 0.0 0 7.7 21 70 M M 2 26 70
22 79 49 64 5 1 0 0.11 0.0 0 6.9 21 250 M M 6 1 27 260
23 73 46 60 1 5 0 0.00 0.0 0 4.9 14 330 M M 4 12 19 320
24 78 42 60 1 5 0 0.00 0.0 0 3.5 15 200 M M 1 20 180
25 80 42 61 2 4 0 0.00 0.0 0 3.4 13 320 M M 1 17 330
26 83 51 67 8 0 2 0.00 0.0 0 3.5 15 130 M M 3 12 22 140
27 86 56 71 11 0 6 0.00 0.0 0 2.9 12 160 M M 3 16 180
28 87 64 76 16 0 11 0.00 0.0 0 7.2 16 170 M M 4 12 20 160
================================================================================
SM 2041 1348 169 49 6.01 0.0 176.0 M 151
================================================================================
AV 72.9 48.1 6.3 FASTST M M 5 MAX(MPH)
MISC ----> 26 260 39 250
================================================================================
NOTES:
# LAST OF SEVERAL OCCURRENCES
COLUMN 17 PEAK WIND IN M.P.H.
PRELIMINARY LOCAL CLIMATOLOGICAL DATA (WS FORM: F-6) , PAGE 2
STATION: GAINESVILLE
MONTH: FEBRUARY
YEAR: 2021
LATITUDE: 29 40 N
LONGITUDE: 82 16 W
[TEMPERATURE DATA] [PRECIPITATION DATA] SYMBOLS USED IN COLUMN 16
AVERAGE MONTHLY: 60.5 TOTAL FOR MONTH: 6.01 1 = FOG OR MIST
DPTR FM NORMAL: 3.0 DPTR FM NORMAL: 2.81 2 = FOG REDUCING VISIBILITY
HIGHEST: 87 ON 28,18 GRTST 24HR 2.47 ON 6- 7 TO 1/4 MILE OR LESS
LOWEST: 26 ON 4 3 = THUNDER
SNOW, ICE PELLETS, HAIL 4 = ICE PELLETS
TOTAL MONTH: 0.0 INCH 5 = HAIL
GRTST 24HR 0.0 6 = FREEZING RAIN OR DRIZZLE
GRTST DEPTH: 0 7 = DUSTSTORM OR SANDSTORM:
VSBY 1/2 MILE OR LESS
8 = SMOKE OR HAZE
[NO. OF DAYS WITH] [WEATHER - DAYS WITH] 9 = BLOWING SNOW
X = TORNADO
MAX 32 OR BELOW: 0 0.01 INCH OR MORE: 11
MAX 90 OR ABOVE: 0 0.10 INCH OR MORE: 9
MIN 32 OR BELOW: 2 0.50 INCH OR MORE: 5
MIN 0 OR BELOW: 0 1.00 INCH OR MORE: 2
[HDD (BASE 65) ]
TOTAL THIS MO. 169 CLEAR (SCALE 0-3) 8
DPTR FM NORMAL -63 PTCLDY (SCALE 4-7) 12
TOTAL FM JUL 1 908 CLOUDY (SCALE 8-10) 8
DPTR FM NORMAL -127
[CDD (BASE 65) ]
TOTAL THIS MO. 49
DPTR FM NORMAL 29 [PRESSURE DATA]
TOTAL FM JAN 1 72 HIGHEST SLP 30.43 ON 20
DPTR FM NORMAL 36 LOWEST SLP 29.78 ON 7
[REMARKS]
#FINAL-02-21#