000
CXUS52 KJAX 011321
CLMGNV
CLIMATE REPORT
NATIONAL WEATHER SERVICE JACKSONVILLE FL
921 AM EDT SAT JUL 01 2023
...................................
...THE GAINESVILLE CLIMATE SUMMARY FOR THE MONTH OF JUNE 2023...
CLIMATE NORMAL PERIOD: 1991 TO 2020
CLIMATE RECORD PERIOD: 1890 TO 2023
WEATHER OBSERVED NORMAL DEPART LAST YEAR`S
VALUE DATE(S) VALUE FROM VALUE DATE(S)
NORMAL
................................................................
TEMPERATURE (F)
RECORD
HIGH 104 06/27/1952
LOW 50 06/01/1984
HIGHEST 95 06/27 96 -1 99 06/23
06/28
06/29
LOWEST 61 06/06 63 -2 63 06/02
AVG. MAXIMUM 89.9 90.3 -0.4 93.2
AVG. MINIMUM 69.3 69.5 -0.2 70.5
MEAN 79.6 79.9 -0.3 81.8
DAYS MAX >= 90 17 18.0 -1.0 29
DAYS MIN <= 32 0 0.0 0.0 MM
PRECIPITATION (INCHES)
RECORD
MAXIMUM 16.86 2017
MINIMUM 1.53 1931
TOTALS 11.79 7.56 4.23 3.29
DAILY AVG. 0.39 0.25 0.14 0.11
DAYS >= .01 12 14.9 -2.9 11
DAYS >= .10 11 11.0 0.0 7
DAYS >= .50 7 4.8 2.2 2
DAYS >= 1.00 6 2.1 3.9 1
GREATEST
24 HR. TOTAL 2.72 06/14 TO 06/15
SNOWFALL (INCHES)
RECORDS
TOTAL T 2008
TOTALS 0.0 0.0 0.0 0.0
DEGREE DAYS
HEATING TOTAL 0 0 0 0
SINCE 7/1 748 1139 -391 MM
COOLING TOTAL 447 447 0 513
SINCE 1/1 1235 1006 229 MM
................................................................
WIND (MPH)
AVERAGE WIND SPEED 6.8
HIGHEST WIND SPEED/DIRECTION 31/270 DATE 06/23
HIGHEST GUST SPEED/DIRECTION 45/290 DATE 06/20
SKY COVER
AVERAGE SKY COVER 0.28
AVERAGE RH (PERCENT) 75
WEATHER CONDITIONS. NUMBER OF DAYS WITH
THUNDERSTORM 17 MIXED PRECIP 0
HEAVY RAIN 11 RAIN 11
LIGHT RAIN 15 FREEZING RAIN 0
LT FREEZING RAIN 0 HAIL 0
HEAVY SNOW 0 SNOW 0
LIGHT SNOW 0 SLEET 0
FOG 19 FOG W/VIS <= 1/4 MILE 3
HAZE 0
- INDICATES NEGATIVE NUMBERS.
R INDICATES RECORD WAS SET OR TIED.
MM INDICATES DATA IS MISSING.
T INDICATES TRACE AMOUNT.
$$