000
CXUS54 KFWD 010730
CF6GOP
PRELIMINARY LOCAL CLIMATOLOGICAL DATA (WS FORM: F-6)
STATION: GATESVILLE
MONTH: MARCH
YEAR: 2023
LATITUDE: 31 25 N
LONGITUDE: 97 48 W
TEMPERATURE IN F: :PCPN: SNOW: WIND :SUNSHINE: SKY :PK WND
================================================================================
1 2 3 4 5 6A 6B 7 8 9 10 11 12 13 14 15 16 17 18
12Z AVG MX 2MIN
DY MAX MIN AVG DEP HDD CDD WTR SNW DPTH SPD SPD DIR MIN PSBL S-S WX SPD DR
================================================================================
1 81 63 72 20 0 7 0.00 M M M M M M M 3 18 M M
2 79 54 67 15 0 2 0.45 M M M M M M M 4 18 M M
3 66 43 55 3 10 0 0.01 M M M M M M M 1 M M
4 81 43 62 10 3 0 0.00 M M M M M M M 0 M M
5 79 50 65 12 0 0 0.00 M M M M M M M 0 M M
6 81 55 68 15 0 3 0.00 M M M M M M M 2 M M
7 81 59 70 17 0 5 0.00 M M M M M M M 3 128 M M
8 72 54 63 9 2 0 0.00 M M M M M M M 4 18 M M
9 77 54 66 12 0 1 0.01 M M M M M M M 6 138 M M
10 68 52 60 6 5 0 0.00 M M M M M M M 5 1 M M
11 91 55 73 19 0 8 0.00 M M M M M M M 3 1 M M
12 73 52 63 9 2 0 M M M M M M M M 2 M M
13 63 43 53 -2 12 0 0.00 M M M M M M M 0 M M
14 54 45 50 -5 15 0 M M M M M M M M 4 8 M M
15 72 50 61 6 4 0 0.00 M M M M M M M 7 M M
16 81 45 63 7 2 0 0.00 M M M M M M M 6 1 M M
17 54 39 47 -9 18 0 0.00 M M M M M M M 0 M M
18 57 36 47 -9 18 0 0.00 M M M M M M M 0 M M
19 57 27 42 -14 23 0 0.00 M M M M M M M 0 M M
20 57 37 47 -10 18 0 0.00 M M M M M M M 6 M M
21 68 66 67 10 0 2 0.00 M M M M M M M 7 18 M M
22 82 66 74 17 0 9 0.00 M M M M M M M 5 M M
23 82 68 75 17 0 10 0.00 M M M M M M M 5 1 M M
24 82 57 70 12 0 5 0.00 M M M M M M M 3 M M
25 79 50 65 7 0 0 0.00 M M M M M M M 0 M M
26 84 43 64 6 1 0 0.00 M M M M M M M 0 M M
27 73 52 63 4 2 0 0.00 M M M M M M M 1 M M
28 64 50 57 -2 8 0 0.01 M M M M M M M 0 3 M M
29 70 48 59 0 6 0 0.04 M M M M M M M 6 M M
30 72 59 66 6 0 1 0.00 M M M M M M M 8 1 M M
31 88 70 79 19 0 14 0.00 M M M M M M M 2 8 M M
================================================================================
SM 2268 1585 149 67 0.52 M M M 93
================================================================================
AV 73.2 51.1 M FASTST M M 3 MAX(MPH)
MISC ----> M M M M
================================================================================
NOTES:
# LAST OF SEVERAL OCCURRENCES
COLUMN 17 PEAK WIND IN M.P.H.
PRELIMINARY LOCAL CLIMATOLOGICAL DATA (WS FORM: F-6) , PAGE 2
STATION: GATESVILLE
MONTH: MARCH
YEAR: 2023
LATITUDE: 31 25 N
LONGITUDE: 97 48 W
[TEMPERATURE DATA] [PRECIPITATION DATA] SYMBOLS USED IN COLUMN 16
AVERAGE MONTHLY: 62.1 TOTAL FOR MONTH: 0.52 1 = FOG OR MIST
DPTR FM NORMAL: 6.4 DPTR FM NORMAL: M 2 = FOG REDUCING VISIBILITY
HIGHEST: 91 ON 11 GRTST 24HR 0.45 ON 2- 2 TO 1/4 MILE OR LESS
LOWEST: 27 ON 19 3 = THUNDER
SNOW, ICE PELLETS, HAIL 4 = ICE PELLETS
TOTAL MONTH: M 5 = HAIL
GRTST 24HR M ON M 6 = FREEZING RAIN OR DRIZZLE
GRTST DEPTH: M ON M 7 = DUSTSTORM OR SANDSTORM:
VSBY 1/2 MILE OR LESS
8 = SMOKE OR HAZE
[NO. OF DAYS WITH] [WEATHER - DAYS WITH] 9 = BLOWING SNOW
X = TORNADO
MAX 32 OR BELOW: 0 0.01 INCH OR MORE: 5
MAX 90 OR ABOVE: 1 0.10 INCH OR MORE: 1
MIN 32 OR BELOW: 1 0.50 INCH OR MORE: 0
MIN 0 OR BELOW: 0 1.00 INCH OR MORE: 0
[HDD (BASE 65) ]
TOTAL THIS MO. 149 CLEAR (SCALE 0-3) 16
DPTR FM NORMAL -158 PTCLDY (SCALE 4-7) 14
TOTAL FM JUL 1 1756 CLOUDY (SCALE 8-10) 1
DPTR FM NORMAL -584
[CDD (BASE 65) ]
TOTAL THIS MO. 67
DPTR FM NORMAL 49 [PRESSURE DATA]
TOTAL FM JAN 1 101 HIGHEST SLP M ON M
DPTR FM NORMAL 79 LOWEST SLP M ON M
[REMARKS]
#FINAL-03-23#