000
CXUS54 KFWD 010730
CF6GOP
PRELIMINARY LOCAL CLIMATOLOGICAL DATA (WS FORM: F-6)
STATION: GATESVILLE
MONTH: OCTOBER
YEAR: 2021
LATITUDE: 31 25 N
LONGITUDE: 97 48 W
TEMPERATURE IN F: :PCPN: SNOW: WIND :SUNSHINE: SKY :PK WND
================================================================================
1 2 3 4 5 6A 6B 7 8 9 10 11 12 13 14 15 16 17 18
12Z AVG MX 2MIN
DY MAX MIN AVG DEP HDD CDD WTR SNW DPTH SPD SPD DIR MIN PSBL S-S WX SPD DR
================================================================================
1 77 66 72 1 0 7 0.02 M M 1.7 7 30 M M 3 1 14 40
2 86 68 77 7 0 12 0.00 M M 1.3 10 320 M M 2 1 M M
3 84 66 75 5 0 10 0.00 M M 1.7 7 10 M M 0 8 M M
4 86 59 73 3 0 8 0.00 M M 2.7 9 10 M M 0 18 16 10
5 86 55 71 2 0 6 0.00 M M 2.0 8 20 M M 0 15 20
6 86 55 71 2 0 6 0.00 M M 0.3 3 140 M M 0 8 M M
7 90 59 75 6 0 10 0.00 M M 3.7 12 180 M M 0 18 180
8 91 64 78 10 0 13 0.00 M M 5.8 14 200 M M 0 18 210
9 90 64 77 9 0 12 0.00 M M 7.9 14 180 M M 0 20 180
10 91 64 78 10 0 13 0.38 M M 12.0 22 190 M M 4 29 190
11 81 55 68 0 0 3 0.00 M M 1.4 5 140 M M 0 16 260
12 86 63 75 8 0 10 0.00 M M 9.7 17 160 M M 5 1 30 170
13 86 66 76 9 0 11 0.99 M M 10.5 16 180 M M 4 28 160
14 84 66 75 8 0 10 0.00 M M 2.6 9 120 M M 5 12 15 120
15 79 55 67 1 0 2 0.00 M M 9.0 18 310 M M 2 1 28 310
16 72 46 59 -7 6 0 0.00 M M 4.0 12 350 M M 0 22 10
17 72 43 58 -8 7 0 0.00 M M 0.0 M M M M 0 8 M M
18 75 45 60 -5 5 0 0.00 M M 2.9 10 170 M M 0 18 16 160
19 81 55 68 3 0 3 0.00 M M 5.8 14 160 M M 0 20 160
20 82 63 73 8 0 8 0.00 M M 5.7 12 190 M M 4 14 200
21 86 61 74 10 0 9 0.00 M M 1.3 7 340 M M 2 M M
22 84 61 73 9 0 8 0.00 M M 2.2 7 140 M M 1 8 14 130
23 86 66 76 12 0 11 0.00 M M 7.7 16 190 M M 3 1 23 190
24 86 68 77 13 0 12 0.00 M M 6.6 13 180 M M 4 17 180
25 90 63 77 14 0 12 0.00 M M 2.3 9 140 M M 0 1 13 130
26 84 68 76 13 0 11 0.03 M M 8.7 16 140 M M 2 1 24 150
27 77 59 68 5 0 3 0.25 M M 11.0 22 290 M M 2 33 300
28 75 57 66 4 0 1 0.00 M M 13.9 31 310 M M 0 47 310
29 72 46 59 -3 6 0 0.00 M M 10.3 18 330 M M 0 31 320
30 79 39 59 -3 6 0 0.00 M M 1.3 7 150 M M 0 8 12 99
31 81 50 66 4 0 1 0.00 M M 1.8 10 150 M M 0 14 160
================================================================================
SM 2565 1815 30 212 1.67 M 157.8 M 43
================================================================================
AV 82.7 58.5 5.1 FASTST M M 1 MAX(MPH)
MISC ----> 31 310 47 310
================================================================================
NOTES:
# LAST OF SEVERAL OCCURRENCES
COLUMN 17 PEAK WIND IN M.P.H.
PRELIMINARY LOCAL CLIMATOLOGICAL DATA (WS FORM: F-6) , PAGE 2
STATION: GATESVILLE
MONTH: OCTOBER
YEAR: 2021
LATITUDE: 31 25 N
LONGITUDE: 97 48 W
[TEMPERATURE DATA] [PRECIPITATION DATA] SYMBOLS USED IN COLUMN 16
AVERAGE MONTHLY: 70.6 TOTAL FOR MONTH: 1.67 1 = FOG OR MIST
DPTR FM NORMAL: 4.5 DPTR FM NORMAL: M 2 = FOG REDUCING VISIBILITY
HIGHEST: 91 ON 10, 8 GRTST 24HR 0.99 ON 13-13 TO 1/4 MILE OR LESS
LOWEST: 39 ON 30 3 = THUNDER
SNOW, ICE PELLETS, HAIL 4 = ICE PELLETS
TOTAL MONTH: M 5 = HAIL
GRTST 24HR M ON M 6 = FREEZING RAIN OR DRIZZLE
GRTST DEPTH: M ON M 7 = DUSTSTORM OR SANDSTORM:
VSBY 1/2 MILE OR LESS
8 = SMOKE OR HAZE
[NO. OF DAYS WITH] [WEATHER - DAYS WITH] 9 = BLOWING SNOW
X = TORNADO
MAX 32 OR BELOW: 0 0.01 INCH OR MORE: 5
MAX 90 OR ABOVE: 5 0.10 INCH OR MORE: 3
MIN 32 OR BELOW: 0 0.50 INCH OR MORE: 1
MIN 0 OR BELOW: 0 1.00 INCH OR MORE: 0
[HDD (BASE 65) ]
TOTAL THIS MO. 30 CLEAR (SCALE 0-3) 24
DPTR FM NORMAL -54 PTCLDY (SCALE 4-7) 7
TOTAL FM JUL 1 30 CLOUDY (SCALE 8-10) 0
DPTR FM NORMAL -62
[CDD (BASE 65) ]
TOTAL THIS MO. 212
DPTR FM NORMAL 95 [PRESSURE DATA]
TOTAL FM JAN 1 2454 HIGHEST SLP M ON M
DPTR FM NORMAL 164 LOWEST SLP M ON M
[REMARKS]
#FINAL-10-21#