000
CXUS54 KLIX 010810
CF6GPT
PRELIMINARY LOCAL CLIMATOLOGICAL DATA (WS FORM: F-6)
STATION: GULFPORT
MONTH: APRIL
YEAR: 2021
LATITUDE: 30 23 N
LONGITUDE: 89 4 W
TEMPERATURE IN F: :PCPN: SNOW: WIND :SUNSHINE: SKY :PK WND
================================================================================
1 2 3 4 5 6A 6B 7 8 9 10 11 12 13 14 15 16 17 18
12Z AVG MX 2MIN
DY MAX MIN AVG DEP HDD CDD WTR SNW DPTH SPD SPD DIR MIN PSBL S-S WX SPD DR
================================================================================
1 65 48 57 -6 8 0 0.00 0.0 M 14.3 29 10 M M 2 37 10
2 66 40 53 -10 12 0 0.00 M M 6.2 17 20 M M 0 23 30
3 67 40 54 -10 11 0 0.00 M M 6.1 18 120 M M 0 23 120
4 69 46 58 -6 7 0 0.00 M M 4.3 16 140 M M 0 20 130
5 72 47 60 -4 5 0 0.00 M M 4.6 15 150 M M 0 20 130
6 76 63 70 6 0 5 T M M 8.9 18 150 M M 4 22 140
7 76 60 68 3 0 3 0.00 M M 10.2 22 140 M M 6 1 26 140
8 79 66 73 8 0 8 1.01 M M 6.9 24 150 M M 5 13 32 160
9 76 68 72 7 0 7 0.34 M M 13.1 23 140 M M 9 13 30 130
10 75 60 68 3 0 3 4.56 M M 8.8 39 350 M M 6 123 52 350
11 78 58 68 2 0 3 0.00 M M 5.5 14 20 M M 4 22 20
12 79 51 65 -1 0 0 M M M 4.0 13 170 M M 0 M M
13 75 54 65 -1 0 0 0.37 M M 6.2 38 150 M M 3 13 46 160
14 70 58 64 -2 1 0 1.06 0.0 M 7.2 38 340 M M 5 13 50 340
15 72 61 67 0 0 2 4.95 0.0 M 7.2 21 70 M M 8 13 29 10
16 73 57 65 -2 0 0 1.49 0.0 M 7.1 17 340 M M 7 13 22 340
17 66 60 63 -4 2 0 1.17 0.0 M 6.1 14 150 M M 9 13 16 10
18 74 56 65 -2 0 0 0.02 0.0 M 7.4 15 330 M M 2 21 350
19 75 52 64 -4 1 0 0.00 0.0 M 6.7 16 20 M M 1 21 350
20 76 58 67 -1 0 2 0.00 0.0 M 4.8 12 210 M M 3 17 210
21 71 52 62 -6 3 0 0.00 M M 10.7 21 350 M M 0 29 350
22 66 47 57 -11 8 0 0.00 M M 7.5 16 70 M M 0 20 70
23 74 53 64 -5 1 0 0.00 M M 13.4 26 110 M M 6 38 34 120
24 85 67 76 7 0 11 0.26 M M 9.2 23 140 M M 6 13 29 140
25 80 54 67 -2 0 2 0.00 M M 6.3 17 350 M M 0 22 350
26 77 54 66 -3 0 1 0.00 M M 7.7 17 140 M M 0 20 130
27 79 68 74 4 0 9 0.00 M M 12.7 23 110 M M 6 27 130
28 80 72 76 6 0 11 0.00 M M 12.9 21 120 M M 7 27 130
29 82 73 78 8 0 13 0.00 M M 8.0 15 150 M M 6 1 19 140
30 83 69 76 6 0 11 0.21 0.0 M 4.8 16 330 M M 7 12 21 340
================================================================================
SM 2236 1712 59 91 15.44 0.0 238.8 M 112
================================================================================
AV 74.5 57.1 8.0 FASTST M M 4 MAX(MPH)
MISC ----> 39 350 52 350
================================================================================
NOTES:
# LAST OF SEVERAL OCCURRENCES
COLUMN 17 PEAK WIND IN M.P.H.
PRELIMINARY LOCAL CLIMATOLOGICAL DATA (WS FORM: F-6) , PAGE 2
STATION: GULFPORT
MONTH: APRIL
YEAR: 2021
LATITUDE: 30 23 N
LONGITUDE: 89 4 W
[TEMPERATURE DATA] [PRECIPITATION DATA] SYMBOLS USED IN COLUMN 16
AVERAGE MONTHLY: 65.8 TOTAL FOR MONTH: 15.44 1 = FOG OR MIST
DPTR FM NORMAL: -0.9 DPTR FM NORMAL: 10.88 2 = FOG REDUCING VISIBILITY
HIGHEST: 85 ON 24 GRTST 24HR 6.01 ON 14-15 TO 1/4 MILE OR LESS
LOWEST: 40 ON 3, 2 3 = THUNDER
SNOW, ICE PELLETS, HAIL 4 = ICE PELLETS
TOTAL MONTH: 0.0 INCH 5 = HAIL
GRTST 24HR 0.0 6 = FREEZING RAIN OR DRIZZLE
GRTST DEPTH: M ON M 7 = DUSTSTORM OR SANDSTORM:
VSBY 1/2 MILE OR LESS
8 = SMOKE OR HAZE
[NO. OF DAYS WITH] [WEATHER - DAYS WITH] 9 = BLOWING SNOW
X = TORNADO
MAX 32 OR BELOW: 0 0.01 INCH OR MORE: 11
MAX 90 OR ABOVE: 0 0.10 INCH OR MORE: 10
MIN 32 OR BELOW: 0 0.50 INCH OR MORE: 6
MIN 0 OR BELOW: 0 1.00 INCH OR MORE: 6
[HDD (BASE 65) ]
TOTAL THIS MO. 59 CLEAR (SCALE 0-3) 14
DPTR FM NORMAL 2 PTCLDY (SCALE 4-7) 14
TOTAL FM JUL 1 1456 CLOUDY (SCALE 8-10) 2
DPTR FM NORMAL -171
[CDD (BASE 65) ]
TOTAL THIS MO. 91
DPTR FM NORMAL -17 [PRESSURE DATA]
TOTAL FM JAN 1 208 HIGHEST SLP M ON M
DPTR FM NORMAL 64 LOWEST SLP 29.63 ON 10
[REMARKS]
#FINAL-04-21#