000
CXUS53 KGRB 032000
CLSGRB
CLIMATE REPORT
NATIONAL WEATHER SERVICE GREEN BAY
300 PM CDT THU SEP 3 2020
...9TH WARMEST SUMMER ON RECORD...
...15TH LEAST HEATING DEGREE DAYS...
...11TH MOST COOLING DEGREE DAYS...
...THE GREEN BAY WI SUMMER CLIMATE SUMMARY FROM 6/1/2020 TO
8/31/2020...
CLIMATE NORMAL PERIOD 1981 TO 2010
CLIMATE RECORD PERIOD 1886 TO 2020
WEATHER OBSERVED NORMAL DEPART LAST YEAR`S
VALUE DATE(S) VALUE FROM VALUE DATE(S)
NORMAL
................................................................
TEMPERATURE (F)
RECORD
HIGH 104 07/13/1936
LOW 32 06/06/1958
HIGHEST 93 06/02 94 -1 92 07/19
LOWEST 42 06/13 40 2 41 06/03
AVG. MAXIMUM 81.6 77.6 4.0 78.8
AVG. MINIMUM 59.8 56.5 3.3 58.5
MEAN 70.7 67.0 3.7 68.7
DAYS MAX >= 90 7 3.1 3.9 3
DAYS MAX <= 32 0 0.0 0.0 0
DAYS MIN <= 32 0 0.0 0.0 0
DAYS MIN <= 0 0 0.0 0.0 0
PRECIPITATION (INCHES)
RECORD
MAXIMUM 20.66 2010
MINIMUM 4.42 1976
TOTALS 9.70 10.75 -1.05 13.78
DAILY AVG. 0.10 0.12 -0.02 0.15
DAYS >= .01 33 31.1 1.9 33
DAYS >= .10 19 19.4 -0.4 22
DAYS >= .50 9 7.2 1.8 10
DAYS >= 1.00 0 2.7 -2.7 4
SNOWFALL (INCHES)
RECORDS
TOTAL T MM
24 HR TOTAL 0.0
TOTALS 0.0 0.0 0.0 0.0
SINCE 7/1 0.0 0.0 0.0 0.0
DAYS >= TRACE 0 0.0 0.0 0
DAYS >= 1.0 0 0.0 0.0 0
GREATEST
SNOW DEPTH 0 MM 0 MM
24 HR TOTAL 0.0 MM
DEGREE_DAYS
HEATING TOTAL 65 155 -90 92
SINCE 7/1 18 63 -45 24
COOLING TOTAL 610 344 266 457
SINCE 1/1 649 362 287 471
FREEZE DATES
RECORD
EARLIEST 09/12/1955
LATEST 06/06/1958
EARLIEST 10/04
LATEST 05/05
.................................................................
WIND (MPH)
AVERAGE WIND SPEED 6.4
RESULTANT WIND SPEED/DIRECTION 1/220
HIGHEST WIND SPEED/DIRECTION 37/270 DATE 06/11
HIGHEST GUST SPEED/DIRECTION 54/260 DATE 06/11
SKY COVER
POSSIBLE SUNSHINE (PERCENT) MM
AVERAGE SKY COVER 0.20
NUMBER OF DAYS FAIR 72
NUMBER OF DAYS PC 16
NUMBER OF DAYS CLOUDY 4
AVERAGE RH (PERCENT) 70
- INDICATES NEGATIVE NUMBERS.
R INDICATES RECORD WAS SET OR TIED.
MM INDICATES DATA IS MISSING.
T INDICATES TRACE AMOUNT.
...................................
$$
ECKBERG