000
CXGM50 PGUM 050555
CF6GSN
PRELIMINARY LOCAL CLIMATOLOGICAL DATA (WS FORM: F-6)
STATION: SAIPAN/ISLEY_(CGS) MP
MONTH: JUNE
YEAR: 2022
LATITUDE: 15 7 N
LONGITUDE: 145-44 E
TEMPERATURE IN F: :PCPN: SNOW: WIND :SUNSHINE: SKY :PK WND
================================================================================
1 2 3 4 5 6A 6B 7 8 9 10 11 12 13 14 15 16 17 18
12Z AVG MX 2MIN
DY MAX MIN AVG DEP HDD CDD WTR SNW DPTH SPD SPD DIR MIN PSBL S-S WX SPD DR
================================================================================
1 90 78 84 1 0 19 T 0.0 0 4.6 12 110 M M 3 16 140
2 89 77 83 0 0 18 0.03 0.0 0 7.2 14 100 M M 3 22 90
3 90 78 84 1 0 19 0.02 0.0 0 8.2 17 90 M M 3 23 90
4 90 77 84 1 0 19 0.00 0.0 0 7.6 16 90 M M 2 22 110
5 90 78 84 1 0 19 T 0.0 0 8.9 16 150 M M 2 21 150
6 90 77 84 1 0 19 0.00 0.0 0 8.9 15 80 M M 2 20 80
7 90 77 84 1 0 19 T 0.0 0 8.8 15 80 M M 2 20 60
8 92 79 86 3 0 21 0.01 0.0 0 14.6 22 90 M M 3 29 80
9 90 79 85 2 0 20 0.31 0.0 0 13.6 24 130 M M 3 33 130
10 91 81 86 3 0 21 0.02 0.0 0 14.0 21 90 M M 3 25 90
11 91 79 85 2 0 20 0.04 0.0 0 12.2 22 90 M M 2 26 90
12 90 78 84 0 0 19 0.38 0.0 0 9.5 21 90 M M 4 30 90
13 89 77 83 -1 0 18 0.09 0.0 0 10.2 17 80 M M 4 23 80
14 89 80 85 1 0 20 0.06 0.0 0 10.9 16 90 M M 3 21 90
15 90 75 83 -1 0 18 0.41 0.0 0 14.7 30 80 M M 3 39 80
16 91 77 84 0 0 19 T 0.0 0 15.2 24 80 M M 3 29 70
17 91 72 82 -2 0 17 0.22 0.0 0 10.7 40 40 M M 3 3 48 40
18 88 77 83 -1 0 18 0.13 0.0 0 10.4 18 70 M M 4 22 100
19 89 78 84 0 0 19 0.05 0.0 0 7.9 14 80 M M 3 19 70
20 87 78 83 -1 0 18 0.02 0.0 0 10.1 16 100 M M 4 21 100
21 90 78 84 0 0 19 0.04 0.0 0 11.9 23 90 M M 2 27 90
22 88 77 83 -1 0 18 0.57 0.0 0 8.8 20 70 M M 4 23 150
23 89 72 81 -3 0 16 1.08 0.0 0 14.5 25 80 M M 5 30 80
24 89 79 84 0 0 19 0.16 0.0 0 15.0 23 100 M M 3 30 100
25 89 79 84 0 0 19 T 0.0 0 14.1 22 80 M M 3 26 70
26 90 81 86 2 0 21 0.00 0.0 0 17.7 25 90 M M 4 30 80
27 88 76 82 -2 0 17 0.19 0.0 0 10.2 20 70 M M 5 3 26 70
28 86 77 82 -2 0 17 T 0.0 0 3.6 10 150 M M 4 3 16 80
29 88 78 83 -1 0 18 T 0.0 0 6.3 14 150 M M 3 22 150
30 89 79 84 0 0 19 0.09 0.0 0 9.8 20 60 M M 3 29 60
================================================================================
SM 2683 2328 0 563 3.92 0.0 320.1 M 95
================================================================================
AV 89.4 77.6 10.7 FASTST M M 3 MAX(MPH)
MISC ----> 40 40 48 40
================================================================================
NOTES:
# LAST OF SEVERAL OCCURRENCES
COLUMN 17 PEAK WIND IN M.P.H.
PRELIMINARY LOCAL CLIMATOLOGICAL DATA (WS FORM: F-6) , PAGE 2
STATION: SAIPAN/ISLEY_(CGS) MP
MONTH: JUNE
YEAR: 2022
LATITUDE: 15 7 N
LONGITUDE: 145-44 E
[TEMPERATURE DATA] [PRECIPITATION DATA] SYMBOLS USED IN COLUMN 16
AVERAGE MONTHLY: 83.5 TOTAL FOR MONTH: 3.92 1 = FOG OR MIST
DPTR FM NORMAL: 0.1 DPTR FM NORMAL: -0.32 2 = FOG REDUCING VISIBILITY
HIGHEST: 92 ON 8 GRTST 24HR 1.46 ON 22-23 TO 1/4 MILE OR LESS
LOWEST: 72 ON 23,17 3 = THUNDER
SNOW, ICE PELLETS, HAIL 4 = ICE PELLETS
TOTAL MONTH: 0.0 INCH 5 = HAIL
GRTST 24HR 0.0 6 = FREEZING RAIN OR DRIZZLE
GRTST DEPTH: 0 7 = DUSTSTORM OR SANDSTORM:
VSBY 1/2 MILE OR LESS
8 = SMOKE OR HAZE
[NO. OF DAYS WITH] [WEATHER - DAYS WITH] 9 = BLOWING SNOW
X = TORNADO
MAX 32 OR BELOW: 0 0.01 INCH OR MORE: 20
MAX 90 OR ABOVE: 16 0.10 INCH OR MORE: 9
MIN 32 OR BELOW: 0 0.50 INCH OR MORE: 2
MIN 0 OR BELOW: 0 1.00 INCH OR MORE: 1
[HDD (BASE 65) ]
TOTAL THIS MO. 0 CLEAR (SCALE 0-3) 16
DPTR FM NORMAL 0 PTCLDY (SCALE 4-7) 14
TOTAL FM JUL 1 0 CLOUDY (SCALE 8-10) 0
DPTR FM NORMAL 0
[CDD (BASE 65) ]
TOTAL THIS MO. 563
DPTR FM NORMAL 9 [PRESSURE DATA]
TOTAL FM JAN 1 3103 HIGHEST SLP 29.99 ON 1
DPTR FM NORMAL 170 LOWEST SLP 29.91 ON 1
[REMARKS]
#FINAL-06-22#