000
CXUS54 KFWD 072153
CF6GYI
PRELIMINARY LOCAL CLIMATOLOGICAL DATA (WS FORM: F-6)
STATION: SHERMAN/DENISON
MONTH: AUGUST
YEAR: 2022
LATITUDE: 33 42 N
LONGITUDE: 96 40 W
TEMPERATURE IN F: :PCPN: SNOW: WIND :SUNSHINE: SKY :PK WND
================================================================================
1 2 3 4 5 6A 6B 7 8 9 10 11 12 13 14 15 16 17 18
12Z AVG MX 2MIN
DY MAX MIN AVG DEP HDD CDD WTR SNW DPTH SPD SPD DIR MIN PSBL S-S WX SPD DR
================================================================================
1 100 84 92 8 0 27 0.00 M M 10.0 15 200 M M 1 28 190
2 102 82 92 8 0 27 0.00 M M 11.4 18 180 M M 0 30 180
3 103 83 93 9 0 28 0.00 M M 12.6 17 190 M M 0 25 200
4 103 80 92 8 0 27 0.00 M M 9.7 14 150 M M 0 21 170
5 104 82 93 9 0 28 0.00 M M 11.2 24 160 M M 2 30 160
6 99 78 89 5 0 24 0.00 M M 10.8 21 140 M M 1 21 170
7 100 79 90 6 0 25 0.00 M M 10.8 17 170 M M 2 23 200
8 102 82 92 8 0 27 0.00 M M 9.0 15 210 M M 2 17 200
9 92 73 83 -1 0 18 0.00 M M 7.6 16 120 M M 1 20 120
10 101 72 87 4 0 22 0.00 M M 5.5 25 210 M M 1 39 210
11 99 71 85 2 0 20 0.00 M M 5.7 13 50 M M 1 8 18 70
12 97 73 85 2 0 20 0.00 M M 5.4 9 100 M M 1 M M
13 100 76 88 5 0 23 0.00 M M 6.3 10 70 M M 1 M M
14 100 70 85 2 0 20 0.00 M M 6.6 13 170 M M 1 17 170
15 101 79 90 7 0 25 0.00 M M 8.1 15 170 M M 0 20 190
16 102 78 90 7 0 25 0.00 M M 7.9 14 230 M M 0 18 240
17 96 75 86 3 0 21 0.00 M M 8.6 16 20 M M 1 21 30
18 83 72 78 -5 0 13 0.00 M M 5.7 12 90 M M 7 M M
19 92 68 80 -3 0 15 0.00 M M 4.0 10 90 M M 5 1 M M
20 97 74 86 4 0 21 0.00 M M 9.4 14 170 M M 1 23 170
21 82 71 77 -5 0 12 M M M 7.3 12 60 M M 7 1 23 300
22 80 73 77 -5 0 12 0.60 M M 7.7 12 60 M M 9 1 17 40
23 82 73 78 -4 0 13 0.04 M M 6.1 9 30 M M 9 1 M M
24 89 71 80 -2 0 15 0.00 M M 4.4 12 50 M M 6 M M
25 91 68 80 -2 0 15 0.00 M M 4.4 9 50 M M 2 M M
26 94 70 82 0 0 17 0.00 M M 4.9 9 130 M M 2 17 60
27 91 73 82 1 0 17 0.00 M M 7.9 16 360 M M 2 18 130
28 97 77 87 6 0 22 0.00 M M 11.9 17 160 M M 1 22 140
29 94 72 83 2 0 18 0.49 M M 10.6 17 160 M M 2 39 340
30 88 73 81 1 0 16 0.00 M M 4.6 9 170 M M 6 M M
31 91 73 82 2 0 17 0.00 M M 4.8 15 200 M M 4 M M
================================================================================
SM 2952 2325 0 630 1.13 M 240.6 M 78
================================================================================
AV 95.2 75.0 7.8 FASTST M M 3 MAX(MPH)
MISC ----> 25 210 # 39 210
================================================================================
NOTES:
# LAST OF SEVERAL OCCURRENCES
COLUMN 17 PEAK WIND IN M.P.H.
PRELIMINARY LOCAL CLIMATOLOGICAL DATA (WS FORM: F-6) , PAGE 2
STATION: SHERMAN/DENISON
MONTH: AUGUST
YEAR: 2022
LATITUDE: 33 42 N
LONGITUDE: 96 40 W
[TEMPERATURE DATA] [PRECIPITATION DATA] SYMBOLS USED IN COLUMN 16
AVERAGE MONTHLY: 85.1 TOTAL FOR MONTH: 1.13 1 = FOG OR MIST
DPTR FM NORMAL: 2.5 DPTR FM NORMAL: -0.93 2 = FOG REDUCING VISIBILITY
HIGHEST: 104 ON 5 GRTST 24HR 0.60 ON 22-22 TO 1/4 MILE OR LESS
LOWEST: 68 ON 19,25 3 = THUNDER
SNOW, ICE PELLETS, HAIL 4 = ICE PELLETS
TOTAL MONTH: M 5 = HAIL
GRTST 24HR M ON M 6 = FREEZING RAIN OR DRIZZLE
GRTST DEPTH: M ON M 7 = DUSTSTORM OR SANDSTORM:
VSBY 1/2 MILE OR LESS
8 = SMOKE OR HAZE
[NO. OF DAYS WITH] [WEATHER - DAYS WITH] 9 = BLOWING SNOW
X = TORNADO
MAX 32 OR BELOW: 0 0.01 INCH OR MORE: 3
MAX 90 OR ABOVE: 25 0.10 INCH OR MORE: 2
MIN 32 OR BELOW: 0 0.50 INCH OR MORE: 1
MIN 0 OR BELOW: 0 1.00 INCH OR MORE: 0
[HDD (BASE 65) ]
TOTAL THIS MO. 0 CLEAR (SCALE 0-3) 23
DPTR FM NORMAL 0 PTCLDY (SCALE 4-7) 6
TOTAL FM JUL 1 0 CLOUDY (SCALE 8-10) 2
DPTR FM NORMAL 0
[CDD (BASE 65) ]
TOTAL THIS MO. 630
DPTR FM NORMAL 85 [PRESSURE DATA]
TOTAL FM JAN 1 2354 HIGHEST SLP M ON M
DPTR FM NORMAL 604 LOWEST SLP M ON M
[REMARKS]
#FINAL-08-22#