000
CXUS54 KJAN 040816
CF6HBG
PRELIMINARY LOCAL CLIMATOLOGICAL DATA (WS FORM: F-6)
STATION: HATTIESBURG
MONTH: DECEMBER
YEAR: 2023
LATITUDE: 31 16 N
LONGITUDE: 89 15 W
TEMPERATURE IN F: :PCPN: SNOW: WIND :SUNSHINE: SKY :PK WND
================================================================================
1 2 3 4 5 6A 6B 7 8 9 10 11 12 13 14 15 16 17 18
12Z AVG MX 2MIN
DY MAX MIN AVG DEP HDD CDD WTR SNW DPTH SPD SPD DIR MIN PSBL S-S WX SPD DR
================================================================================
1 75 58 67 14 0 2 1.06 0.0 0 5.9 29 160 M M 7 13 39 160
2 73 66 70 17 0 5 0.59 0.0 0 4.8 12 120 M M 9 13 17 130
3 71 52 62 9 3 0 0.00 0.0 0 2.9 14 290 M M 3 20 300
4 69 49 59 6 6 0 0.00 0.0 0 4.1 15 290 M M 0 1 25 310
5 63 37 50 -3 15 0 0.00 0.0 0 2.6 9 310 M M 0 14 340
6 59 35 47 -6 18 0 0.00 0.0 0 4.5 14 20 M M 0 21 350
7 62 30 46 -6 19 0 0.00 0.0 0 1.3 10 170 M M 0 1 14 170
8 73 39 56 4 9 0 0.12 0.0 0 3.5 15 170 M M 5 1 21 170
9 79 62 71 19 0 6 0.02 0.0 0 7.5 16 170 M M 7 1 21 160
10 70 37 54 2 11 0 0.97 0.0 0 9.2 23 310 M M 5 13 31 320
11 58 30 44 -8 21 0 0.00 0.0 0 2.1 12 40 M M 0 15 40
12 62 30 46 -6 19 0 0.00 0.0 0 1.7 10 60 M M 1 12 16 30
13 64 32 48 -4 17 0 0.00 0.0 0 2.5 14 90 M M 0 20 100
14 67 37 52 0 13 0 0.00 0.0 0 3.0 14 110 M M 0 21 110
15 69 40 55 3 10 0 0.00 0.0 0 4.4 15 110 M M 1 22 110
16 64 45 55 4 10 0 0.03 0.0 0 3.4 10 120 M M 6 15 120
17 61 40 51 0 14 0 0.00 0.0 0 7.4 17 300 M M 5 1 24 300
18 65 35 50 -1 15 0 0.00 0.0 0 4.8 16 310 M M 0 25 360
19 56 30 43 -8 22 0 0.00 0.0 0 2.0 12 90 M M 0 16 100
20 60 31 46 -5 19 0 0.00 0.0 0 1.7 8 90 M M 0 13 120
21 65 30 48 -3 17 0 0.00 0.0 0 1.2 6 150 M M 0 1 9 140
22 72 43 58 7 7 0 0.00 0.0 0 1.6 10 140 M M 1 1 13 130
23 74 44 59 9 6 0 0.00 0.0 0 2.2 14 130 M M 3 12 17 110
24 66 51 59 9 6 0 1.36 0.0 0 7.9 20 120 M M 8 1 30 120
25 68 53 61 11 4 0 0.01 0.0 0 5.6 14 320 M M 9 1 22 290
26 57 47 52 2 13 0 0.00 0.0 0 4.1 14 320 M M 4 19 310
27 61 40 51 1 14 0 0.00 0.0 0 3.2 13 240 M M 2 19 300
28 51 33 42 -8 23 0 0.00 0.0 0 6.8 15 320 M M 2 21 290
29 53 32 43 -7 22 0 0.00 0.0 0 5.8 17 250 M M 0 24 260
30 57 30 44 -6 21 0 0.00 0.0 0 1.5 9 310 M M 0 1 15 300
31 66 28 47 -3 18 0 0.00 0.0 0 2.3 13 190 M M 0 1 16 190
================================================================================
SM 2010 1246 392 13 4.16 0.0 121.5 M 78
================================================================================
AV 64.8 40.2 3.9 FASTST M M 3 MAX(MPH)
MISC ----> 29 160 39 160
================================================================================
NOTES:
# LAST OF SEVERAL OCCURRENCES
COLUMN 17 PEAK WIND IN M.P.H.
PRELIMINARY LOCAL CLIMATOLOGICAL DATA (WS FORM: F-6) , PAGE 2
STATION: HATTIESBURG
MONTH: DECEMBER
YEAR: 2023
LATITUDE: 31 16 N
LONGITUDE: 89 15 W
[TEMPERATURE DATA] [PRECIPITATION DATA] SYMBOLS USED IN COLUMN 16
AVERAGE MONTHLY: 52.5 TOTAL FOR MONTH: 4.16 1 = FOG OR MIST
DPTR FM NORMAL: 1.1 DPTR FM NORMAL: -0.82 2 = FOG REDUCING VISIBILITY
HIGHEST: 79 ON 9 GRTST 24HR 1.47 ON 1- 2 TO 1/4 MILE OR LESS
LOWEST: 28 ON 31 3 = THUNDER
SNOW, ICE PELLETS, HAIL 4 = ICE PELLETS
TOTAL MONTH: 0.0 INCH 5 = HAIL
GRTST 24HR 0.0 6 = FREEZING RAIN OR DRIZZLE
GRTST DEPTH: 0 7 = DUSTSTORM OR SANDSTORM:
VSBY 1/2 MILE OR LESS
8 = SMOKE OR HAZE
[NO. OF DAYS WITH] [WEATHER - DAYS WITH] 9 = BLOWING SNOW
X = TORNADO
MAX 32 OR BELOW: 0 0.01 INCH OR MORE: 8
MAX 90 OR ABOVE: 0 0.10 INCH OR MORE: 5
MIN 32 OR BELOW: 10 0.50 INCH OR MORE: 4
MIN 0 OR BELOW: 0 1.00 INCH OR MORE: 2
[HDD (BASE 65) ]
TOTAL THIS MO. 392 CLEAR (SCALE 0-3) 21
DPTR FM NORMAL -44 PTCLDY (SCALE 4-7) 8
TOTAL FM JUL 1 667 CLOUDY (SCALE 8-10) 2
DPTR FM NORMAL -118
[CDD (BASE 65) ]
TOTAL THIS MO. 13
DPTR FM NORMAL -2 [PRESSURE DATA]
TOTAL FM JAN 1 3166 HIGHEST SLP 30.57 ON 14
DPTR FM NORMAL 688 LOWEST SLP 29.75 ON 25
[REMARKS]
#FINAL-12-23#