000
CXUS54 KOUN 010910
CF6HBR
PRELIMINARY LOCAL CLIMATOLOGICAL DATA (WS FORM: F-6)
STATION: HOBART
MONTH: NOVEMBER
YEAR: 2022
LATITUDE: 35 0 N
LONGITUDE: 99 3 W
TEMPERATURE IN F: :PCPN: SNOW: WIND :SUNSHINE: SKY :PK WND
================================================================================
1 2 3 4 5 6A 6B 7 8 9 10 11 12 13 14 15 16 17 18
12Z AVG MX 2MIN
DY MAX MIN AVG DEP HDD CDD WTR SNW DPTH SPD SPD DIR MIN PSBL S-S WX SPD DR
================================================================================
1 74 47 61 5 4 0 0.00 M M 12.0 20 180 M M 0 25 190
2 71 53 62 6 3 0 0.00 M M 16.3 25 180 M M 2 1 33 180
3 76 58 67 12 0 2 0.00 0.0 0 17.8 26 180 M M 4 1 34 180
4 69 38 54 -1 11 0 0.49 0.0 0 17.3 29 340 M M 7 13 36 180
5 60 34 47 -7 18 0 0.00 M M 13.8 25 210 M M 0 30 210
6 68 44 56 2 9 0 0.00 M M 9.2 20 180 M M 0 24 180
7 67 47 57 3 8 0 0.00 0.0 0 12.5 21 70 M M 3 1 26 60
8 77 65 71 18 0 6 0.00 0.0 0 15.1 18 180 M M 10 1 32 190
9 77 64 71 18 0 6 0.00 0.0 0 19.2 31 200 M M 6 1 37 180
10 73 45 59 7 6 0 0.32 M M 18.6 31 50 M M 8 1 38 50
11 46 29 38 -14 27 0 T M M 21.7 33 40 M M 4 1 41 40
12 51 23 37 -15 28 0 0.00 M M 6.9 12 170 M M 0 14 150
13 53 31 42 -9 23 0 0.00 M M M 25 270 M M M 30 170
14 41 27 34 -17 31 0 0.41 M M 11.3 24 350 M M M 12 29 350
15 44 21 33 -17 32 0 0.00 M M 6.2 13 20 M M M 15 10
16 48 26 37 -13 28 0 0.00 M M 7.5 14 210 M M M 17 30
17 56 26 41 -9 24 0 0.00 M M 12.8 29 50 M M 4 36 50
18 35 28 32 -17 33 0 0.00 M M 14.4 28 60 M M 8 34 50
19 50 27 39 -10 26 0 0.00 M M 8.2 17 20 M M 3 22 20
20 50 22 36 -12 29 0 0.00 M M 10.4 22 220 M M 0 28 210
21 57 29 43 -5 22 0 0.00 M M 11.2 21 220 M M 0 24 220
22 59 32 46 -2 19 0 0.00 M M 11.5 20 210 M M 2 12 26 210
23 56 39 48 1 17 0 0.00 M M 13.8 22 210 M M 7 1 29 210
24 53 39 46 -1 19 0 0.00 M M 15.3 26 20 M M 9 128 32 30
25 50 36 43 -3 22 0 0.05 M M 11.9 21 30 M M 3 28 30
26 46 42 44 -2 21 0 1.16 M M 9.1 15 330 M M 4 1 19 340
27 52 34 43 -3 22 0 0.00 M M 9.4 24 360 M M 0 28 360
28 63 33 48 3 17 0 0.00 M M 15.0 26 210 M M 0 31 210
29 60 30 45 0 20 0 0.00 M M 19.6 29 10 M M 0 37 10
30 42 22 32 -13 33 0 0.00 M M 7.3 17 10 M M 0 21 20
================================================================================
SM 1724 1091 552 14 2.43 0.0 375.3 M 84
================================================================================
AV 57.5 36.4 12.9 FASTST M M 3 MAX(MPH)
MISC ----> 33 40 41 40
================================================================================
NOTES:
# LAST OF SEVERAL OCCURRENCES
COLUMN 17 PEAK WIND IN M.P.H.
PRELIMINARY LOCAL CLIMATOLOGICAL DATA (WS FORM: F-6) , PAGE 2
STATION: HOBART
MONTH: NOVEMBER
YEAR: 2022
LATITUDE: 35 0 N
LONGITUDE: 99 3 W
[TEMPERATURE DATA] [PRECIPITATION DATA] SYMBOLS USED IN COLUMN 16
AVERAGE MONTHLY: 46.9 TOTAL FOR MONTH: 2.43 1 = FOG OR MIST
DPTR FM NORMAL: -3.3 DPTR FM NORMAL: 0.91 2 = FOG REDUCING VISIBILITY
HIGHEST: 77 ON 9, 8 GRTST 24HR 1.16 ON 26-26 TO 1/4 MILE OR LESS
LOWEST: 21 ON 15 3 = THUNDER
SNOW, ICE PELLETS, HAIL 4 = ICE PELLETS
TOTAL MONTH: 0.0 INCH 5 = HAIL
GRTST 24HR 0.0 6 = FREEZING RAIN OR DRIZZLE
GRTST DEPTH: 0 7 = DUSTSTORM OR SANDSTORM:
VSBY 1/2 MILE OR LESS
8 = SMOKE OR HAZE
[NO. OF DAYS WITH] [WEATHER - DAYS WITH] 9 = BLOWING SNOW
X = TORNADO
MAX 32 OR BELOW: 0 0.01 INCH OR MORE: 5
MAX 90 OR ABOVE: 0 0.10 INCH OR MORE: 4
MIN 32 OR BELOW: 14 0.50 INCH OR MORE: 1
MIN 0 OR BELOW: 0 1.00 INCH OR MORE: 1
[HDD (BASE 65) ]
TOTAL THIS MO. 552 CLEAR (SCALE 0-3) 14
DPTR FM NORMAL 102 PTCLDY (SCALE 4-7) 10
TOTAL FM JUL 1 676 CLOUDY (SCALE 8-10) 6
DPTR FM NORMAL 64
[CDD (BASE 65) ]
TOTAL THIS MO. 14
DPTR FM NORMAL 8 [PRESSURE DATA]
TOTAL FM JAN 1 2791 HIGHEST SLP 30.57 ON 16
DPTR FM NORMAL 485 LOWEST SLP 29.55 ON 29
[REMARKS]
#FINAL-11-22#