000
CXUS54 KOUN 010810
CF6HBR
PRELIMINARY LOCAL CLIMATOLOGICAL DATA (WS FORM: F-6)
STATION: HOBART
MONTH: JULY
YEAR: 2021
LATITUDE: 35 0 N
LONGITUDE: 99 3 W
TEMPERATURE IN F: :PCPN: SNOW: WIND :SUNSHINE: SKY :PK WND
================================================================================
1 2 3 4 5 6A 6B 7 8 9 10 11 12 13 14 15 16 17 18
12Z AVG MX 2MIN
DY MAX MIN AVG DEP HDD CDD WTR SNW DPTH SPD SPD DIR MIN PSBL S-S WX SPD DR
================================================================================
1 93 72 83 0 0 18 0.16 M M 8.5 30 350 M M 6 13 35 340
2 87 71 79 -4 0 14 0.70 M M 4.8 17 90 M M 7 1 22 80
3 83 70 77 -6 0 12 0.51 M M 7.2 16 70 M M 6 1 20 90
4 87 66 77 -7 0 12 0.00 M M 8.1 15 160 M M 4 1 19 150
5 87 67 77 -7 0 12 0.00 0.0 M 8.4 17 170 M M 4 22 170
6 89 68 79 -5 0 14 0.00 M M 7.0 15 160 M M 2 1 20 160
7 94 70 82 -2 0 17 T 0.0 M 4.7 16 80 M M 3 138 22 80
8 93 69 81 -3 0 16 0.00 M M 6.1 14 160 M M 2 17 220
9 91 70 81 -3 0 16 0.00 M M 13.5 23 180 M M 0 34 170
10 94 72 83 -1 0 18 0.49 M M 10.4 24 220 M M 3 13 33 90
11 89 67 78 -6 0 13 0.00 M M 8.5 20 350 M M 1 3 25 350
12 87 63 75 -9 0 10 0.00 M M 6.0 15 180 M M 2 19 190
13 92 67 80 -5 0 15 0.00 M M 11.6 23 200 M M 1 29 190
14 91 70 81 -4 0 16 0.00 M M 16.6 29 190 M M 0 37 170
15 91 72 82 -3 0 17 T M M 14.9 23 170 M M 1 3 28 210
16 92 72 82 -3 0 17 0.17 M M 10.2 25 220 M M 1 13 31 210
17 95 71 83 -2 0 18 0.17 M M 8.7 28 80 M M 1 13 36 70
18 93 70 82 -3 0 17 0.56 M M 8.5 28 360 M M 3 13 37 360
19 88 68 78 -7 0 13 0.00 M M 8.5 16 60 M M 1 1 21 50
20 87 65 76 -9 0 11 0.00 M M 7.6 15 50 M M 1 20 50
21 87 64 76 -9 0 11 0.00 M M 5.2 12 170 M M 2 18 14 170
22 91 67 79 -6 0 14 0.00 0.0 M 10.4 18 180 M M 1 1 24 210
23 93 72 83 -2 0 18 0.00 M M 12.8 20 170 M M 0 27 180
24 97 75 86 1 0 21 0.00 M M 12.4 20 210 M M 0 25 200
25 99 74 87 2 0 22 T M M 11.3 33 30 M M 1 3 46 20
26 97 71 84 -2 0 19 0.01 M M 8.6 24 40 M M 2 3 33 40
27 101 74 88 2 0 23 0.43 M M 6.9 30 350 M M 3 3 55 350
28 97 73 85 -1 0 20 0.00 M M 8.6 16 130 M M 1 22 190
29 98 74 86 0 0 21 0.00 M M 7.6 14 160 M M 1 19 130
30 99 72 86 0 0 21 0.00 M M 7.3 20 160 M M 1 1 23 160
31 101 74 88 3 0 23 0.00 M M 9.1 15 230 M M 1 19 230
================================================================================
SM 2863 2170 0 509 3.20 0.0 280.0 M 62
================================================================================
AV 92.4 70.0 9.0 FASTST M M 2 MAX(MPH)
MISC ----> 33 30 55 350
================================================================================
NOTES:
# LAST OF SEVERAL OCCURRENCES
COLUMN 17 PEAK WIND IN M.P.H.
PRELIMINARY LOCAL CLIMATOLOGICAL DATA (WS FORM: F-6) , PAGE 2
STATION: HOBART
MONTH: JULY
YEAR: 2021
LATITUDE: 35 0 N
LONGITUDE: 99 3 W
[TEMPERATURE DATA] [PRECIPITATION DATA] SYMBOLS USED IN COLUMN 16
AVERAGE MONTHLY: 81.2 TOTAL FOR MONTH: 3.20 1 = FOG OR MIST
DPTR FM NORMAL: -3.5 DPTR FM NORMAL: 0.48 2 = FOG REDUCING VISIBILITY
HIGHEST: 101 ON 31,27 GRTST 24HR 0.86 ON 1- 2 TO 1/4 MILE OR LESS
LOWEST: 63 ON 12 3 = THUNDER
SNOW, ICE PELLETS, HAIL 4 = ICE PELLETS
TOTAL MONTH: 0.0 INCH 5 = HAIL
GRTST 24HR 0.0 6 = FREEZING RAIN OR DRIZZLE
GRTST DEPTH: M ON M 7 = DUSTSTORM OR SANDSTORM:
VSBY 1/2 MILE OR LESS
8 = SMOKE OR HAZE
[NO. OF DAYS WITH] [WEATHER - DAYS WITH] 9 = BLOWING SNOW
X = TORNADO
MAX 32 OR BELOW: 0 0.01 INCH OR MORE: 9
MAX 90 OR ABOVE: 21 0.10 INCH OR MORE: 8
MIN 32 OR BELOW: 0 0.50 INCH OR MORE: 3
MIN 0 OR BELOW: 0 1.00 INCH OR MORE: 0
[HDD (BASE 65) ]
TOTAL THIS MO. 0 CLEAR (SCALE 0-3) 26
DPTR FM NORMAL 0 PTCLDY (SCALE 4-7) 5
TOTAL FM JUL 1 0 CLOUDY (SCALE 8-10) 0
DPTR FM NORMAL 0
[CDD (BASE 65) ]
TOTAL THIS MO. 509
DPTR FM NORMAL -102 [PRESSURE DATA]
TOTAL FM JAN 1 1106 HIGHEST SLP M ON M
DPTR FM NORMAL -225 LOWEST SLP 29.82 ON 10
[REMARKS]
#FINAL-07-21#