314
CXUS54 KOUN 010910
CF6HBR
PRELIMINARY LOCAL CLIMATOLOGICAL DATA (WS FORM: F-6)
STATION: HOBART
MONTH: FEBRUARY
YEAR: 2021
LATITUDE: 35 0 N
LONGITUDE: 99 3 W
TEMPERATURE IN F: :PCPN: SNOW: WIND :SUNSHINE: SKY :PK WND
================================================================================
1 2 3 4 5 6A 6B 7 8 9 10 11 12 13 14 15 16 17 18
12Z AVG MX 2MIN
DY MAX MIN AVG DEP HDD CDD WTR SNW DPTH SPD SPD DIR MIN PSBL S-S WX SPD DR
================================================================================
1 60 25 43 3 22 0 0.00 M M 8.5 18 180 M M 0 22 180
2 64 38 51 11 14 0 0.00 M M 14.9 28 200 M M 0 33 200
3 65 34 50 10 15 0 0.00 M M 13.3 26 190 M M 0 8 33 190
4 56 29 43 3 22 0 0.00 M M 18.7 35 350 M M 1 42 340
5 56 27 42 2 23 0 0.00 M M 9.5 20 170 M M 2 24 190
6 56 26 41 1 24 0 0.03 M M 16.0 30 130 M M 7 1 36 140
7 43 26 35 -5 30 0 0.00 M M 11.5 18 80 M M 7 1 22 80
8 37 19 28 -13 37 0 T M M 16.8 25 40 M M 10 16 30 30
9 22 18 20 -21 45 0 0.00 M M 13.9 18 20 M M 10 1 22 30
10 22 18 20 -21 45 0 T M M 15.6 23 20 M M 10 16 28 30
11 22 15 19 -22 46 0 T M M 15.5 21 30 M M 10 1 24 20
12 20 12 16 -26 49 0 T M M 17.5 24 20 M M 10 18 29 10
13 22 9 16 -26 49 0 T M M 16.9 24 50 M M 8 29 60
14 13 2 8 -34 57 0 M M M 22.3 32 30 M M 10 129 40 30
15 7 -6 1 -41 64 0 T T M 12.2 24 20 M M 2 1 29 10
16 11 -9 1 -41 64 0 0.06 M M 9.0 15 80 M M 6 12 17 80
17 18 4 11 -32 54 0 0.01 M M 8.7 13 20 M M 5 1 14 30
18 26 -1 13 -30 52 0 0.00 M M 8.8 18 20 M M 3 20 20
19 30 0 15 -28 50 0 0.00 M M 9.2 21 180 M M 0 1 24 190
20 42 13 28 -15 37 0 0.00 M M 9.8 29 170 M M 0 18 35 170
21 59 30 45 1 20 0 0.00 M M 27.0 32 180 M M 0 37 180
22 65 24 45 1 20 0 0.00 M M M M M M M 0 M M
23 74 28 51 7 14 0 0.00 M M M M M M M 0 M M
24 60 32 46 2 19 0 0.00 M M M M M M M 0 M M
25 50 31 41 -4 24 0 0.00 0.0 0 M M M M M 6 M M
26 61 27 44 -1 21 0 0.00 M M M M M M M 2 M M
27 62 42 52 7 13 0 0.00 0.0 0 M M M M M 7 12 M M
28 61 39 50 4 15 0 0.00 M M M M M M M 2 1 M M
================================================================================
SM 1184 552 945 0 0.10 T 295.6 M 118
================================================================================
AV 42.3 19.7 14.1 FASTST M M 4 MAX(MPH)
MISC ----> 35 350 42 340
================================================================================
NOTES:
# LAST OF SEVERAL OCCURRENCES
COLUMN 17 PEAK WIND IN M.P.H.
PRELIMINARY LOCAL CLIMATOLOGICAL DATA (WS FORM: F-6) , PAGE 2
STATION: HOBART
MONTH: FEBRUARY
YEAR: 2021
LATITUDE: 35 0 N
LONGITUDE: 99 3 W
[TEMPERATURE DATA] [PRECIPITATION DATA] SYMBOLS USED IN COLUMN 16
AVERAGE MONTHLY: 31.0 TOTAL FOR MONTH: 0.10 1 = FOG OR MIST
DPTR FM NORMAL: -11.3 DPTR FM NORMAL: -0.99 2 = FOG REDUCING VISIBILITY
HIGHEST: 74 ON 23 GRTST 24HR 0.07 ON 16-17 TO 1/4 MILE OR LESS
LOWEST: -9 ON 16 3 = THUNDER
SNOW, ICE PELLETS, HAIL 4 = ICE PELLETS
TOTAL MONTH: T 5 = HAIL
GRTST 24HR T ON 15-15 6 = FREEZING RAIN OR DRIZZLE
GRTST DEPTH: 0 7 = DUSTSTORM OR SANDSTORM:
VSBY 1/2 MILE OR LESS
8 = SMOKE OR HAZE
[NO. OF DAYS WITH] [WEATHER - DAYS WITH] 9 = BLOWING SNOW
X = TORNADO
MAX 32 OR BELOW: 11 0.01 INCH OR MORE: 3
MAX 90 OR ABOVE: 0 0.10 INCH OR MORE: 0
MIN 32 OR BELOW: 24 0.50 INCH OR MORE: 0
MIN 0 OR BELOW: 4 1.00 INCH OR MORE: 0
[HDD (BASE 65) ]
TOTAL THIS MO. 945 CLEAR (SCALE 0-3) 15
DPTR FM NORMAL 308 PTCLDY (SCALE 4-7) 7
TOTAL FM JUL 1 2917 CLOUDY (SCALE 8-10) 6
DPTR FM NORMAL -25
[CDD (BASE 65) ]
TOTAL THIS MO. 0
DPTR FM NORMAL 0 [PRESSURE DATA]
TOTAL FM JAN 1 0 HIGHEST SLP 30.57 ON 18
DPTR FM NORMAL 0 LOWEST SLP 29.50 ON 4
[REMARKS]
#FINAL-02-21#