000
CXUS54 KEWX 011010
CF6HDO
PRELIMINARY LOCAL CLIMATOLOGICAL DATA (WS FORM: F-6)
STATION: HONDO
MONTH: NOVEMBER
YEAR: 2020
LATITUDE: 29 21 N
LONGITUDE: 99 10 W
TEMPERATURE IN F: :PCPN: SNOW: WIND :SUNSHINE: SKY :PK WND
================================================================================
1 2 3 4 5 6A 6B 7 8 9 10 11 12 13 14 15 16 17 18
12Z AVG MX 2MIN
DY MAX MIN AVG DEP HDD CDD WTR SNW DPTH SPD SPD DIR MIN PSBL S-S WX SPD DR
================================================================================
1 86 45 66 0 0 1 0.00 M M 8.5 17 60 M M 0 28 50
2 77 39 58 -7 7 0 0.00 M M 5.7 12 30 M M 0 16 150
3 80 38 59 -6 6 0 0.00 M M 8.1 15 170 M M 0 20 190
4 81 42 62 -3 3 0 0.00 M M 7.3 16 150 M M 0 22 190
5 83 49 66 2 0 1 0.00 M M 4.8 14 190 M M 2 18 24 240
6 81 50 66 2 0 1 0.00 M M 5.6 14 120 M M 2 17 140
7 80 54 67 3 0 2 0.00 M M 6.3 15 140 M M 5 1 21 150
8 83 65 74 11 0 9 T M M 11.0 21 160 M M 6 30 150
9 83 68 76 13 0 11 0.00 M M 10.5 18 150 M M 7 24 150
10 77 53 65 3 0 0 0.02 M M 7.9 26 10 M M 7 18 33 360
11 84 53 69 7 0 4 0.00 M M 5.3 12 90 M M 4 17 160
12 84 58 71 9 0 6 0.00 M M 5.4 13 140 M M 5 12 17 160
13 82 60 71 10 0 6 0.00 M M 7.8 14 130 M M 8 18 120
14 87 61 74 13 0 9 0.00 M M 9.3 22 180 M M 5 28 190
15 78 48 63 3 2 0 0.00 M M 11.0 29 40 M M 0 37 40
16 78 39 59 -1 6 0 0.00 M M 6.1 13 140 M M 0 15 140
17 77 42 60 0 5 0 0.00 M M 6.7 15 110 M M 0 20 120
18 78 37 58 -1 7 0 0.00 M M 8.2 17 150 M M 2 25 140
19 81 49 65 6 0 0 0.00 M M 7.2 16 160 M M 2 12 21 190
20 82 52 67 9 0 2 0.00 M M 6.6 16 180 M M 2 12 31 130
21 81 55 68 10 0 3 T M M 6.2 15 160 M M 7 12 19 120
22 79 63 71 13 0 6 0.00 M M 6.1 16 80 M M 8 21 80
23 74 58 66 9 0 1 T M M 12.2 21 150 M M 8 28 150
24 86 66 76 19 0 11 T M M 10.5 22 190 M M 6 29 160
25 81 48 65 8 0 0 0.00 M M 8.3 21 350 M M 0 28 350
26 77 44 61 5 4 0 0.00 M M 5.4 12 150 M M 4 16 160
27 75 61 68 12 0 3 0.18 M M 10.5 21 40 M M 7 1 26 150
28 61 51 56 0 9 0 1.78 M M 11.5 21 70 M M 10 13 26 70
29 67 43 55 0 10 0 T M M 11.5 24 10 M M 0 31 20
30 61 30 46 -9 19 0 0.00 M M 9.5 21 10 M M 0 28 10
================================================================================
SM 2364 1521 78 76 1.98 M 241.0 M 107
================================================================================
AV 78.8 50.7 8.0 FASTST M M 4 MAX(MPH)
MISC ----> # 29 40 # 37 40
================================================================================
NOTES:
# LAST OF SEVERAL OCCURRENCES
COLUMN 17 PEAK WIND IN M.P.H.
PRELIMINARY LOCAL CLIMATOLOGICAL DATA (WS FORM: F-6) , PAGE 2
STATION: HONDO
MONTH: NOVEMBER
YEAR: 2020
LATITUDE: 29 21 N
LONGITUDE: 99 10 W
[TEMPERATURE DATA] [PRECIPITATION DATA] SYMBOLS USED IN COLUMN 16
AVERAGE MONTHLY: 64.8 TOTAL FOR MONTH: 1.98 1 = FOG OR MIST
DPTR FM NORMAL: 4.5 DPTR FM NORMAL: 0.40 2 = FOG REDUCING VISIBILITY
HIGHEST: 87 ON 14 GRTST 24HR 1.78 ON 28-28 TO 1/4 MILE OR LESS
LOWEST: 30 ON 30 3 = THUNDER
SNOW, ICE PELLETS, HAIL 4 = ICE PELLETS
TOTAL MONTH: M 5 = HAIL
GRTST 24HR M ON M 6 = FREEZING RAIN OR DRIZZLE
GRTST DEPTH: M ON M 7 = DUSTSTORM OR SANDSTORM:
VSBY 1/2 MILE OR LESS
8 = SMOKE OR HAZE
[NO. OF DAYS WITH] [WEATHER - DAYS WITH] 9 = BLOWING SNOW
X = TORNADO
MAX 32 OR BELOW: 0 0.01 INCH OR MORE: 3
MAX 90 OR ABOVE: 0 0.10 INCH OR MORE: 2
MIN 32 OR BELOW: 1 0.50 INCH OR MORE: 1
MIN 0 OR BELOW: 0 1.00 INCH OR MORE: 1
[HDD (BASE 65) ]
TOTAL THIS MO. 78 CLEAR (SCALE 0-3) 15
DPTR FM NORMAL -115 PTCLDY (SCALE 4-7) 14
TOTAL FM JUL 1 145 CLOUDY (SCALE 8-10) 1
DPTR FM NORMAL -84
[CDD (BASE 65) ]
TOTAL THIS MO. 76
DPTR FM NORMAL 25 [PRESSURE DATA]
TOTAL FM JAN 1 3373 HIGHEST SLP 30.50 ON 30
DPTR FM NORMAL 455 LOWEST SLP 29.72 ON 24
[REMARKS]
#FINAL-11-20#