000
CXUS51 KLWX 010815
CF6HGR
PRELIMINARY LOCAL CLIMATOLOGICAL DATA (WS FORM: F-6)
STATION: HAGERSTOWN MD
MONTH: JUNE
YEAR: 2022
LATITUDE: 39 42 N
LONGITUDE: 77 43 W
TEMPERATURE IN F: :PCPN: SNOW: WIND :SUNSHINE: SKY :PK WND
================================================================================
1 2 3 4 5 6A 6B 7 8 9 10 11 12 13 14 15 16 17 18
12Z AVG MX 2MIN
DY MAX MIN AVG DEP HDD CDD WTR SNW DPTH SPD SPD DIR MIN PSBL S-S WX SPD DR
================================================================================
1 92 69 81 12 0 16 0.00 M M 5.8 16 270 M M 1 24 250
2 82 70 76 7 0 11 T M M 4.9 15 290 M M 5 3 19 280
3 80 61 71 1 0 6 0.00 M M 8.4 18 310 M M 1 24 10
4 83 55 69 -1 0 4 0.00 M M 6.4 17 290 M M 0 33 300
5 79 54 67 -3 0 2 0.00 M M 4.2 10 50 M M 0 14 40
6 82 58 70 0 0 5 0.00 M M 10.7 21 160 M M 0 28 190
7 74 63 69 -2 0 4 0.09 M M 12.8 23 180 M M 5 1 31 150
8 84 65 75 4 0 10 0.23 M M 6.0 18 170 M M 7 12 24 170
9 78 63 71 0 0 6 0.01 M M 12.9 29 290 M M 3 35 300
10 79 59 69 -3 0 4 0.00 M M 5.9 17 300 M M 1 23 290
11 70 60 65 -7 0 0 0.10 M M 3.3 10 60 M M 7 1 13 90
12 81 60 71 -1 0 6 0.12 M M 5.0 13 180 M M 6 18 16 180
13 90 70 80 7 0 15 0.03 M M 3.8 10 320 M M 4 1 16 280
14 81 69 75 2 0 10 0.53 M M 5.0 32 270 M M 5 138 41 270
15 86 65 76 3 0 11 0.00 M M 6.2 14 170 M M 4 1 17 190
16 86 75 81 7 0 16 0.35 M M M M M M M 8 13 M M
17 93 72 83 9 0 18 0.00 M M 10.8 31 290 M M 1 43 280
18 76 61 69 -5 0 4 0.00 M M 15.4 28 320 M M 4 37 320
19 77 52 65 -9 0 0 0.00 M M 12.1 24 300 M M 0 31 310
20 81 54 68 -6 0 3 0.00 M M 5.4 17 320 M M 5 21 320
21 83 64 74 -1 0 9 0.02 M M 5.9 14 220 M M 3 18 220
22 89 68 79 4 0 14 0.77 M M 5.3 31 70 M M 4 13 39 60
23 76 66 71 -4 0 6 0.03 M M 5.4 9 180 M M 9 1 13 110
24 84 65 75 -1 0 10 0.00 M M 4.1 9 160 M M 5 1 14 210
25 89 67 78 2 0 13 0.00 M M 5.1 13 160 M M 1 1 17 150
26 89 72 81 5 0 16 0.04 M M 9.2 21 170 M M 5 13 27 180
27 83 65 74 -2 0 9 0.05 M M 7.7 17 320 M M 5 1 23 310
28 80 58 69 -7 0 4 0.00 M M 4.9 14 280 M M 0 20 220
29 87 60 74 -2 0 9 0.00 M M 4.6 14 270 M M 1 17 270
30 88 62 75 -2 0 10 0.00 M M 3.8 12 160 M M 0 16 230
================================================================================
SM 2482 1902 0 251 2.37 M 201.0 M 100
================================================================================
AV 82.7 63.4 6.9 FASTST M M 3 MAX(MPH)
MISC ----> 32 270 43 280
================================================================================
NOTES:
# LAST OF SEVERAL OCCURRENCES
COLUMN 17 PEAK WIND IN M.P.H.
PRELIMINARY LOCAL CLIMATOLOGICAL DATA (WS FORM: F-6) , PAGE 2
STATION: HAGERSTOWN MD
MONTH: JUNE
YEAR: 2022
LATITUDE: 39 42 N
LONGITUDE: 77 43 W
[TEMPERATURE DATA] [PRECIPITATION DATA] SYMBOLS USED IN COLUMN 16
AVERAGE MONTHLY: 73.1 TOTAL FOR MONTH: 2.37 1 = FOG OR MIST
DPTR FM NORMAL: 0.0 DPTR FM NORMAL: -0.99 2 = FOG REDUCING VISIBILITY
HIGHEST: 93 ON 17 GRTST 24HR 0.80 ON 22-23 TO 1/4 MILE OR LESS
LOWEST: 52 ON 19 3 = THUNDER
SNOW, ICE PELLETS, HAIL 4 = ICE PELLETS
TOTAL MONTH: M 5 = HAIL
GRTST 24HR M ON M 6 = FREEZING RAIN OR DRIZZLE
GRTST DEPTH: M ON M 7 = DUSTSTORM OR SANDSTORM:
VSBY 1/2 MILE OR LESS
8 = SMOKE OR HAZE
[NO. OF DAYS WITH] [WEATHER - DAYS WITH] 9 = BLOWING SNOW
X = TORNADO
MAX 32 OR BELOW: 0 0.01 INCH OR MORE: 13
MAX 90 OR ABOVE: 3 0.10 INCH OR MORE: 6
MIN 32 OR BELOW: 0 0.50 INCH OR MORE: 2
MIN 0 OR BELOW: 0 1.00 INCH OR MORE: 0
[HDD (BASE 65) ]
TOTAL THIS MO. 0 CLEAR (SCALE 0-3) 13
DPTR FM NORMAL -10 PTCLDY (SCALE 4-7) 16
TOTAL FM JUL 1 4402 CLOUDY (SCALE 8-10) 1
DPTR FM NORMAL -310
[CDD (BASE 65) ]
TOTAL THIS MO. 251
DPTR FM NORMAL -4 [PRESSURE DATA]
TOTAL FM JAN 1 355 HIGHEST SLP 30.28 ON 30
DPTR FM NORMAL -14 LOWEST SLP 29.64 ON 9
[REMARKS]
#FINAL-06-22#