000
CXUS56 KPQR 231201
CF6HIO
PRELIMINARY LOCAL CLIMATOLOGICAL DATA (WS FORM: F-6)
STATION: HILLSBORO OR
MONTH: APRIL
YEAR: 2024
LATITUDE: 45 32 N
LONGITUDE: 122 57 W
TEMPERATURE IN F: :PCPN: SNOW: WIND :SUNSHINE: SKY :PK WND
================================================================================
1 2 3 4 5 6A 6B 7 8 9 10 11 12 13 14 15 16 17 18
12Z AVG MX 2MIN
DY MAX MIN AVG DEP HDD CDD WTR SNW DPTH SPD SPD DIR MIN PSBL S-S WX SPD DR
================================================================================
1 70 37 54 6 11 0 0.00 M M 1.5 8 220 M M 0 11 210
2 74 42 58 10 7 0 T M M 5.8 18 310 M M 2 1 25 270
3 53 39 46 -2 19 0 0.01 M M 5.4 15 320 M M 8 19 330
4 51 35 43 -5 22 0 0.04 M M 4.8 14 160 M M 6 18 290
5 53 34 44 -4 21 0 0.08 M M 2.9 18 290 M M 7 1 25 290
6 53 34 44 -4 21 0 0.18 M M 6.0 15 200 M M 9 1 22 180
7 56 41 49 1 16 0 0.07 M M 3.2 15 240 M M 8 12 21 210
8 55 40 48 -1 17 0 0.02 M M 5.6 15 170 M M 10 23 160
9 64 41 53 4 12 0 T M M 6.3 15 290 M M 5 21 310
10 66 34 50 1 15 0 0.00 M M 3.1 9 290 M M 0 12 300
11 62 39 51 2 14 0 0.06 M M 3.2 14 270 M M 4 22 280
12 68 46 57 8 8 0 0.01 M M 4.3 12 20 M M 4 17 50
13 67 43 55 6 10 0 0.00 M M 3.0 9 140 M M 1 9 140
14 69 47 58 8 7 0 0.00 M M 8.3 20 340 M M 1 23 330
15 57 42 50 0 15 0 T M M 6.8 15 320 M M 8 1 21 320
16 56 37 47 -3 18 0 T M M 6.1 16 330 M M 5 22 320
17 64 31 48 -2 17 0 0.00 M M 5.9 12 350 M M 0 18 40
18 69 34 52 2 13 0 0.00 M M 7.9 13 40 M M 0 20 20
19 70 50 60 10 5 0 0.00 M M 13.6 22 50 M M 0 30 50
20 68 39 54 3 11 0 0.00 M M 6.9 21 250 M M 3 34 260
21 61 33 47 -4 18 0 0.00 M M 4.3 16 330 M M 2 20 340
22 70 36 53 2 12 0 0.00 M M 4.4 12 30 M M 0 16 10
================================================================================
SM 1376 854 309 0 0.47 M 119.3 M 83
================================================================================
AV 62.5 38.8 5.4 FASTST M M 4 MAX(MPH)
MISC ----> 22 50 34 260
================================================================================
NOTES:
# LAST OF SEVERAL OCCURRENCES
COLUMN 17 PEAK WIND IN M.P.H.
PRELIMINARY LOCAL CLIMATOLOGICAL DATA (WS FORM: F-6) , PAGE 2
STATION: HILLSBORO OR
MONTH: APRIL
YEAR: 2024
LATITUDE: 45 32 N
LONGITUDE: 122 57 W
[TEMPERATURE DATA] [PRECIPITATION DATA] SYMBOLS USED IN COLUMN 16
AVERAGE MONTHLY: 50.7 TOTAL FOR MONTH: 0.47 1 = FOG OR MIST
DPTR FM NORMAL: 1.5 DPTR FM NORMAL: -1.55 2 = FOG REDUCING VISIBILITY
HIGHEST: 74 ON 2 GRTST 24HR 0.18 ON 6- 6 TO 1/4 MILE OR LESS
LOWEST: 31 ON 17 3 = THUNDER
SNOW, ICE PELLETS, HAIL 4 = ICE PELLETS
TOTAL MONTH: M 5 = HAIL
GRTST 24HR M ON M 6 = FREEZING RAIN OR DRIZZLE
GRTST DEPTH: M ON M 7 = DUSTSTORM OR SANDSTORM:
VSBY 1/2 MILE OR LESS
8 = SMOKE OR HAZE
[NO. OF DAYS WITH] [WEATHER - DAYS WITH] 9 = BLOWING SNOW
X = TORNADO
MAX 32 OR BELOW: 0 0.01 INCH OR MORE: 8
MAX 90 OR ABOVE: 0 0.10 INCH OR MORE: 1
MIN 32 OR BELOW: 1 0.50 INCH OR MORE: 0
MIN 0 OR BELOW: 0 1.00 INCH OR MORE: 0
[HDD (BASE 65) ]
TOTAL THIS MO. 309 CLEAR (SCALE 0-3) 11
DPTR FM NORMAL -38 PTCLDY (SCALE 4-7) 8
TOTAL FM JUL 1 3930 CLOUDY (SCALE 8-10) 3
DPTR FM NORMAL -386
[CDD (BASE 65) ]
TOTAL THIS MO. 0
DPTR FM NORMAL 0 [PRESSURE DATA]
TOTAL FM JAN 1 0 HIGHEST SLP M ON M
DPTR FM NORMAL 0 LOWEST SLP 29.69 ON 12
[REMARKS]