000
CXUS56 KPQR 011610
CF6HIO
PRELIMINARY LOCAL CLIMATOLOGICAL DATA (WS FORM: F-6)
STATION: HILLSBORO OR
MONTH: JUNE
YEAR: 2022
LATITUDE: 45 32 N
LONGITUDE: 122 57 W
TEMPERATURE IN F: :PCPN: SNOW: WIND :SUNSHINE: SKY :PK WND
================================================================================
1 2 3 4 5 6A 6B 7 8 9 10 11 12 13 14 15 16 17 18
12Z AVG MX 2MIN
DY MAX MIN AVG DEP HDD CDD WTR SNW DPTH SPD SPD DIR MIN PSBL S-S WX SPD DR
================================================================================
1 77 53 65 6 0 0 0.00 M M 4.3 14 330 M M 1 20 330
2 77 50 64 5 1 0 0.00 M M 2.3 9 290 M M 2 1 12 270
3 65 54 60 1 5 0 0.05 M M 6.6 16 170 M M 9 1 20 180
4 64 54 59 0 6 0 0.44 M M 5.8 14 150 M M 10 1 19 160
5 69 55 62 3 3 0 0.14 M M 6.9 17 250 M M 9 18 22 230
6 66 48 57 -3 8 0 0.00 M M 4.5 10 280 M M 8 14 310
7 72 43 58 -2 7 0 0.00 M M 4.4 15 180 M M 3 19 170
8 75 55 65 5 0 0 0.00 M M 4.5 10 300 M M 4 14 280
9 66 54 60 0 5 0 0.34 M M 3.5 14 180 M M 9 1 19 210
10 67 56 62 2 3 0 0.78 M M 5.0 12 180 M M 10 1 14 180
11 65 51 58 -2 7 0 0.02 M M 2.2 9 330 M M 10 1 11 340
12 60 49 55 -5 10 0 0.02 M M 7.6 18 290 M M 9 1 23 290
13 61 48 55 -5 10 0 T M M 7.0 15 240 M M 9 19 240
14 66 47 57 -3 8 0 0.04 M M 5.2 12 330 M M 8 1 14 320
15 68 46 57 -4 8 0 T M M 2.4 14 340 M M 3 8 16 290
16 70 53 62 1 3 0 0.02 M M 5.5 15 260 M M 8 19 260
17 62 50 56 -5 9 0 0.15 M M 4.2 12 300 M M 7 1 15 300
18 64 49 57 -4 8 0 0.01 M M 3.3 15 300 M M 10 17 290
19 65 51 58 -3 7 0 0.05 M M 2.6 14 300 M M 10 1 15 300
20 72 53 63 1 2 0 0.00 M M 5.6 14 310 M M 5 20 310
21 82 49 66 4 0 1 0.00 M M 6.5 16 310 M M 0 21 320
22 79 49 64 2 1 0 0.00 M M 7.6 20 320 M M 2 25 320
23 76 44 60 -2 5 0 0.00 M M 5.6 16 320 M M 0 21 340
24 84 46 65 3 0 0 0.00 M M 5.2 12 360 M M 0 17 20
25 91 51 71 8 0 6 0.00 M M 8.8 21 70 M M 0 29 70
26 97 53 75 12 0 10 0.00 M M 5.0 10 360 M M 0 14 30
27 92 58 75 12 0 10 0.00 M M 5.8 16 200 M M 0 20 190
28 70 51 61 -2 4 0 0.00 M M 8.4 16 250 M M 4 22 270
29 76 49 63 -1 2 0 0.00 M M 4.2 12 300 M M 4 16 60
30 81 47 64 0 1 0 0.00 M M 4.9 14 310 M M 2 18 330
================================================================================
SM 2179 1516 123 27 2.06 M 155.4 M 156
================================================================================
AV 72.6 50.5 5.2 FASTST M M 5 MAX(MPH)
MISC ----> 21 70 29 70
================================================================================
NOTES:
# LAST OF SEVERAL OCCURRENCES
COLUMN 17 PEAK WIND IN M.P.H.
PRELIMINARY LOCAL CLIMATOLOGICAL DATA (WS FORM: F-6) , PAGE 2
STATION: HILLSBORO OR
MONTH: JUNE
YEAR: 2022
LATITUDE: 45 32 N
LONGITUDE: 122 57 W
[TEMPERATURE DATA] [PRECIPITATION DATA] SYMBOLS USED IN COLUMN 16
AVERAGE MONTHLY: 61.6 TOTAL FOR MONTH: 2.06 1 = FOG OR MIST
DPTR FM NORMAL: 0.6 DPTR FM NORMAL: 0.75 2 = FOG REDUCING VISIBILITY
HIGHEST: 97 ON 26 GRTST 24HR 0.82 ON 9-10 TO 1/4 MILE OR LESS
LOWEST: 43 ON 7 3 = THUNDER
SNOW, ICE PELLETS, HAIL 4 = ICE PELLETS
TOTAL MONTH: M 5 = HAIL
GRTST 24HR M ON M 6 = FREEZING RAIN OR DRIZZLE
GRTST DEPTH: M ON M 7 = DUSTSTORM OR SANDSTORM:
VSBY 1/2 MILE OR LESS
8 = SMOKE OR HAZE
[NO. OF DAYS WITH] [WEATHER - DAYS WITH] 9 = BLOWING SNOW
X = TORNADO
MAX 32 OR BELOW: 0 0.01 INCH OR MORE: 12
MAX 90 OR ABOVE: 3 0.10 INCH OR MORE: 5
MIN 32 OR BELOW: 0 0.50 INCH OR MORE: 1
MIN 0 OR BELOW: 0 1.00 INCH OR MORE: 0
[HDD (BASE 65) ]
TOTAL THIS MO. 123 CLEAR (SCALE 0-3) 12
DPTR FM NORMAL -24 PTCLDY (SCALE 4-7) 7
TOTAL FM JUL 1 4934 CLOUDY (SCALE 8-10) 11
DPTR FM NORMAL 104
[CDD (BASE 65) ]
TOTAL THIS MO. 27
DPTR FM NORMAL -1 [PRESSURE DATA]
TOTAL FM JAN 1 27 HIGHEST SLP 30.34 ON 20
DPTR FM NORMAL -11 LOWEST SLP 29.62 ON 5
[REMARKS]
#FINAL-06-22#