000
CXUS56 KPQR 011210
CF6HIO
PRELIMINARY LOCAL CLIMATOLOGICAL DATA (WS FORM: F-6)
STATION: HILLSBORO OR
MONTH: FEBRUARY
YEAR: 2021
LATITUDE: 45 32 N
LONGITUDE: 122 57 W
TEMPERATURE IN F: :PCPN: SNOW: WIND :SUNSHINE: SKY :PK WND
================================================================================
1 2 3 4 5 6A 6B 7 8 9 10 11 12 13 14 15 16 17 18
12Z AVG MX 2MIN
DY MAX MIN AVG DEP HDD CDD WTR SNW DPTH SPD SPD DIR MIN PSBL S-S WX SPD DR
================================================================================
1 50 46 48 6 17 0 0.54 M M 8.1 17 180 M M 10 1 22 170
2 50 40 45 3 20 0 0.46 M M 10.8 26 180 M M 8 1 37 180
3 46 35 41 -1 24 0 0.10 M M 3.1 21 180 M M 10 1 25 180
4 45 36 41 -1 24 0 0.01 M M 3.9 13 180 M M 9 1 16 190
5 52 33 43 1 22 0 0.03 M M 5.0 16 170 M M 8 1 20 180
6 48 31 40 -2 25 0 0.01 M M 5.7 18 180 M M 9 12 26 210
7 49 36 43 1 22 0 0.02 M M 4.6 15 270 M M 10 1 20 280
8 45 31 38 -4 27 0 0.00 M M 2.4 9 340 M M 9 1 12 340
9 47 27 37 -5 28 0 0.00 M M 0.9 6 50 M M 3 12 8 40
10 47 31 39 -3 26 0 0.00 M M 2.0 9 40 M M 8 13 40
11 40 28 34 -8 31 0 0.10 M M 7.5 21 80 M M 10 1 28 70
12 29 25 27 -15 38 0 0.41 M M 10.0 17 80 M M 10 16 25 80
13 34 24 29 -13 36 0 0.33 M M 5.0 18 120 M M 10 16 23 100
14 33 28 31 -11 34 0 0.48 M M 1.9 9 120 M M 10 16 12 80
15 48 32 40 -2 25 0 0.18 M M 3.3 16 230 M M 9 12 23 210
16 50 33 42 0 23 0 0.07 M M 3.9 18 300 M M 8 1 24 330
17 50 33 42 0 23 0 T M M 1.5 8 270 M M 7 12 10 260
18 41 35 38 -4 27 0 0.27 M M 2.7 10 100 M M 8 1 13 100
19 49 38 44 1 21 0 0.11 M M 3.8 14 160 M M 10 12 15 160
20 50 34 42 -1 23 0 T M M 5.2 15 180 M M 9 1 19 300
21 51 42 47 4 18 0 T M M 12.7 21 180 M M 9 25 180
22 52 37 45 2 20 0 0.22 M M 11.2 22 180 M M 9 1 28 180
23 49 33 41 -2 24 0 0.07 M M 5.4 17 230 M M 6 1 22 240
24 48 31 40 -3 25 0 0.07 M M 1.3 8 40 M M 6 12 11 290
25 51 36 44 1 21 0 0.20 M M 6.6 21 280 M M 10 1 26 280
26 50 40 45 2 20 0 0.23 M M 9.4 31 320 M M 9 1 37 310
27 50 31 41 -3 24 0 T M M 4.2 14 270 M M 8 19 300
28 55 39 47 3 18 0 0.00 M M 3.8 13 160 M M 5 17 170
================================================================================
SM 1309 945 686 0 3.91 M 145.9 M 237
================================================================================
AV 46.8 33.8 5.2 FASTST M M 8 MAX(MPH)
MISC ----> 31 320 # 37 180
================================================================================
NOTES:
# LAST OF SEVERAL OCCURRENCES
COLUMN 17 PEAK WIND IN M.P.H.
PRELIMINARY LOCAL CLIMATOLOGICAL DATA (WS FORM: F-6) , PAGE 2
STATION: HILLSBORO OR
MONTH: FEBRUARY
YEAR: 2021
LATITUDE: 45 32 N
LONGITUDE: 122 57 W
[TEMPERATURE DATA] [PRECIPITATION DATA] SYMBOLS USED IN COLUMN 16
AVERAGE MONTHLY: 40.3 TOTAL FOR MONTH: 3.91 1 = FOG OR MIST
DPTR FM NORMAL: -2.0 DPTR FM NORMAL: -0.50 2 = FOG REDUCING VISIBILITY
HIGHEST: 55 ON 28 GRTST 24HR 0.65 ON 12-13 TO 1/4 MILE OR LESS
LOWEST: 24 ON 13 3 = THUNDER
SNOW, ICE PELLETS, HAIL 4 = ICE PELLETS
TOTAL MONTH: M 5 = HAIL
GRTST 24HR M ON M 6 = FREEZING RAIN OR DRIZZLE
GRTST DEPTH: M ON M 7 = DUSTSTORM OR SANDSTORM:
VSBY 1/2 MILE OR LESS
8 = SMOKE OR HAZE
[NO. OF DAYS WITH] [WEATHER - DAYS WITH] 9 = BLOWING SNOW
X = TORNADO
MAX 32 OR BELOW: 1 0.01 INCH OR MORE: 20
MAX 90 OR ABOVE: 0 0.10 INCH OR MORE: 13
MIN 32 OR BELOW: 11 0.50 INCH OR MORE: 1
MIN 0 OR BELOW: 0 1.00 INCH OR MORE: 0
[HDD (BASE 65) ]
TOTAL THIS MO. 686 CLEAR (SCALE 0-3) 1
DPTR FM NORMAL 52 PTCLDY (SCALE 4-7) 8
TOTAL FM JUL 1 3138 CLOUDY (SCALE 8-10) 19
DPTR FM NORMAL -387
[CDD (BASE 65) ]
TOTAL THIS MO. 0
DPTR FM NORMAL 0 [PRESSURE DATA]
TOTAL FM JAN 1 0 HIGHEST SLP 30.62 ON 24
DPTR FM NORMAL 0 LOWEST SLP 29.64 ON 15
[REMARKS]
#FINAL-02-21#