000
CXUS53 KGID 011158
CF6HJH
PRELIMINARY LOCAL CLIMATOLOGICAL DATA (WS FORM: F-6)
STATION: HEBRON
MONTH: APRIL
YEAR: 2021
LATITUDE: 40 9 N
LONGITUDE: 97 35 W
TEMPERATURE IN F: :PCPN: SNOW: WIND :SUNSHINE: SKY :PK WND
================================================================================
1 2 3 4 5 6A 6B 7 8 9 10 11 12 13 14 15 16 17 18
12Z AVG MX 2MIN
DY MAX MIN AVG DEP HDD CDD WTR SNW DPTH SPD SPD DIR MIN PSBL S-S WX SPD DR
================================================================================
1 61 20 41 -5 24 0 0.00 M M 8.7 15 160 M M 0 24 170
2 74 38 56 10 9 0 0.00 M M 19.8 28 210 M M 0 39 210
3 80 43 62 15 3 0 0.00 M M 6.6 17 200 M M 0 22 200
4 87 50 69 22 0 4 0.00 M M 12.3 22 210 M M 0 36 210
5 85 53 69 22 0 4 0.00 M M 14.4 24 200 M M 0 33 200
6 75 58 67 19 0 2 0.43 M M 17.6 33 180 M M 6 3 40 180
7 62 44 53 5 12 0 0.10 M M 13.2 21 350 M M 9 13 27 330
8 66 44 55 7 10 0 0.12 M M 12.8 24 330 M M 5 31 320
9 66 35 51 2 14 0 0.30 M M 8.4 21 310 M M 5 28 310
10 61 37 49 0 16 0 0.07 M M 10.4 17 330 M M 3 24 330
11 66 33 50 1 15 0 0.00 M M 9.6 23 330 M M 0 32 320
12 60 40 50 0 15 0 0.00 M M 10.8 16 340 M M 2 25 350
13 58 32 45 -5 20 0 0.00 M M 6.2 15 310 M M 0 18 330
14 52 31 42 -8 23 0 0.00 M M 8.7 15 360 M M 3 22 360
15 53 32 43 -8 22 0 0.00 M M 4.5 13 50 M M 3 9 60
16 43 34 39 -12 26 0 M M M 4.0 10 360 M M 10 M M
17 51 37 44 -8 21 0 0.00 M M 6.8 14 340 M M 8 25 330
18 62 37 50 -2 15 0 0.00 M M 5.8 12 210 M M 4 27 0
19 51 32 42 -10 23 0 M M M 12.2 23 20 M M 7 30 20
20 47 31 39 -14 26 0 M M M 5.5 13 330 M M 6 30 280
21 47 29 38 -15 27 0 0.00 M M 6.4 14 350 M M 3 21 10
22 58 31 45 -8 20 0 0.00 M M 10.9 18 170 M M 6 27 170
23 63 40 52 -2 13 0 0.00 M M 6.4 15 170 M M 6 25 170
24 64 38 51 -3 14 0 0.00 M M 6.6 15 350 M M 0 20 350
25 77 47 62 8 3 0 0.00 M M 13.3 28 190 M M 0 33 190
26 92 59 76 21 0 11 0.00 M M 16.6 23 210 M M 0 31 200
27 72 53 63 8 2 0 T M M 11.5 20 200 M M 2 28 190
28 62 52 57 1 8 0 T M M 9.1 15 10 M M 10 21 10
29 76 44 60 4 5 0 0.00 M M 7.3 18 350 M M 0 28 340
30 85 41 63 7 2 0 0.00 M M 7.8 16 240 M M 0 23 240
================================================================================
SM 1956 1195 388 21 M M 294.2 M 98
================================================================================
AV 65.2 39.8 9.8 FASTST M M 3 MAX(MPH)
MISC ----> 33 180 M M
================================================================================
NOTES:
# LAST OF SEVERAL OCCURRENCES
COLUMN 17 PEAK WIND IN M.P.H.
PRELIMINARY LOCAL CLIMATOLOGICAL DATA (WS FORM: F-6) , PAGE 2
STATION: HEBRON
MONTH: APRIL
YEAR: 2021
LATITUDE: 40 9 N
LONGITUDE: 97 35 W
[TEMPERATURE DATA] [PRECIPITATION DATA] SYMBOLS USED IN COLUMN 16
AVERAGE MONTHLY: 52.5 TOTAL FOR MONTH: M 1 = FOG OR MIST
DPTR FM NORMAL: 1.5 DPTR FM NORMAL: M 2 = FOG REDUCING VISIBILITY
HIGHEST: 92 ON 26 GRTST 24HR M ON M TO 1/4 MILE OR LESS
LOWEST: 20 ON 1 3 = THUNDER
SNOW, ICE PELLETS, HAIL 4 = ICE PELLETS
TOTAL MONTH: M 5 = HAIL
GRTST 24HR M ON M 6 = FREEZING RAIN OR DRIZZLE
GRTST DEPTH: M ON M 7 = DUSTSTORM OR SANDSTORM:
VSBY 1/2 MILE OR LESS
8 = SMOKE OR HAZE
[NO. OF DAYS WITH] [WEATHER - DAYS WITH] 9 = BLOWING SNOW
X = TORNADO
MAX 32 OR BELOW: 0 0.01 INCH OR MORE: M
MAX 90 OR ABOVE: 1 0.10 INCH OR MORE: M
MIN 32 OR BELOW: 8 0.50 INCH OR MORE: M
MIN 0 OR BELOW: 0 1.00 INCH OR MORE: M
[HDD (BASE 65) ]
TOTAL THIS MO. 388 CLEAR (SCALE 0-3) 16
DPTR FM NORMAL -42 PTCLDY (SCALE 4-7) 10
TOTAL FM JUL 1 5312 CLOUDY (SCALE 8-10) 4
DPTR FM NORMAL -504
[CDD (BASE 65) ]
TOTAL THIS MO. 21
DPTR FM NORMAL 9 [PRESSURE DATA]
TOTAL FM JAN 1 22 HIGHEST SLP M ON M
DPTR FM NORMAL 9 LOWEST SLP M ON M
[REMARKS]
#FINAL-04-21#