000
CXUS56 KHNX 011158
CF6HJO
PRELIMINARY LOCAL CLIMATOLOGICAL DATA (WS FORM: F-6)
STATION: HANFORD CA AIRPORT
MONTH: JUNE
YEAR: 2023
LATITUDE: 36 19 N
LONGITUDE: 119 38 W
TEMPERATURE IN F: :PCPN: SNOW: WIND :SUNSHINE: SKY :PK WND
================================================================================
1 2 3 4 5 6A 6B 7 8 9 10 11 12 13 14 15 16 17 18
12Z AVG MX 2MIN
DY MAX MIN AVG DEP HDD CDD WTR SNW DPTH SPD SPD DIR MIN PSBL S-S WX SPD DR
================================================================================
1 87 55 71 -2 0 6 0.00 0.0 0 6.6 15 320 M M 0 18 320
2 88 53 71 -2 0 6 0.00 0.0 0 5.5 13 330 M M 0 16 310
3 93 57 75 2 0 10 0.00 0.0 0 5.4 12 330 M M 0 16 320
4 97 61 79 6 0 14 0.00 0.0 0 7.2 15 310 M M 0 8 19 300
5 88 62 75 1 0 10 0.00 0.0 0 4.7 10 310 M M 0 18 13 320
6 82 59 71 -3 0 6 0.02 0.0 0 6.2 13 200 M M 3 3 16 180
7 75 62 69 -5 0 4 0.00 0.0 0 4.4 13 320 M M 9 8 15 320
8 85 65 75 1 0 10 0.00 0.0 0 4.3 14 320 M M 6 8 16 320
9 89 63 76 2 0 11 0.00 0.0 0 M M M M M 1 M M
10 86 63 75 0 0 10 0.00 0.0 0 M M M M M 1 M M
11 86 61 74 -1 0 9 0.00 0.0 0 M M M M M 1 M M
12 85 59 72 -3 0 7 0.00 0.0 0 M M M M M 0 8 M M
13 89 62 76 1 0 11 0.00 0.0 0 10.6 15 310 M M 0 19 320
14 93 67 80 4 0 15 0.00 0.0 0 7.7 14 310 M M 0 20 320
15 93 64 79 3 0 14 0.00 0.0 0 7.3 15 320 M M 0 23 320
16 94 65 80 4 0 15 0.00 0.0 0 7.5 15 330 M M 0 21 320
17 99 64 82 6 0 17 0.00 0.0 0 7.0 17 310 M M 0 8 23 320
18 94 66 80 3 0 15 0.00 0.0 0 9.7 20 330 M M 0 28 320
19 81 59 70 -7 0 5 0.00 0.0 0 12.2 17 320 M M 0 26 300
20 82 56 69 -8 0 4 0.00 0.0 0 10.5 21 330 M M 0 27 330
21 88 55 72 -5 0 7 0.00 0.0 0 7.3 15 330 M M 0 19 330
22 85 56 71 -7 0 6 0.00 0.0 0 6.4 17 320 M M 0 21 310
23 83 54 69 -9 0 4 0.00 0.0 0 7.1 14 320 M M 0 20 330
24 86 59 73 -5 0 8 0.00 0.0 0 7.0 14 300 M M 0 20 330
25 88 60 74 -4 0 9 0.00 0.0 0 10.1 16 310 M M 0 24 310
26 89 60 75 -3 0 10 0.00 0.0 0 7.7 16 330 M M 0 23 320
27 90 59 75 -4 0 10 0.00 0.0 0 7.2 14 320 M M 0 19 330
28 93 63 78 -1 0 13 0.00 0.0 0 8.6 17 320 M M 0 22 320
29 97 62 80 1 0 15 0.00 0.0 0 5.1 12 300 M M 0 16 320
30 104 66 85 6 0 20 0.00 0.0 0 5.9 13 310 M M 0 18 20 350
================================================================================
SM 2669 1817 0 301 0.02 0.0 189.2 M 21
================================================================================
AV 89.0 60.6 7.3 FASTST M M 1 MAX(MPH)
MISC ----> 21 330 28 320
================================================================================
NOTES:
# LAST OF SEVERAL OCCURRENCES
COLUMN 17 PEAK WIND IN M.P.H.
PRELIMINARY LOCAL CLIMATOLOGICAL DATA (WS FORM: F-6) , PAGE 2
STATION: HANFORD CA AIRPORT
MONTH: JUNE
YEAR: 2023
LATITUDE: 36 19 N
LONGITUDE: 119 38 W
[TEMPERATURE DATA] [PRECIPITATION DATA] SYMBOLS USED IN COLUMN 16
AVERAGE MONTHLY: 74.8 TOTAL FOR MONTH: 0.02 1 = FOG OR MIST
DPTR FM NORMAL: -1.2 DPTR FM NORMAL: -0.05 2 = FOG REDUCING VISIBILITY
HIGHEST: 104 ON 30 GRTST 24HR 0.02 ON 6- 6 TO 1/4 MILE OR LESS
LOWEST: 53 ON 2 3 = THUNDER
SNOW, ICE PELLETS, HAIL 4 = ICE PELLETS
TOTAL MONTH: 0.0 INCH 5 = HAIL
GRTST 24HR 0.0 6 = FREEZING RAIN OR DRIZZLE
GRTST DEPTH: 0 7 = DUSTSTORM OR SANDSTORM:
VSBY 1/2 MILE OR LESS
8 = SMOKE OR HAZE
[NO. OF DAYS WITH] [WEATHER - DAYS WITH] 9 = BLOWING SNOW
X = TORNADO
MAX 32 OR BELOW: 0 0.01 INCH OR MORE: 1
MAX 90 OR ABOVE: 11 0.10 INCH OR MORE: 0
MIN 32 OR BELOW: 0 0.50 INCH OR MORE: 0
MIN 0 OR BELOW: 0 1.00 INCH OR MORE: 0
[HDD (BASE 65) ]
TOTAL THIS MO. 0 CLEAR (SCALE 0-3) 28
DPTR FM NORMAL -3 PTCLDY (SCALE 4-7) 1
TOTAL FM JUL 1 2554 CLOUDY (SCALE 8-10) 1
DPTR FM NORMAL 135
[CDD (BASE 65) ]
TOTAL THIS MO. 301
DPTR FM NORMAL -32 [PRESSURE DATA]
TOTAL FM JAN 1 561 HIGHEST SLP 30.11 ON 20
DPTR FM NORMAL 21 LOWEST SLP 29.67 ON 5
[REMARKS]
#FINAL-06-23#