000
CXUS54 KJAN 011845
CF6HKS
PRELIMINARY LOCAL CLIMATOLOGICAL DATA (WS FORM: F-6)
STATION: JACKSON HAWKINS
MONTH: JANUARY
YEAR: 2022
LATITUDE: 32 20 N
LONGITUDE: 90 14 W
TEMPERATURE IN F: :PCPN: SNOW: WIND :SUNSHINE: SKY :PK WND
================================================================================
1 2 3 4 5 6A 6B 7 8 9 10 11 12 13 14 15 16 17 18
12Z AVG MX 2MIN
DY MAX MIN AVG DEP HDD CDD WTR SNW DPTH SPD SPD DIR MIN PSBL S-S WX SPD DR
================================================================================
1 86 68 77 29 0 12 T 0.0 0 12.5 24 210 M M 7 36 200
2 68 31 50 2 15 0 0.13 M M 11.5 25 310 M M 10 1 41 330
3 43 30 37 -11 28 0 0.00 0.0 0 6.0 17 320 M M 5 27 300
4 52 27 40 -7 25 0 0.00 0.0 0 6.2 13 160 M M 2 1 18 150
5 67 40 54 7 11 0 0.00 0.0 0 4.6 10 310 M M 6 12 17 340
6 59 33 46 -1 19 0 0.03 0.0 0 8.6 17 310 M M 9 1 25 330
7 48 31 40 -7 25 0 0.00 0.0 0 5.1 12 10 M M 4 18 20
8 70 35 53 6 12 0 0.00 0.0 0 11.9 23 150 M M 5 29 180
9 75 47 61 14 4 0 1.69 0.0 0 11.4 24 160 M M 10 13 37 200
10 54 33 44 -3 21 0 0.00 0.0 0 7.2 16 20 M M 1 28 10
11 56 30 43 -4 22 0 0.00 0.0 0 2.2 9 10 M M 0 8 14 340
12 61 33 47 0 18 0 0.00 0.0 0 1.9 10 230 M M 0 15 220
13 68 40 54 7 11 0 0.00 0.0 0 5.4 17 280 M M 0 8 23 290
14 66 39 53 6 12 0 0.00 0.0 0 4.5 12 130 M M 0 17 120
15 54 32 43 -4 22 0 0.49 M M 10.4 25 290 M M 7 13 34 290
16 41 32 37 -10 28 0 T M M 11.6 23 310 M M 8 1 37 300
17 54 33 44 -3 21 0 0.00 0.0 0 5.8 15 300 M M 0 23 310
18 63 30 47 0 18 0 0.00 0.0 0 8.2 18 180 M M 0 1 24 180
19 73 50 62 15 3 0 1.13 0.0 0 10.6 28 310 M M 8 13 36 300
20 51 29 40 -7 25 0 0.57 0.0 0 8.8 17 360 M M 8 1 27 350
21 37 24 31 -16 34 0 0.00 0.0 0 7.7 14 350 M M 0 23 350
22 41 21 31 -16 34 0 0.00 0.0 0 4.7 15 300 M M 0 8 20 300
23 55 20 38 -10 27 0 0.00 0.0 0 3.4 14 310 M M 0 21 310
24 65 29 47 -1 18 0 0.08 0.0 0 4.4 17 230 M M 4 1 24 260
25 52 35 44 -4 21 0 0.24 0.0 0 5.1 10 350 M M 7 1 16 340
26 51 29 40 -8 25 0 0.00 0.0 0 6.3 14 20 M M 0 23 10
27 58 30 44 -4 21 0 0.00 0.0 0 3.7 10 100 M M 2 14 330
28 51 37 44 -4 21 0 0.00 0.0 0 9.6 21 340 M M 5 32 340
29 50 25 38 -10 27 0 0.00 0.0 0 3.8 13 340 M M 0 22 340
30 68 34 51 3 14 0 0.00 0.0 0 8.5 20 250 M M 0 28 250
31 69 39 54 6 11 0 0.00 0.0 0 5.0 15 150 M M 0 22 150
================================================================================
SM 1806 1046 593 12 4.36 0.0 216.6 M 108
================================================================================
AV 58.3 33.7 7.0 FASTST M M 3 MAX(MPH)
MISC ----> 28 310 41 330
================================================================================
NOTES:
# LAST OF SEVERAL OCCURRENCES
COLUMN 17 PEAK WIND IN M.P.H.
PRELIMINARY LOCAL CLIMATOLOGICAL DATA (WS FORM: F-6) , PAGE 2
STATION: JACKSON HAWKINS
MONTH: JANUARY
YEAR: 2022
LATITUDE: 32 20 N
LONGITUDE: 90 14 W
[TEMPERATURE DATA] [PRECIPITATION DATA] SYMBOLS USED IN COLUMN 16
AVERAGE MONTHLY: 46.0 TOTAL FOR MONTH: 4.36 1 = FOG OR MIST
DPTR FM NORMAL: -1.4 DPTR FM NORMAL: -0.73 2 = FOG REDUCING VISIBILITY
HIGHEST: 86 ON 1 GRTST 24HR 1.69 ON 9- 9 TO 1/4 MILE OR LESS
LOWEST: 20 ON 23 3 = THUNDER
SNOW, ICE PELLETS, HAIL 4 = ICE PELLETS
TOTAL MONTH: 0.0 INCH 5 = HAIL
GRTST 24HR 0.0 6 = FREEZING RAIN OR DRIZZLE
GRTST DEPTH: 0 7 = DUSTSTORM OR SANDSTORM:
VSBY 1/2 MILE OR LESS
8 = SMOKE OR HAZE
[NO. OF DAYS WITH] [WEATHER - DAYS WITH] 9 = BLOWING SNOW
X = TORNADO
MAX 32 OR BELOW: 0 0.01 INCH OR MORE: 8
MAX 90 OR ABOVE: 0 0.10 INCH OR MORE: 6
MIN 32 OR BELOW: 16 0.50 INCH OR MORE: 3
MIN 0 OR BELOW: 0 1.00 INCH OR MORE: 2
[HDD (BASE 65) ]
TOTAL THIS MO. 593 CLEAR (SCALE 0-3) 16
DPTR FM NORMAL 43 PTCLDY (SCALE 4-7) 11
TOTAL FM JUL 1 1127 CLOUDY (SCALE 8-10) 4
DPTR FM NORMAL -285
[CDD (BASE 65) ]
TOTAL THIS MO. 12
DPTR FM NORMAL 6 [PRESSURE DATA]
TOTAL FM JAN 1 12 HIGHEST SLP 30.60 ON 11
DPTR FM NORMAL 6 LOWEST SLP 29.63 ON 1
[REMARKS]
#FINAL-01-22#