000
CXHW50 PHFO 011250
CF6HNL
PRELIMINARY LOCAL CLIMATOLOGICAL DATA (WS FORM: F-6)
STATION: HONOLULU HI
MONTH: MARCH
YEAR: 2023
LATITUDE: 21 21 N
LONGITUDE: 157 56 W
TEMPERATURE IN F: :PCPN: SNOW: WIND :SUNSHINE: SKY :PK WND
================================================================================
1 2 3 4 5 6A 6B 7 8 9 10 11 12 13 14 15 16 17 18
12Z AVG MX 2MIN
DY MAX MIN AVG DEP HDD CDD WTR SNW DPTH SPD SPD DIR MIN PSBL S-S WX SPD DR
================================================================================
1 79 68 74 0 0 9 0.09 M M 16.8 23 60 M M 7 1 38 80
2 81 71 76 2 0 11 T M M 15.0 17 80 M M 5 29 50
3 82 69 76 2 0 11 0.05 M M 10.3 18 70 M M 4 29 60
4 83 71 77 3 0 12 0.01 M M 8.6 16 50 M M 4 1 26 50
5 80 69 75 1 0 10 T M M 2.5 7 220 M M 6 1 7 220
6 83 69 76 2 0 11 0.28 M M 6.8 14 250 M M 7 1 23 250
7 81 66 74 0 0 9 0.08 M M 8.4 23 230 M M 6 18 40 230
8 82 69 76 2 0 11 0.08 M M 18.6 29 230 M M 7 1 38 230
9 82 67 75 1 0 10 T M M 8.5 16 270 M M 4 16 270
10 79 65 72 -2 0 7 0.00 M M 5.3 12 230 M M 7 10 220
11 80 66 73 -1 0 8 0.00 M M 2.6 8 150 M M 5 8 150
12 84 74 79 5 0 14 0.00 M M 8.5 13 200 M M 5 13 200
13 82 69 76 2 0 11 0.00 M M 1.7 7 160 M M 4 7 160
14 83 75 79 5 0 14 0.15 M M 7.0 12 210 M M 7 1 12 210
15 83 76 80 6 0 15 0.00 M M 8.3 13 220 M M 4 15 220
16 84 75 80 5 0 15 0.00 M M 5.8 12 180 M M 4 17 200
17 84 74 79 4 0 14 0.00 M M 3.9 10 200 M M 6 14 210
18 84 73 79 4 0 14 0.00 M M 5.7 17 140 M M 6 21 160
19 82 72 77 2 0 12 0.00 M M 4.0 12 170 M M 5 15 140
20 88 72 80 5 0 15 0.00 M M 8.2 17 70 M M 6 24 120
21 86 74 80 5 0 15 T M M 8.7 18 120 M M 7 24 70
22 84 73 79 4 0 14 0.00 M M 4.4 12 190 M M 6 14 200
23 83 70 77 2 0 12 1.81 M M 4.1 26 270 M M 6 13 31 360
24 83 69 76 1 0 11 0.00 M M 4.3 13 180 M M 3 15 180
25 86 74 80 5 0 15 0.00 M M 10.9 18 70 M M 4 23 130
26 85 71 78 3 0 13 T M M 7.4 16 50 M M 5 22 60
27 83 70 77 2 0 12 0.00 M M 3.9 12 170 M M 4 15 210
28 82 71 77 2 0 12 0.07 M M 7.2 20 150 M M 7 18 28 140
29 83 74 79 3 0 14 0.01 M M 11.0 20 140 M M 7 18 25 130
30 84 73 79 3 0 14 0.02 M M 8.0 20 140 M M 5 23 130
31 83 73 78 2 0 13 T M M 5.5 14 100 M M 6 17 120
================================================================================
SM 2568 2202 0 378 2.65 M 231.9 M 169
================================================================================
AV 82.8 71.0 7.5 FASTST M M 5 MAX(MPH)
MISC ----> 29 230 40 230
================================================================================
NOTES:
# LAST OF SEVERAL OCCURRENCES
COLUMN 17 PEAK WIND IN M.P.H.
PRELIMINARY LOCAL CLIMATOLOGICAL DATA (WS FORM: F-6) , PAGE 2
STATION: HONOLULU HI
MONTH: MARCH
YEAR: 2023
LATITUDE: 21 21 N
LONGITUDE: 157 56 W
[TEMPERATURE DATA] [PRECIPITATION DATA] SYMBOLS USED IN COLUMN 16
AVERAGE MONTHLY: 76.9 TOTAL FOR MONTH: 2.65 1 = FOG OR MIST
DPTR FM NORMAL: 2.2 DPTR FM NORMAL: 0.29 2 = FOG REDUCING VISIBILITY
HIGHEST: 88 ON 20 GRTST 24HR 1.81 ON 23-23 TO 1/4 MILE OR LESS
LOWEST: 65 ON 10 3 = THUNDER
SNOW, ICE PELLETS, HAIL 4 = ICE PELLETS
TOTAL MONTH: M 5 = HAIL
GRTST 24HR M ON M 6 = FREEZING RAIN OR DRIZZLE
GRTST DEPTH: M ON M 7 = DUSTSTORM OR SANDSTORM:
VSBY 1/2 MILE OR LESS
8 = SMOKE OR HAZE
[NO. OF DAYS WITH] [WEATHER - DAYS WITH] 9 = BLOWING SNOW
X = TORNADO
MAX 32 OR BELOW: 0 0.01 INCH OR MORE: 11
MAX 90 OR ABOVE: 0 0.10 INCH OR MORE: 3
MIN 32 OR BELOW: 0 0.50 INCH OR MORE: 1
MIN 0 OR BELOW: 0 1.00 INCH OR MORE: 1
[HDD (BASE 65) ]
TOTAL THIS MO. 0 CLEAR (SCALE 0-3) 0
DPTR FM NORMAL 0 PTCLDY (SCALE 4-7) 31
TOTAL FM JUL 1 0 CLOUDY (SCALE 8-10) 0
DPTR FM NORMAL 0
[CDD (BASE 65) ]
TOTAL THIS MO. 378
DPTR FM NORMAL 79 [PRESSURE DATA]
TOTAL FM JAN 1 973 HIGHEST SLP 30.21 ON 1
DPTR FM NORMAL 160 LOWEST SLP 29.72 ON 8
[REMARKS]
#FINAL-03-23#