000
CXHW50 PHFO 191250
CF6HNL
PRELIMINARY LOCAL CLIMATOLOGICAL DATA (WS FORM: F-6)
STATION: HONOLULU HI
MONTH: APRIL
YEAR: 2024
LATITUDE: 21 21 N
LONGITUDE: 157 56 W
TEMPERATURE IN F: :PCPN: SNOW: WIND :SUNSHINE: SKY :PK WND
================================================================================
1 2 3 4 5 6A 6B 7 8 9 10 11 12 13 14 15 16 17 18
12Z AVG MX 2MIN
DY MAX MIN AVG DEP HDD CDD WTR SNW DPTH SPD SPD DIR MIN PSBL S-S WX SPD DR
================================================================================
1 83 71 77 1 0 12 0.02 M M 13.9 24 60 M M 4 1 33 80
2 84 72 78 2 0 13 0.00 M M 17.8 31 70 M M 3 41 70
3 84 72 78 2 0 13 0.00 M M 17.2 28 60 M M 3 38 60
4 83 71 77 1 0 12 T M M 18.4 30 70 M M 3 42 50
5 80 69 75 -1 0 10 0.01 M M 16.8 28 70 M M 6 1 38 80
6 80 68 74 -2 0 9 0.05 M M 17.3 29 60 M M 6 1 37 40
7 81 68 75 -1 0 10 0.07 M M 16.4 26 70 M M 5 1 37 80
8 83 71 77 1 0 12 0.00 M M 14.5 25 70 M M 3 35 70
9 83 69 76 0 0 11 0.00 M M 12.5 22 70 M M 3 30 60
10 82 69 76 0 0 11 0.00 M M 7.9 20 150 M M 4 25 160
11 80 72 76 0 0 11 T M M 8.3 18 90 M M 7 24 120
12 79 70 75 -1 0 10 0.38 M M 8.3 23 80 M M 7 1 28 80
13 82 73 78 2 0 13 T M M 7.8 14 200 M M 6 20 220
14 80 69 75 -2 0 10 0.86 M M 7.5 20 210 M M 8 1 28 170
15 82 69 76 -1 0 11 0.01 M M 10.0 22 260 M M 4 29 260
16 80 66 73 -4 0 8 T M M 7.0 16 220 M M 5 21 360
17 81 67 74 -3 0 9 0.00 M M 6.8 16 50 M M 4 26 30
18 83 68 76 -1 0 11 T M M 8.7 18 50 M M 6 28 50
================================================================================
SM 1470 1254 0 196 1.40 M 217.1 M 87
================================================================================
AV 81.7 69.7 12.1 FASTST M M 5 MAX(MPH)
MISC ----> 31 70 42 50
================================================================================
NOTES:
# LAST OF SEVERAL OCCURRENCES
COLUMN 17 PEAK WIND IN M.P.H.
PRELIMINARY LOCAL CLIMATOLOGICAL DATA (WS FORM: F-6) , PAGE 2
STATION: HONOLULU HI
MONTH: APRIL
YEAR: 2024
LATITUDE: 21 21 N
LONGITUDE: 157 56 W
[TEMPERATURE DATA] [PRECIPITATION DATA] SYMBOLS USED IN COLUMN 16
AVERAGE MONTHLY: 75.7 TOTAL FOR MONTH: 1.40 1 = FOG OR MIST
DPTR FM NORMAL: -0.6 DPTR FM NORMAL: 0.86 2 = FOG REDUCING VISIBILITY
HIGHEST: 84 ON 3, 2 GRTST 24HR 0.87 ON 14-15 TO 1/4 MILE OR LESS
LOWEST: 66 ON 16 3 = THUNDER
SNOW, ICE PELLETS, HAIL 4 = ICE PELLETS
TOTAL MONTH: M 5 = HAIL
GRTST 24HR M ON M 6 = FREEZING RAIN OR DRIZZLE
GRTST DEPTH: M ON M 7 = DUSTSTORM OR SANDSTORM:
VSBY 1/2 MILE OR LESS
8 = SMOKE OR HAZE
[NO. OF DAYS WITH] [WEATHER - DAYS WITH] 9 = BLOWING SNOW
X = TORNADO
MAX 32 OR BELOW: 0 0.01 INCH OR MORE: 7
MAX 90 OR ABOVE: 0 0.10 INCH OR MORE: 2
MIN 32 OR BELOW: 0 0.50 INCH OR MORE: 1
MIN 0 OR BELOW: 0 1.00 INCH OR MORE: 0
[HDD (BASE 65) ]
TOTAL THIS MO. 0 CLEAR (SCALE 0-3) 3
DPTR FM NORMAL 0 PTCLDY (SCALE 4-7) 14
TOTAL FM JUL 1 0 CLOUDY (SCALE 8-10) 1
DPTR FM NORMAL 0
[CDD (BASE 65) ]
TOTAL THIS MO. 196
DPTR FM NORMAL -9 [PRESSURE DATA]
TOTAL FM JAN 1 1045 HIGHEST SLP M ON M
DPTR FM NORMAL 27 LOWEST SLP 29.85 ON 15
[REMARKS]