000
CXUS54 KMAF 011210
CF6HOB
PRELIMINARY LOCAL CLIMATOLOGICAL DATA (WS FORM: F-6)
STATION: LEA AIRPORT, HOBBS
MONTH: FEBRUARY
YEAR: 2023
LATITUDE: 32 40 N
LONGITUDE: 103-12 E
TEMPERATURE IN F: :PCPN: SNOW: WIND :SUNSHINE: SKY :PK WND
================================================================================
1 2 3 4 5 6A 6B 7 8 9 10 11 12 13 14 15 16 17 18
12Z AVG MX 2MIN
DY MAX MIN AVG DEP HDD CDD WTR SNW DPTH SPD SPD DIR MIN PSBL S-S WX SPD DR
================================================================================
1 32 23 28 M 37 0 0.00 M M 3.6 9 180 M M 8 M M
2 55 25 40 M 25 0 0.00 M M 7.1 14 350 M M 4 15 300
3 57 21 39 M 26 0 0.00 M M 8.6 15 180 M M 0 21 180
4 64 28 46 M 19 0 0.00 M M 8.9 12 190 M M 0 20 190
5 75 27 51 M 14 0 0.00 M M 11.1 24 240 M M 0 32 240
6 77 34 56 M 9 0 0.00 M M 11.1 23 230 M M 1 35 10
7 46 39 43 M 22 0 0.00 M M 16.5 30 20 M M 9 40 20
8 55 32 44 M 21 0 0.00 M M 11.8 24 250 M M 3 25 270
9 54 27 41 M 24 0 0.00 M M 15.5 29 350 M M 4 39 350
10 45 19 32 M 33 0 0.00 M M 9.7 17 320 M M 0 24 320
11 55 18 37 M 28 0 0.00 M M 6.5 13 150 M M 0 18 150
12 64 25 45 M 20 0 0.00 M M 4.5 9 200 M M 1 15 200
13 59 36 48 M 17 0 0.01 M M 11.8 29 270 M M 2 38 270
14 63 34 49 M 16 0 0.01 M M 23.6 41 250 M M 0 7 51 230
15 63 25 44 M 21 0 0.00 M M 14.5 40 260 M M 0 7 53 260
16 41 18 30 M 35 0 0.00 M M 13.8 22 360 M M 3 26 350
17 48 12 30 M 35 0 0.00 M M 7.5 12 150 M M 0 18 210
18 55 28 42 M 23 0 0.00 M M 10.9 20 180 M M 3 25 200
19 55 36 46 M 19 0 0.01 M M 9.1 13 200 M M 6 28 230
20 73 50 62 M 3 0 0.00 M M 20.5 29 230 M M 1 41 230
21 73 48 61 M 4 0 0.01 M M 13.5 25 250 M M 3 32 250
22 68 45 57 M 8 0 0.00 M M 26.4 52 250 M M 1 7 67 250
23 68 36 52 M 13 0 0.00 M M 11.6 18 100 M M 0 28 270
24 50 28 39 M 26 0 0.00 M M 8.9 13 40 M M 2 M M
25 55 34 45 M 20 0 0.00 M M 5.6 10 150 M M 4 14 110
26 84 41 63 M 2 0 0.00 M M 23.2 47 230 M M 5 127 63 230
27 70 32 51 M 14 0 0.00 M M 15.2 28 240 M M 0 36 240
28 73 36 55 M 10 0 0.00 M M 12.2 23 230 M M 0 35 230
================================================================================
SM 1677 857 544 0 0.04 M 343.1 M 60
================================================================================
AV 59.9 30.6 12.3 FASTST M M 2 MAX(MPH)
MISC ----> 52 250 67 250
================================================================================
NOTES:
# LAST OF SEVERAL OCCURRENCES
COLUMN 17 PEAK WIND IN M.P.H.
PRELIMINARY LOCAL CLIMATOLOGICAL DATA (WS FORM: F-6) , PAGE 2
STATION: LEA AIRPORT, HOBBS
MONTH: FEBRUARY
YEAR: 2023
LATITUDE: 32 40 N
LONGITUDE: 103-12 E
[TEMPERATURE DATA] [PRECIPITATION DATA] SYMBOLS USED IN COLUMN 16
AVERAGE MONTHLY: 45.3 TOTAL FOR MONTH: 0.04 1 = FOG OR MIST
DPTR FM NORMAL: 0.0 DPTR FM NORMAL: 0.04 2 = FOG REDUCING VISIBILITY
HIGHEST: 84 ON 26 GRTST 24HR 0.01 ON 13-13 TO 1/4 MILE OR LESS
LOWEST: 12 ON 17 3 = THUNDER
SNOW, ICE PELLETS, HAIL 4 = ICE PELLETS
TOTAL MONTH: M 5 = HAIL
GRTST 24HR M ON M 6 = FREEZING RAIN OR DRIZZLE
GRTST DEPTH: M ON M 7 = DUSTSTORM OR SANDSTORM:
VSBY 1/2 MILE OR LESS
8 = SMOKE OR HAZE
[NO. OF DAYS WITH] [WEATHER - DAYS WITH] 9 = BLOWING SNOW
X = TORNADO
MAX 32 OR BELOW: 1 0.01 INCH OR MORE: 4
MAX 90 OR ABOVE: 0 0.10 INCH OR MORE: 0
MIN 32 OR BELOW: 16 0.50 INCH OR MORE: 0
MIN 0 OR BELOW: 0 1.00 INCH OR MORE: 0
[HDD (BASE 65) ]
TOTAL THIS MO. 544 CLEAR (SCALE 0-3) 19
DPTR FM NORMAL M PTCLDY (SCALE 4-7) 8
TOTAL FM JUL 1 2493 CLOUDY (SCALE 8-10) 1
DPTR FM NORMAL M
[CDD (BASE 65) ]
TOTAL THIS MO. 0
DPTR FM NORMAL M [PRESSURE DATA]
TOTAL FM JAN 1 0 HIGHEST SLP M ON M
DPTR FM NORMAL M LOWEST SLP M ON M
[REMARKS]
#FINAL-02-23#