000
CXUS54 KLZK 011230
CF6HOT
PRELIMINARY LOCAL CLIMATOLOGICAL DATA (WS FORM: F-6)
STATION: HOT SPRINGS MEMORIAL FIELD
MONTH: AUGUST
YEAR: 2023
LATITUDE: 34 28 N
LONGITUDE: 93 6 W
TEMPERATURE IN F: :PCPN: SNOW: WIND :SUNSHINE: SKY :PK WND
================================================================================
1 2 3 4 5 6A 6B 7 8 9 10 11 12 13 14 15 16 17 18
12Z AVG MX 2MIN
DY MAX MIN AVG DEP HDD CDD WTR SNW DPTH SPD SPD DIR MIN PSBL S-S WX SPD DR
================================================================================
1 97 75 86 3 0 21 0.00 M M 3.5 12 120 M M 0 16 140
2 102 77 90 7 0 25 0.00 M M 4.8 13 200 M M 0 1 18 190
3 104 83 94 11 0 29 0.00 M M 7.1 17 240 M M 0 8 23 190
4 104 79 92 9 0 27 0.00 M M 5.2 20 80 M M 0 3 23 70
5 105 79 92 9 0 27 0.08 M M 3.7 18 340 M M 1 138 30 330
6 97 73 85 2 0 20 T M M 5.9 16 310 M M 1 13 31 340
7 87 71 79 -4 0 14 0.15 M M 3.5 14 320 M M 1 13 24 340
8 81 71 76 -7 0 11 1.40 M M 4.4 17 250 M M 3 13 28 260
9 91 72 82 -1 0 17 0.00 M M 5.9 13 150 M M 3 3 18 160
10 94 74 84 1 0 19 0.00 M M 6.7 16 70 M M 4 19 220
11 92 75 84 1 0 19 0.33 M M 5.0 15 240 M M 4 138 23 310
12 94 78 86 3 0 21 0.00 M M 2.7 10 240 M M 0 14 250
13 98 79 89 6 0 24 0.00 M M 4.3 14 230 M M 0 18 240
14 95 75 85 2 0 20 0.00 M M 4.3 13 290 M M 0 20 320
15 88 66 77 -6 0 12 0.00 M M 4.8 13 50 M M 1 18 310
16 86 63 75 -7 0 10 0.00 M M 2.9 9 150 M M 3 13 240
17 92 63 78 -4 0 13 0.00 M M 3.7 13 240 M M 0 17 250
18 97 71 84 2 0 19 0.00 M M 5.0 12 120 M M 0 15 120
19 103 74 89 7 0 24 0.00 M M 4.4 12 140 M M 0 14 140
20 104 77 91 9 0 26 0.00 M M 4.3 12 110 M M 0 17 90
21 102 75 89 7 0 24 0.00 M M 3.0 12 90 M M 0 18 16 90
22 102 76 89 7 0 24 0.00 M M 4.4 13 70 M M 0 1 20 70
23 101 79 90 8 0 25 0.00 M M 3.0 10 160 M M 1 15 230
24 104 76 90 9 0 25 1.09 M M 3.1 23 100 M M 2 138 36 90
25 103 76 90 9 0 25 0.00 M M 2.1 9 220 M M 0 1 12 200
26 102 77 90 9 0 25 0.00 M M 3.6 10 50 M M 0 3 14 330
27 93 77 85 4 0 20 0.00 M M 8.4 17 60 M M 4 3 23 60
28 90 75 83 3 0 18 0.00 M M 6.1 16 60 M M 7 21 40
29 93 68 81 1 0 16 0.00 M M 4.6 13 80 M M 0 18 50
30 94 65 80 0 0 15 0.00 M M 4.9 16 70 M M 2 23 70
31 91 68 80 0 0 15 0.00 M M 7.0 15 80 M M 1 18 90
================================================================================
SM 2986 2287 0 630 3.05 M 142.3 M 38
================================================================================
AV 96.3 73.8 4.6 FASTST M M 1 MAX(MPH)
MISC ----> 23 100 36 90
================================================================================
NOTES:
# LAST OF SEVERAL OCCURRENCES
COLUMN 17 PEAK WIND IN M.P.H.
PRELIMINARY LOCAL CLIMATOLOGICAL DATA (WS FORM: F-6) , PAGE 2
STATION: HOT SPRINGS MEMORIAL FIELD
MONTH: AUGUST
YEAR: 2023
LATITUDE: 34 28 N
LONGITUDE: 93 6 W
[TEMPERATURE DATA] [PRECIPITATION DATA] SYMBOLS USED IN COLUMN 16
AVERAGE MONTHLY: 85.0 TOTAL FOR MONTH: 3.05 1 = FOG OR MIST
DPTR FM NORMAL: 2.9 DPTR FM NORMAL: -0.28 2 = FOG REDUCING VISIBILITY
HIGHEST: 105 ON 5 GRTST 24HR 1.55 ON 7- 8 TO 1/4 MILE OR LESS
LOWEST: 63 ON 17,16 3 = THUNDER
SNOW, ICE PELLETS, HAIL 4 = ICE PELLETS
TOTAL MONTH: M 5 = HAIL
GRTST 24HR M ON M 6 = FREEZING RAIN OR DRIZZLE
GRTST DEPTH: M ON M 7 = DUSTSTORM OR SANDSTORM:
VSBY 1/2 MILE OR LESS
8 = SMOKE OR HAZE
[NO. OF DAYS WITH] [WEATHER - DAYS WITH] 9 = BLOWING SNOW
X = TORNADO
MAX 32 OR BELOW: 0 0.01 INCH OR MORE: 5
MAX 90 OR ABOVE: 27 0.10 INCH OR MORE: 4
MIN 32 OR BELOW: 0 0.50 INCH OR MORE: 2
MIN 0 OR BELOW: 0 1.00 INCH OR MORE: 2
[HDD (BASE 65) ]
TOTAL THIS MO. 0 CLEAR (SCALE 0-3) 27
DPTR FM NORMAL 0 PTCLDY (SCALE 4-7) 4
TOTAL FM JUL 1 0 CLOUDY (SCALE 8-10) 0
DPTR FM NORMAL 0
[CDD (BASE 65) ]
TOTAL THIS MO. 630
DPTR FM NORMAL 98 [PRESSURE DATA]
TOTAL FM JAN 1 1908 HIGHEST SLP 30.12 ON 15
DPTR FM NORMAL 111 LOWEST SLP 29.71 ON 9
[REMARKS]
#FINAL-08-23#