000
CXUS54 KLZK 011130
CF6HRO
PRELIMINARY LOCAL CLIMATOLOGICAL DATA (WS FORM: F-6)
STATION: Harrison
MONTH: SEPTEMBER
YEAR: 2020
LATITUDE: 36 15 N
LONGITUDE: 93 9 W
TEMPERATURE IN F: :PCPN: SNOW: WIND :SUNSHINE: SKY :PK WND
================================================================================
1 2 3 4 5 6A 6B 7 8 9 10 11 12 13 14 15 16 17 18
12Z AVG MX 2MIN
DY MAX MIN AVG DEP HDD CDD WTR SNW DPTH SPD SPD DIR MIN PSBL S-S WX SPD DR
================================================================================
1 77 68 73 -2 0 8 0.91 0.0 0 4.6 14 140 M M 5 123 18 140
2 75 67 71 -3 0 6 0.09 0.0 0 1.9 8 140 M M 5 1 10 150
3 82 65 74 0 0 9 0.00 0.0 0 3.1 10 270 M M 3 12 15 270
4 86 68 77 3 0 12 0.00 0.0 0 5.8 10 140 M M 3 16 30
5 89 65 77 4 0 12 0.00 0.0 0 4.2 9 140 M M 3 12 130
6 88 67 78 5 0 13 0.00 0.0 0 4.5 14 160 M M 1 1 18 150
7 88 69 79 6 0 14 0.00 0.0 0 7.3 15 170 M M 0 19 250
8 87 67 77 5 0 12 0.00 0.0 0 6.3 15 160 M M 0 20 220
9 87 65 76 4 0 11 0.00 0.0 0 5.3 14 150 M M 1 1 19 160
10 83 69 76 5 0 11 1.39 0.0 0 4.8 10 100 M M 3 1 17 150
11 78 68 73 2 0 8 0.03 0.0 0 1.3 8 290 M M 7 12 11 290
12 81 66 74 3 0 9 0.00 0.0 0 2.5 9 320 M M 6 12 12 360
13 77 60 69 -1 0 4 0.00 0.0 0 4.0 12 30 M M 5 12 15 10
14 80 57 69 -1 0 4 0.00 0.0 0 2.9 10 70 M M 0 14 90
15 83 57 70 1 0 5 0.00 0.0 0 2.9 13 80 M M 0 1 18 90
16 84 58 71 2 0 6 0.00 0.0 0 2.4 9 30 M M 1 1 17 110
17 83 59 71 2 0 6 0.00 0.0 0 5.2 15 20 M M 1 1 20 30
18 76 54 65 -3 0 0 T 0.0 0 4.0 12 30 M M 0 1 20 350
19 72 50 61 -7 4 0 0.00 0.0 0 5.0 12 100 M M 0 16 110
20 75 46 61 -6 4 0 0.00 0.0 0 4.2 13 140 M M 2 20 150
21 77 51 64 -3 1 0 0.00 0.0 0 5.3 14 110 M M 2 1 18 110
22 68 59 64 -3 1 0 0.22 0.0 0 5.9 13 120 M M 8 1 16 110
23 70 55 63 -3 2 0 0.00 0.0 0 7.1 14 140 M M 7 17 60
24 78 56 67 1 0 2 0.00 0.0 0 4.6 8 140 M M 5 1 11 140
25 81 56 69 3 0 4 0.00 0.0 0 7.4 15 160 M M 4 12 20 150
26 79 57 68 3 0 3 0.00 0.0 0 8.8 15 150 M M 1 12 19 170
27 83 54 69 4 0 4 0.77 0.0 0 7.7 16 170 M M 3 13 22 170
28 68 51 60 -4 5 0 0.01 0.0 0 7.3 18 320 M M 4 28 280
29 70 47 59 -5 6 0 0.00 0.0 0 6.4 17 300 M M 0 26 320
30 88 52 70 6 0 5 0.00 0.0 0 8.3 16 280 M M 0 23 270
================================================================================
SM 2393 1783 23 168 3.42 0.0 151.0 M 80
================================================================================
AV 79.8 59.4 5.0 FASTST M M 3 MAX(MPH)
MISC ----> # 18 320 # 28 280
================================================================================
NOTES:
# LAST OF SEVERAL OCCURRENCES
COLUMN 17 PEAK WIND IN M.P.H.
PRELIMINARY LOCAL CLIMATOLOGICAL DATA (WS FORM: F-6) , PAGE 2
STATION: Harrison
MONTH: SEPTEMBER
YEAR: 2020
LATITUDE: 36 15 N
LONGITUDE: 93 9 W
[TEMPERATURE DATA] [PRECIPITATION DATA] SYMBOLS USED IN COLUMN 16
AVERAGE MONTHLY: 69.6 TOTAL FOR MONTH: 3.42 1 = FOG OR MIST
DPTR FM NORMAL: 0.4 DPTR FM NORMAL: -0.78 2 = FOG REDUCING VISIBILITY
HIGHEST: 89 ON 5 GRTST 24HR 1.39 ON 10-10 TO 1/4 MILE OR LESS
LOWEST: 46 ON 20 3 = THUNDER
SNOW, ICE PELLETS, HAIL 4 = ICE PELLETS
TOTAL MONTH: 0.0 INCH 5 = HAIL
GRTST 24HR 0.0 6 = FREEZING RAIN OR DRIZZLE
GRTST DEPTH: 0 7 = DUSTSTORM OR SANDSTORM:
VSBY 1/2 MILE OR LESS
8 = SMOKE OR HAZE
[NO. OF DAYS WITH] [WEATHER - DAYS WITH] 9 = BLOWING SNOW
X = TORNADO
MAX 32 OR BELOW: 0 0.01 INCH OR MORE: 7
MAX 90 OR ABOVE: 0 0.10 INCH OR MORE: 4
MIN 32 OR BELOW: 0 0.50 INCH OR MORE: 3
MIN 0 OR BELOW: 0 1.00 INCH OR MORE: 1
[HDD (BASE 65) ]
TOTAL THIS MO. 23 CLEAR (SCALE 0-3) 18
DPTR FM NORMAL -19 PTCLDY (SCALE 4-7) 12
TOTAL FM JUL 1 23 CLOUDY (SCALE 8-10) 0
DPTR FM NORMAL -20
[CDD (BASE 65) ]
TOTAL THIS MO. 168
DPTR FM NORMAL 0 [PRESSURE DATA]
TOTAL FM JAN 1 1370 HIGHEST SLP 30.31 ON 5
DPTR FM NORMAL -9 LOWEST SLP 29.70 ON 27
[REMARKS]
ALL SNOWFALL DATA IS FROM THE HARRISON COOPERATIVE OBSERVER SITE
#FINAL-09-20#