000
CXUS51 KRLX 011133
CF6HTS
PRELIMINARY LOCAL CLIMATOLOGICAL DATA (WS FORM: F-6)
STATION: HUNTINGTON WV
MONTH: APRIL
YEAR: 2021
LATITUDE: 38 22 N
LONGITUDE: 82 33 W
TEMPERATURE IN F: :PCPN: SNOW: WIND :SUNSHINE: SKY :PK WND
================================================================================
1 2 3 4 5 6A 6B 7 8 9 10 11 12 13 14 15 16 17 18
12Z AVG MX 2MIN
DY MAX MIN AVG DEP HDD CDD WTR SNW DPTH SPD SPD DIR MIN PSBL S-S WX SPD DR
================================================================================
1 43 30 37 -15 28 0 0.00 0.0 0 10.8 21 330 M M 9 28 340
2 46 26 36 -16 29 0 0.00 0.0 0 4.8 15 360 M M 0 19 350
3 62 24 43 -9 22 0 0.00 0.0 0 4.5 13 210 M M 0 19 210
4 73 42 58 5 7 0 0.00 0.0 0 4.9 14 220 M M 1 19 290
5 77 42 60 7 5 0 0.00 0.0 0 4.2 14 260 M M 0 19 270
6 79 47 63 10 2 0 0.00 0.0 0 4.1 15 260 M M 1 23 250
7 82 52 67 13 0 2 0.00 0.0 0 3.0 10 230 M M 3 15 220
8 78 56 67 13 0 2 0.67 0.0 0 6.1 23 250 M M 5 13 33 250
9 80 55 68 14 0 3 0.02 0.0 0 5.8 16 200 M M 1 3 21 160
10 79 50 65 10 0 0 0.39 0.0 0 7.4 26 180 M M 3 1 33 190
11 62 53 58 3 7 0 0.02 0.0 0 7.2 22 240 M M 8 31 210
12 65 50 58 3 7 0 0.00 0.0 0 6.9 15 260 M M 7 26 230
13 70 43 57 1 8 0 0.00 0.0 0 2.0 8 290 M M 4 18 12 240
14 61 48 55 -1 10 0 0.28 0.0 0 3.7 13 360 M M 9 1 16 350
15 52 44 48 -8 17 0 0.00 0.0 0 7.1 15 310 M M 7 1 21 300
16 60 38 49 -7 16 0 0.00 0.0 0 5.7 13 320 M M 3 18 320
17 58 37 48 -9 17 0 T 0.0 0 2.4 10 310 M M 5 13 310
18 65 40 53 -4 12 0 0.00 0.0 0 4.9 13 240 M M 3 1 18 310
19 68 39 54 -3 11 0 0.00 0.0 0 5.8 16 260 M M 3 22 260
20 73 44 59 1 6 0 0.00 0.0 0 5.6 18 330 M M 3 24 320
21 50 33 42 -16 23 0 0.17 T T 7.9 23 330 M M 8 18 30 330
22 50 30 40 -18 25 0 0.01 T 0 4.8 16 240 M M 5 1 23 230
23 61 28 45 -13 20 0 0.00 0.0 0 3.4 12 170 M M 5 16 260
24 54 42 48 -11 17 0 0.61 0.0 0 5.9 13 40 M M 6 1 18 20
25 64 47 56 -3 9 0 0.04 0.0 0 5.2 13 230 M M 7 18 18 230
26 75 38 57 -2 8 0 0.00 0.0 0 2.7 12 230 M M 0 12 14 220
27 85 53 69 9 0 4 0.00 0.0 0 7.9 20 240 M M 0 26 220
28 81 65 73 13 0 8 1.90 0.0 0 7.4 18 280 M M 6 138 26 250
29 73 57 65 5 0 0 0.36 0.0 0 9.4 21 210 M M 9 1 34 210
30 71 50 61 1 4 0 0.00 0.0 0 9.7 25 300 M M 3 40 290
================================================================================
SM 1997 1303 310 19 4.47 T 171.2 M 124
================================================================================
AV 66.6 43.4 5.7 FASTST M M 4 MAX(MPH)
MISC ----> 26 180 40 290
================================================================================
NOTES:
# LAST OF SEVERAL OCCURRENCES
COLUMN 17 PEAK WIND IN M.P.H.
PRELIMINARY LOCAL CLIMATOLOGICAL DATA (WS FORM: F-6) , PAGE 2
STATION: HUNTINGTON WV
MONTH: APRIL
YEAR: 2021
LATITUDE: 38 22 N
LONGITUDE: 82 33 W
[TEMPERATURE DATA] [PRECIPITATION DATA] SYMBOLS USED IN COLUMN 16
AVERAGE MONTHLY: 55.0 TOTAL FOR MONTH: 4.47 1 = FOG OR MIST
DPTR FM NORMAL: -1.2 DPTR FM NORMAL: 1.03 2 = FOG REDUCING VISIBILITY
HIGHEST: 85 ON 27 GRTST 24HR 2.13 ON 28-29 TO 1/4 MILE OR LESS
LOWEST: 24 ON 3 3 = THUNDER
SNOW, ICE PELLETS, HAIL 4 = ICE PELLETS
TOTAL MONTH: T 5 = HAIL
GRTST 24HR T ON 21-21 6 = FREEZING RAIN OR DRIZZLE
GRTST DEPTH: T 7 = DUSTSTORM OR SANDSTORM:
VSBY 1/2 MILE OR LESS
8 = SMOKE OR HAZE
[NO. OF DAYS WITH] [WEATHER - DAYS WITH] 9 = BLOWING SNOW
X = TORNADO
MAX 32 OR BELOW: 0 0.01 INCH OR MORE: 11
MAX 90 OR ABOVE: 0 0.10 INCH OR MORE: 7
MIN 32 OR BELOW: 5 0.50 INCH OR MORE: 3
MIN 0 OR BELOW: 0 1.00 INCH OR MORE: 1
[HDD (BASE 65) ]
TOTAL THIS MO. 310 CLEAR (SCALE 0-3) 11
DPTR FM NORMAL 19 PTCLDY (SCALE 4-7) 16
TOTAL FM JUL 1 4157 CLOUDY (SCALE 8-10) 3
DPTR FM NORMAL -231
[CDD (BASE 65) ]
TOTAL THIS MO. 19
DPTR FM NORMAL -8 [PRESSURE DATA]
TOTAL FM JAN 1 22 HIGHEST SLP 30.57 ON 2
DPTR FM NORMAL -10 LOWEST SLP 29.49 ON 11
[REMARKS]
#FINAL-04-21#