000
CXUS51 KRLX 011942
CLMHTS
CLIMATE REPORT
NATIONAL WEATHER SERVICE CHARLESTON WV
342 PM EDT SAT APR 01 2023
...................................
...THE HUNTINGTON WV CLIMATE SUMMARY FOR THE MONTH OF MARCH 2023...
CLIMATE NORMAL PERIOD: 1991 TO 2020
CLIMATE RECORD PERIOD: 1897 TO 2023
WEATHER OBSERVED NORMAL DEPART LAST YEAR`S
VALUE DATE(S) VALUE FROM VALUE
NORMAL
..............................................................
TEMPERATURE (F)
RECORD
HIGH 92 03/25/1929
LOW -2 03/03/1980
HIGHEST 80 03/01 85
LOWEST 19 03/20 16
AVG. MAXIMUM 58.3 56.8 1.5 61.2
AVG. MINIMUM 35.1 36.1 -1.0 37.4
MEAN 46.7 46.4 0.3 49.3
DAYS MAX >= 90 0 0.0 0.0 0
DAYS MAX <= 32 0 0.7 -0.7 1
DAYS MAX >= 80 1 1
DAYS MIN <= 32 12 13.0 -1.0 9
DAYS MIN <= 0 0 0.0 0.0 0
DAYS MIN <= 10 0 0
PRECIPITATION (INCHES)
RECORD
MAXIMUM 8.88 2002
MINIMUM 0.56 1910
TOTALS 3.24 4.16 -0.92 3.25
DAILY AVG. 0.10 0.13 -0.03 0.10
DAYS >= .01 13 13.5 -0.5 10
DAYS >= .10 8 8.4 -0.4 5
DAYS >= .50 2 2.7 -0.7 2
DAYS >= 1.00 0 0.7 -0.7 1
GREATEST
24 HR. TOTAL 0.81 03/31 TO 03/31 1.98
SNOWFALL (INCHES)
RECORDS
TOTAL 23.6 1993
24 HR TOTAL 21.1 03/13/1993 TO 03/13/1993
SNOW DEPTH 22 03/14/1993
TOTALS 0.2 4.3 -4.1 4.0
SINCE 7/1 2.6 19.5 -16.9 MM
SNOWDEPTH AVG. 0 0
DAYS >= TRACE 3 2.5 0.5 3
DAYS >= 1.0 0 1.1 -1.1 1
GREATEST
SNOW DEPTH 0 3
24 HR TOTAL 0.2 03/14 TO 03/14 MM
DEGREE DAYS
HEATING TOTAL 564 581 -17 481
SINCE 7/1 3480 3949 -469 MM
COOLING TOTAL 3 6 -3 1
SINCE 1/1 6 6 0 MM
..............................................................
WIND (MPH)
AVERAGE WIND SPEED 6.9
HIGHEST WIND SPEED/DIRECTION 39/240 DATE 03/25
HIGHEST GUST SPEED/DIRECTION 58/230 DATE 03/25
SKY COVER
AVERAGE SKY COVER 0.45
NUMBER OF DAYS FAIR 14
NUMBER OF DAYS PC 8
NUMBER OF DAYS CLOUDY 9
AVERAGE RH (PERCENT) 59
WEATHER CONDITIONS. NUMBER OF DAYS WITH
THUNDERSTORM 3 MIXED PRECIP 0
HEAVY RAIN 3 RAIN 6
LIGHT RAIN 15 FREEZING RAIN 0
LT FREEZING RAIN 0 HAIL 0
HEAVY SNOW 0 SNOW 1
LIGHT SNOW 3 SLEET 0
FOG 11 FOG W/VIS <= 1/4 MILE 2
HAZE 4
- INDICATES NEGATIVE NUMBERS.
R INDICATES RECORD WAS SET OR TIED.
MM INDICATES DATA IS MISSING.
T INDICATES TRACE AMOUNT.
$$