000
CXUS56 KMTR 011000
CF6HWD
PRELIMINARY LOCAL CLIMATOLOGICAL DATA (WS FORM: F-6)
STATION: HAYWARD AIRPORT
MONTH: DECEMBER
YEAR: 2022
LATITUDE: 37 39 N
LONGITUDE: 122 7 W
TEMPERATURE IN F: :PCPN: SNOW: WIND :SUNSHINE: SKY :PK WND
================================================================================
1 2 3 4 5 6A 6B 7 8 9 10 11 12 13 14 15 16 17 18
12Z AVG MX 2MIN
DY MAX MIN AVG DEP HDD CDD WTR SNW DPTH SPD SPD DIR MIN PSBL S-S WX SPD DR
================================================================================
1 52 M M M M M 0.51 M M 8.9 24 150 M M 7 1 35 160
2 56 M M M M M 0.00 M M 6.6 13 60 M M 0 18 70
3 50 45 48 -4 17 0 0.83 M M 2.4 10 60 M M 10 1 13 60
4 62 46 54 2 11 0 0.05 M M 6.6 14 160 M M 6 12 18 150
5 60 46 53 1 12 0 0.03 M M 6.8 14 260 M M 5 1 18 260
6 58 43 51 -1 14 0 0.02 M M 5.3 13 360 M M 5 1 17 50
7 58 40 49 -3 16 0 0.00 M M 4.1 9 290 M M 0 13 230
8 57 40 49 -3 16 0 0.02 M M 7.0 18 160 M M 4 24 160
9 56 43 50 -2 15 0 0.00 M M 2.8 13 200 M M 6 1 17 190
10 60 46 53 2 12 0 1.27 M M 12.7 26 150 M M 10 13 36 140
11 53 46 50 -1 15 0 0.43 M M 10.6 21 280 M M 8 1 28 270
12 53 40 47 -4 18 0 0.04 M M 6.4 12 280 M M 4 15 270
13 54 36 45 -6 20 0 0.00 M M 3.1 9 250 M M 0 12 270
14 53 37 45 -6 20 0 0.00 M M 3.9 9 50 M M 0 12 50
15 55 39 47 -4 18 0 0.00 M M 4.6 9 160 M M 0 11 160
16 59 37 48 -3 17 0 0.00 M M 5.1 15 70 M M 0 20 60
17 54 36 45 -6 20 0 0.00 M M 3.5 8 50 M M 0 18 12 60
18 54 36 45 -6 20 0 0.00 M M 4.6 12 50 M M 0 18 17 50
19 49 38 44 -7 21 0 0.00 M M 8.4 14 30 M M 2 18 18 20
20 55 43 49 -2 16 0 0.01 M M 4.9 9 230 M M 2 8 13 220
21 58 40 49 -2 16 0 0.00 M M 3.6 9 40 M M 0 15 240
22 59 44 52 1 13 0 T M M 5.2 12 250 M M 1 8 15 250
23 58 46 52 1 13 0 0.00 M M 4.6 10 30 M M 2 18 13 30
24 59 42 51 0 14 0 0.00 M M 3.8 9 20 M M 0 18 13 30
25 62 44 53 2 12 0 0.00 M M 2.7 12 280 M M 0 18 14 280
26 57 46 52 1 13 0 0.19 M M 4.4 14 120 M M 3 18 19 170
27 58 48 53 2 12 0 1.54 M M 9.2 24 150 M M 8 1 35 160
28 58 41 50 -1 15 0 T M M 3.0 10 310 M M 3 12 14 320
29 57 49 53 2 12 0 0.45 M M 6.5 15 150 M M 10 1 21 150
30 62 54 58 7 7 0 0.80 M M 10.1 17 250 M M 10 1 26 220
31 58 49 54 3 11 0 4.34 M M 6.4 17 350 M M 10 1 28 360
================================================================================
SM 1754 1240 436 0 10.53 M 177.8 M 116
================================================================================
AV 56.6 42.8 5.7 FASTST M M 4 MAX(MPH)
MISC ----> 26 150 36 140
================================================================================
NOTES:
# LAST OF SEVERAL OCCURRENCES
COLUMN 17 PEAK WIND IN M.P.H.
PRELIMINARY LOCAL CLIMATOLOGICAL DATA (WS FORM: F-6) , PAGE 2
STATION: HAYWARD AIRPORT
MONTH: DECEMBER
YEAR: 2022
LATITUDE: 37 39 N
LONGITUDE: 122 7 W
[TEMPERATURE DATA] [PRECIPITATION DATA] SYMBOLS USED IN COLUMN 16
AVERAGE MONTHLY: 49.7 TOTAL FOR MONTH: 10.53 1 = FOG OR MIST
DPTR FM NORMAL: -1.5 DPTR FM NORMAL: 7.33 2 = FOG REDUCING VISIBILITY
HIGHEST: 62 ON 30,25 GRTST 24HR 4.41 ON 30-31 TO 1/4 MILE OR LESS
LOWEST: 36 ON 18,17 3 = THUNDER
SNOW, ICE PELLETS, HAIL 4 = ICE PELLETS
TOTAL MONTH: M 5 = HAIL
GRTST 24HR M ON M 6 = FREEZING RAIN OR DRIZZLE
GRTST DEPTH: M ON M 7 = DUSTSTORM OR SANDSTORM:
VSBY 1/2 MILE OR LESS
8 = SMOKE OR HAZE
[NO. OF DAYS WITH] [WEATHER - DAYS WITH] 9 = BLOWING SNOW
X = TORNADO
MAX 32 OR BELOW: 0 0.01 INCH OR MORE: 15
MAX 90 OR ABOVE: 0 0.10 INCH OR MORE: 9
MIN 32 OR BELOW: 0 0.50 INCH OR MORE: 6
MIN 0 OR BELOW: 0 1.00 INCH OR MORE: 3
[HDD (BASE 65) ]
TOTAL THIS MO. 436 CLEAR (SCALE 0-3) 15
DPTR FM NORMAL 7 PTCLDY (SCALE 4-7) 9
TOTAL FM JUL 1 943 CLOUDY (SCALE 8-10) 7
DPTR FM NORMAL 93
[CDD (BASE 65) ]
TOTAL THIS MO. 0
DPTR FM NORMAL 0 [PRESSURE DATA]
TOTAL FM JAN 1 430 HIGHEST SLP M ON M
DPTR FM NORMAL 62 LOWEST SLP 29.62 ON 31
[REMARKS]
#FINAL-12-22#