000
CXUS56 KMTR 010900
CF6HWD
PRELIMINARY LOCAL CLIMATOLOGICAL DATA (WS FORM: F-6)
STATION: HAYWARD AIRPORT
MONTH: AUGUST
YEAR: 2021
LATITUDE: 37 39 N
LONGITUDE: 122 7 W
TEMPERATURE IN F: :PCPN: SNOW: WIND :SUNSHINE: SKY :PK WND
================================================================================
1 2 3 4 5 6A 6B 7 8 9 10 11 12 13 14 15 16 17 18
12Z AVG MX 2MIN
DY MAX MIN AVG DEP HDD CDD WTR SNW DPTH SPD SPD DIR MIN PSBL S-S WX SPD DR
================================================================================
1 73 58 66 0 0 1 0.00 M M 10.0 20 310 M M 4 23 300
2 75 57 66 0 0 1 0.00 M M 8.5 18 290 M M 3 21 300
3 75 57 66 0 0 1 0.00 M M 8.1 16 290 M M 4 19 290
4 69 57 63 -4 2 0 0.00 M M 9.1 20 300 M M 7 23 290
5 67 58 63 -4 2 0 0.00 M M 9.3 20 290 M M 7 25 290
6 79 60 70 3 0 5 0.00 M M 5.9 15 290 M M 3 8 17 290
7 79 59 69 2 0 4 0.00 M M 6.7 16 310 M M 4 8 19 310
8 78 59 69 2 0 4 0.00 M M 7.5 17 320 M M 3 18 23 310
9 78 58 68 1 0 3 0.00 M M 7.8 18 290 M M 2 18 23 290
10 81 58 70 3 0 5 0.00 M M 7.1 16 290 M M 2 18 19 280
11 78 59 69 2 0 4 0.00 M M 8.2 17 290 M M 0 20 290
12 76 59 68 1 0 3 0.00 M M 7.3 18 300 M M 2 21 290
13 73 59 66 -1 0 1 0.00 M M 6.7 17 280 M M 1 22 280
14 74 60 67 0 0 2 0.00 M M 7.9 18 290 M M 3 22 290
15 77 60 69 2 0 4 0.00 M M 6.2 16 300 M M 4 18 20 290
16 75 60 68 1 0 3 0.00 M M 6.0 16 270 M M 3 18 20 280
17 71 60 66 -1 0 1 0.00 M M 7.8 17 290 M M 2 22 280
18 76 58 67 -1 0 2 0.00 M M 5.8 16 310 M M 1 8 19 310
19 74 60 67 -1 0 2 0.00 M M 6.9 18 310 M M 3 8 21 310
20 74 60 67 -1 0 2 0.00 M M 7.1 17 330 M M 5 8 21 310
21 71 60 66 -2 0 1 0.00 M M 8.6 17 280 M M 7 8 23 300
22 73 57 65 -3 0 0 0.00 M M 7.4 16 300 M M 5 19 300
23 74 58 66 -2 0 1 0.00 M M 6.8 18 290 M M 5 22 300
24 73 58 66 -2 0 1 0.00 M M 8.0 20 290 M M 5 22 290
25 72 57 65 -3 0 0 0.00 M M 7.8 17 290 M M 5 21 290
26 80 55 68 0 0 3 0.00 M M 5.8 16 280 M M 2 19 290
27 92 59 76 8 0 11 0.00 M M 4.6 17 290 M M 0 8 20 290
28 93 60 77 9 0 12 0.00 M M 4.7 15 310 M M 0 8 18 310
29 82 58 70 2 0 5 0.00 M M 6.8 15 280 M M 0 8 17 290
30 78 56 67 -1 0 2 0.00 M M 7.2 17 280 M M 3 8 20 290
31 74 55 65 -3 0 0 0.00 M M 7.0 17 300 M M 1 18 21 290
================================================================================
SM 2364 1809 4 84 0.00 M 224.6 M 96
================================================================================
AV 76.3 58.4 7.2 FASTST M M 3 MAX(MPH)
MISC ----> # 20 310 25 290
================================================================================
NOTES:
# LAST OF SEVERAL OCCURRENCES
COLUMN 17 PEAK WIND IN M.P.H.
PRELIMINARY LOCAL CLIMATOLOGICAL DATA (WS FORM: F-6) , PAGE 2
STATION: HAYWARD AIRPORT
MONTH: AUGUST
YEAR: 2021
LATITUDE: 37 39 N
LONGITUDE: 122 7 W
[TEMPERATURE DATA] [PRECIPITATION DATA] SYMBOLS USED IN COLUMN 16
AVERAGE MONTHLY: 67.3 TOTAL FOR MONTH: 0.00 1 = FOG OR MIST
DPTR FM NORMAL: 0.0 DPTR FM NORMAL: -0.10 2 = FOG REDUCING VISIBILITY
HIGHEST: 93 ON 28 GRTST 24HR 0.00 ON 1- 1 TO 1/4 MILE OR LESS
LOWEST: 55 ON 31,26 3 = THUNDER
SNOW, ICE PELLETS, HAIL 4 = ICE PELLETS
TOTAL MONTH: M 5 = HAIL
GRTST 24HR M ON M 6 = FREEZING RAIN OR DRIZZLE
GRTST DEPTH: M ON M 7 = DUSTSTORM OR SANDSTORM:
VSBY 1/2 MILE OR LESS
8 = SMOKE OR HAZE
[NO. OF DAYS WITH] [WEATHER - DAYS WITH] 9 = BLOWING SNOW
X = TORNADO
MAX 32 OR BELOW: 0 0.01 INCH OR MORE: 0
MAX 90 OR ABOVE: 2 0.10 INCH OR MORE: 0
MIN 32 OR BELOW: 0 0.50 INCH OR MORE: 0
MIN 0 OR BELOW: 0 1.00 INCH OR MORE: 0
[HDD (BASE 65) ]
TOTAL THIS MO. 4 CLEAR (SCALE 0-3) 16
DPTR FM NORMAL -11 PTCLDY (SCALE 4-7) 15
TOTAL FM JUL 1 33 CLOUDY (SCALE 8-10) 0
DPTR FM NORMAL 2
[CDD (BASE 65) ]
TOTAL THIS MO. 84
DPTR FM NORMAL -2 [PRESSURE DATA]
TOTAL FM JAN 1 188 HIGHEST SLP M ON M
DPTR FM NORMAL -43 LOWEST SLP 29.70 ON 27
[REMARKS]
#FINAL-08-21#