312
CXUS52 KMFL 011000
CF6HWO
PRELIMINARY LOCAL CLIMATOLOGICAL DATA (WS FORM: F-6)
STATION: NORTH PERRY ARPT
MONTH: SEPTEMBER
YEAR: 2020
LATITUDE: 26 0 N
LONGITUDE: 80 14 W
TEMPERATURE IN F: :PCPN: SNOW: WIND :SUNSHINE: SKY :PK WND
================================================================================
1 2 3 4 5 6A 6B 7 8 9 10 11 12 13 14 15 16 17 18
12Z AVG MX 2MIN
DY MAX MIN AVG DEP HDD CDD WTR SNW DPTH SPD SPD DIR MIN PSBL S-S WX SPD DR
================================================================================
1 94 79 87 4 0 22 M 0.0 0 6.2 16 100 M M 1 23 100
2 92 81 87 4 0 22 M 0.0 0 8.5 18 80 M M 3 25 80
3 94 82 88 5 0 23 0.00 0.0 0 8.5 16 70 M M 4 22 90
4 94 83 89 6 0 24 T 0.0 0 8.2 18 90 M M 3 23 80
5 93 78 86 3 0 21 T 0.0 0 6.8 17 100 M M 3 3 21 80
6 92 73 83 0 0 18 T 0.0 0 7.3 22 100 M M 1 3 28 80
7 89 76 83 0 0 18 T 0.0 0 6.9 21 120 M M 1 24 120
8 91 75 83 0 0 18 T 0.0 0 5.9 17 160 M M 4 3 22 150
9 89 76 83 0 0 18 T 0.0 0 3.4 21 130 M M 2 13 24 130
10 90 76 83 0 0 18 0.00 0.0 0 6.1 20 100 M M 3 24 90
11 91 78 85 3 0 20 0.00 0.0 0 8.8 21 50 M M 3 1 25 40
12 82 76 79 -3 0 14 0.00 0.0 0 12.3 31 120 M M 8 1 40 130
13 89 73 81 -1 0 16 0.00 0.0 0 8.1 23 230 M M 4 13 29 200
14 91 76 84 2 0 19 0.00 0.0 0 7.0 17 140 M M 2 22 110
15 91 78 85 3 0 20 0.00 0.0 0 6.6 15 110 M M 1 1 19 110
16 92 81 87 5 0 22 0.00 0.0 0 7.5 16 150 M M 2 22 120
17 93 78 86 4 0 21 0.00 0.0 0 6.6 18 240 M M 3 22 240
18 94 80 87 5 0 22 0.00 0.0 0 7.3 16 200 M M 3 3 20 190
19 95 76 86 4 0 21 0.00 0.0 0 3.6 25 330 M M 3 138 29 320
20 91 79 85 3 0 20 0.00 0.0 0 4.7 17 240 M M 4 3 20 240
21 84 76 80 -2 0 15 0.00 0.0 0 13.8 26 50 M M 8 138 34 50
22 88 80 84 2 0 19 0.00 0.0 0 14.1 24 80 M M 7 31 60
23 88 76 82 0 0 17 0.00 0.0 0 9.0 18 80 M M 3 23 70
24 87 77 82 0 0 17 0.00 0.0 0 8.8 18 100 M M 7 13 23 90
25 91 77 84 2 0 19 0.00 0.0 0 5.5 24 200 M M 4 138 30 210
26 92 77 85 3 0 20 0.00 0.0 0 6.6 20 350 M M 3 3 24 350
27 90 76 83 1 0 18 0.00 0.0 0 4.1 14 80 M M 1 17 70
28 93 80 87 5 0 22 0.00 0.0 0 5.2 16 220 M M 2 21 240
29 92 79 86 5 0 21 0.00 0.0 0 6.2 18 150 M M 2 23 160
30 91 77 84 3 0 19 0.00 0.0 0 5.8 18 10 M M 4 3 22 10
================================================================================
SM 2723 2329 0 584 T 0.0 219.4 M 99
================================================================================
AV 90.8 77.6 7.3 FASTST M M 3 MAX(MPH)
MISC ----> # 31 120 # 40 130
================================================================================
NOTES:
# LAST OF SEVERAL OCCURRENCES
COLUMN 17 PEAK WIND IN M.P.H.
PRELIMINARY LOCAL CLIMATOLOGICAL DATA (WS FORM: F-6) , PAGE 2
STATION: NORTH PERRY ARPT
MONTH: SEPTEMBER
YEAR: 2020
LATITUDE: 26 0 N
LONGITUDE: 80 14 W
[TEMPERATURE DATA] [PRECIPITATION DATA] SYMBOLS USED IN COLUMN 16
AVERAGE MONTHLY: 84.2 TOTAL FOR MONTH: T 1 = FOG OR MIST
DPTR FM NORMAL: 2.0 DPTR FM NORMAL: -8.80 2 = FOG REDUCING VISIBILITY
HIGHEST: 95 ON 19 GRTST 24HR T ON 9- 9 TO 1/4 MILE OR LESS
LOWEST: 73 ON 13, 6 3 = THUNDER
SNOW, ICE PELLETS, HAIL 4 = ICE PELLETS
TOTAL MONTH: 0.0 INCH 5 = HAIL
GRTST 24HR 0.0 6 = FREEZING RAIN OR DRIZZLE
GRTST DEPTH: 0 7 = DUSTSTORM OR SANDSTORM:
VSBY 1/2 MILE OR LESS
8 = SMOKE OR HAZE
[NO. OF DAYS WITH] [WEATHER - DAYS WITH] 9 = BLOWING SNOW
X = TORNADO
MAX 32 OR BELOW: 0 0.01 INCH OR MORE: 0
MAX 90 OR ABOVE: 22 0.10 INCH OR MORE: 0
MIN 32 OR BELOW: 0 0.50 INCH OR MORE: 0
MIN 0 OR BELOW: 0 1.00 INCH OR MORE: 0
[HDD (BASE 65) ]
TOTAL THIS MO. 0 CLEAR (SCALE 0-3) 17
DPTR FM NORMAL 0 PTCLDY (SCALE 4-7) 12
TOTAL FM JUL 1 0 CLOUDY (SCALE 8-10) 1
DPTR FM NORMAL 0
[CDD (BASE 65) ]
TOTAL THIS MO. 584
DPTR FM NORMAL 67 [PRESSURE DATA]
TOTAL FM JAN 1 3282 HIGHEST SLP 30.09 ON 5
DPTR FM NORMAL -168 LOWEST SLP 29.73 ON 12
[REMARKS]
#FINAL-09-20#