000
CXUS53 KUNR 011030
CF6ICR
PRELIMINARY LOCAL CLIMATOLOGICAL DATA (WS FORM: F-6)
STATION: WINNER REGIONAL AIRPORT SD
MONTH: DECEMBER
YEAR: 2022
LATITUDE: 43 23 N
LONGITUDE: 99 50 W
TEMPERATURE IN F: :PCPN: SNOW: WIND :SUNSHINE: SKY :PK WND
================================================================================
1 2 3 4 5 6A 6B 7 8 9 10 11 12 13 14 15 16 17 18
12Z AVG MX 2MIN
DY MAX MIN AVG DEP HDD CDD WTR SNW DPTH SPD SPD DIR MIN PSBL S-S WX SPD DR
================================================================================
1 52 27 40 8 25 0 0.00 M M 20.8 37 170 M M 0 52 180
2 44 6 25 -6 40 0 T M M 21.7 37 310 M M 3 1 51 320
3 47 2 25 -6 40 0 0.00 M M 10.6 26 200 M M 0 35 200
4 54 14 34 4 31 0 0.00 M M 10.1 21 200 M M 1 28 200
5 39 12 26 -4 39 0 0.00 M M 10.4 18 350 M M 8 24 350
6 38 8 23 -7 42 0 0.00 M M 9.3 20 320 M M 0 28 160
7 21 9 15 -15 50 0 T M M 8.2 18 170 M M 9 18 26 170
8 39 18 29 0 36 0 0.24 M M 8.3 20 190 M M 5 128 27 200
9 32 7 20 -9 45 0 0.00 M M 11.6 23 200 M M 1 32 200
10 37 23 30 1 35 0 0.00 M M 10.4 21 210 M M 0 8 28 210
11 45 31 38 10 27 0 0.00 M M 21.0 35 180 M M 0 44 180
12 35 33 34 6 31 0 T M M 15.9 30 150 M M 8 13 38 160
13 35 32 34 6 31 0 1.28 M M 13.8 21 350 M M 10 1236 25 350
14 33 19 26 -2 39 0 0.08 M M 29.3 40 300 M M 10 126 53 290
15 20 16 18 -9 47 0 0.01 M M 34.2 45 300 M M 10 1289 58 300
16 18 12 15 -12 50 0 0.01 M M 29.3 45 310 M M 10 129 55 300
17 14 -5 5 -22 60 0 0.00 M M 10.4 21 290 M M 1 27 280
18 7 -7 0 -27 65 0 T M M 8.7 20 130 M M 5 1 24 130
19 5 -7 -1 -27 66 0 T M M 7.9 23 310 M M 7 12689 27 310
20 0 -12 -6 -32 71 0 0.00 M M 6.5 15 110 M M 3 18 120
21 3 -17 -7 -33 72 0 T M M 22.3 36 310 M M 9 128 45 320
22 -9 -19 -14 -40 79 0 T M M 29.8 41 310 M M 10 8 53 310
23 -1 -10 -5 -31 70 0 T M M 20.8 33 310 M M 3 18 44 310
24 5 -8 -1 -27 66 0 0.00 M M 5.4 12 300 M M 7 17 290
25 42 -6 18 -8 47 0 T M M 19.6 44 330 M M 5 53 320
26 34 -4 15 -11 50 0 T M M 16.3 40 320 M M 2 189 51 320
27 48 34 41 16 24 0 0.00 M M 15.5 24 200 M M 1 32 200
28 46 37 42 17 23 0 0.00 M M 8.7 17 220 M M 0 24 210
29 39 27 33 8 32 0 0.00 M M 7.8 16 310 M M 7 20 330
30 40 27 34 9 31 0 0.00 M M 12.6 24 190 M M 2 32 190
31 41 24 33 8 32 0 0.00 M M 7.2 25 200 M M 3 34 200
================================================================================
SM 903 323 1396 0 1.62 M 464.4 M 140
================================================================================
AV 29.1 10.4 15.0 FASTST M M 5 MAX(MPH)
MISC ----> # 45 300 58 300
================================================================================
NOTES:
# LAST OF SEVERAL OCCURRENCES
COLUMN 17 PEAK WIND IN M.P.H.
PRELIMINARY LOCAL CLIMATOLOGICAL DATA (WS FORM: F-6) , PAGE 2
STATION: WINNER REGIONAL AIRPORT SD
MONTH: DECEMBER
YEAR: 2022
LATITUDE: 43 23 N
LONGITUDE: 99 50 W
[TEMPERATURE DATA] [PRECIPITATION DATA] SYMBOLS USED IN COLUMN 16
AVERAGE MONTHLY: 19.8 TOTAL FOR MONTH: 1.62 1 = FOG OR MIST
DPTR FM NORMAL: -7.7 DPTR FM NORMAL: 1.36 2 = FOG REDUCING VISIBILITY
HIGHEST: 54 ON 4 GRTST 24HR 1.28 ON 12-13 TO 1/4 MILE OR LESS
LOWEST: -19 ON 22 3 = THUNDER
SNOW, ICE PELLETS, HAIL 4 = ICE PELLETS
TOTAL MONTH: M 5 = HAIL
GRTST 24HR M ON M 6 = FREEZING RAIN OR DRIZZLE
GRTST DEPTH: M ON M 7 = DUSTSTORM OR SANDSTORM:
VSBY 1/2 MILE OR LESS
8 = SMOKE OR HAZE
[NO. OF DAYS WITH] [WEATHER - DAYS WITH] 9 = BLOWING SNOW
X = TORNADO
MAX 32 OR BELOW: 12 0.01 INCH OR MORE: 5
MAX 90 OR ABOVE: 0 0.10 INCH OR MORE: 2
MIN 32 OR BELOW: 28 0.50 INCH OR MORE: 1
MIN 0 OR BELOW: 10 1.00 INCH OR MORE: 1
[HDD (BASE 65) ]
TOTAL THIS MO. 1396 CLEAR (SCALE 0-3) 15
DPTR FM NORMAL 235 PTCLDY (SCALE 4-7) 8
TOTAL FM JUL 1 2721 CLOUDY (SCALE 8-10) 8
DPTR FM NORMAL 204
[CDD (BASE 65) ]
TOTAL THIS MO. 0
DPTR FM NORMAL 0 [PRESSURE DATA]
TOTAL FM JAN 1 1277 HIGHEST SLP 30.79 ON 20
DPTR FM NORMAL 216 LOWEST SLP 29.21 ON 28
[REMARKS]
#FINAL-12-22#