000
CXUS55 KPIH 011425
CF6IDA
PRELIMINARY LOCAL CLIMATOLOGICAL DATA (WS FORM: F-6)
STATION: IDAHO FALLS
MONTH: NOVEMBER
YEAR: 2021
LATITUDE: 43 31 N
LONGITUDE: 112 4 W
TEMPERATURE IN F: :PCPN: SNOW: WIND :SUNSHINE: SKY :PK WND
================================================================================
1 2 3 4 5 6A 6B 7 8 9 10 11 12 13 14 15 16 17 18
12Z AVG MX 2MIN
DY MAX MIN AVG DEP HDD CDD WTR SNW DPTH SPD SPD DIR MIN PSBL S-S WX SPD DR
================================================================================
1 50 31 41 3 24 0 T M M 4.9 10 210 M M 7 15 350
2 51 35 43 5 22 0 0.13 M M 6.8 16 210 M M 9 1 19 210
3 54 29 42 5 23 0 0.00 M M 2.2 8 210 M M 4 12 14 290
4 62 31 47 10 18 0 0.07 M M 8.7 24 260 M M 1 1 32 260
5 58 36 47 10 18 0 0.00 M M 8.4 20 210 M M 0 27 210
6 54 31 43 7 22 0 0.03 M M 10.0 21 200 M M 6 27 180
7 47 34 41 5 24 0 0.00 M M 14.1 25 210 M M 6 35 210
8 43 19 31 -5 34 0 0.00 M M 6.5 14 220 M M 3 18 210
9 44 24 34 -1 31 0 0.09 M M 10.4 25 210 M M 7 1 34 210
10 44 31 38 3 27 0 0.00 M M 13.1 23 220 M M 5 29 210
11 39 27 33 -1 32 0 0.00 M M 4.1 18 200 M M 6 18 22 210
12 45 33 39 5 26 0 T M M 2.5 8 10 M M 8 12 10 360
13 53 36 45 11 20 0 T M M 11.6 22 210 M M 4 29 190
14 58 44 51 18 14 0 0.00 M M 18.5 33 220 M M 5 44 210
15 63 35 49 16 16 0 0.00 M M 9.3 24 210 M M 1 35 210
16 54 23 39 7 26 0 0.00 M M 22.1 40 220 M M 1 55 210
17 36 18 27 -5 38 0 0.00 M M 4.7 15 200 M M 0 18 210
18 37 19 28 -4 37 0 0.00 M M 4.0 9 330 M M 4 11 330
19 43 32 38 7 27 0 0.12 M M 10.3 23 200 M M 10 16 30 210
20 38 34 36 5 29 0 0.00 M M 9.2 21 220 M M 10 1 26 220
21 41 27 34 4 31 0 0.00 M M 3.9 13 230 M M 6 18 210
22 47 22 35 5 30 0 0.00 M M 3.8 8 20 M M 0 11 350
23 49 16 33 4 32 0 T M M 11.7 30 220 M M 3 42 230
24 37 27 32 3 33 0 0.00 M M 13.6 20 220 M M 4 24 220
25 41 17 29 0 36 0 0.00 M M 3.7 12 210 M M 1 15 210
26 44 22 33 5 32 0 0.00 M M 3.1 9 330 M M 2 12 340
27 46 21 34 6 31 0 0.00 M M 2.7 8 210 M M 3 10 200
28 53 25 39 12 26 0 0.00 M M 3.6 12 210 M M 0 15 220
29 55 23 39 12 26 0 0.00 M M 7.0 26 210 M M 1 34 210
30 41 26 34 8 31 0 0.00 M M 6.0 15 200 M M 4 12 19 200
================================================================================
SM 1427 828 816 0 0.44 M 240.5 M 121
================================================================================
AV 47.6 27.6 8.0 FASTST M M 4 MAX(MPH)
MISC ----> 40 220 55 210
================================================================================
NOTES:
# LAST OF SEVERAL OCCURRENCES
COLUMN 17 PEAK WIND IN M.P.H.
PRELIMINARY LOCAL CLIMATOLOGICAL DATA (WS FORM: F-6) , PAGE 2
STATION: IDAHO FALLS
MONTH: NOVEMBER
YEAR: 2021
LATITUDE: 43 31 N
LONGITUDE: 112 4 W
[TEMPERATURE DATA] [PRECIPITATION DATA] SYMBOLS USED IN COLUMN 16
AVERAGE MONTHLY: 37.6 TOTAL FOR MONTH: 0.44 1 = FOG OR MIST
DPTR FM NORMAL: 5.2 DPTR FM NORMAL: -0.22 2 = FOG REDUCING VISIBILITY
HIGHEST: 63 ON 15 GRTST 24HR 0.13 ON 1- 2 TO 1/4 MILE OR LESS
LOWEST: 16 ON 23 3 = THUNDER
SNOW, ICE PELLETS, HAIL 4 = ICE PELLETS
TOTAL MONTH: M 5 = HAIL
GRTST 24HR M ON M 6 = FREEZING RAIN OR DRIZZLE
GRTST DEPTH: M ON M 7 = DUSTSTORM OR SANDSTORM:
VSBY 1/2 MILE OR LESS
8 = SMOKE OR HAZE
[NO. OF DAYS WITH] [WEATHER - DAYS WITH] 9 = BLOWING SNOW
X = TORNADO
MAX 32 OR BELOW: 0 0.01 INCH OR MORE: 5
MAX 90 OR ABOVE: 0 0.10 INCH OR MORE: 2
MIN 32 OR BELOW: 22 0.50 INCH OR MORE: 0
MIN 0 OR BELOW: 0 1.00 INCH OR MORE: 0
[HDD (BASE 65) ]
TOTAL THIS MO. 816 CLEAR (SCALE 0-3) 11
DPTR FM NORMAL -160 PTCLDY (SCALE 4-7) 16
TOTAL FM JUL 1 1580 CLOUDY (SCALE 8-10) 3
DPTR FM NORMAL -322
[CDD (BASE 65) ]
TOTAL THIS MO. 0
DPTR FM NORMAL 0 [PRESSURE DATA]
TOTAL FM JAN 1 445 HIGHEST SLP 30.73 ON 25
DPTR FM NORMAL 197 LOWEST SLP 29.70 ON 16
[REMARKS]
29TH: HIGH OF 55 BREAKS OLD RECORD OF 54 SET IN 1980.
#FINAL-11-21#