000
CXUS55 KVEF 011850
CF6IGM
PRELIMINARY LOCAL CLIMATOLOGICAL DATA (WS FORM: F-6)
STATION: KINGMAN AZ
MONTH: AUGUST
YEAR: 2020
LATITUDE: 35 16 N
LONGITUDE: 113 57 W
TEMPERATURE IN F: :PCPN: SNOW: WIND :SUNSHINE: SKY :PK WND
================================================================================
1 2 3 4 5 6A 6B 7 8 9 10 11 12 13 14 15 16 17 18
12Z AVG MX 2MIN
DY MAX MIN AVG DEP HDD CDD WTR SNW DPTH SPD SPD DIR MIN PSBL S-S WX SPD DR
================================================================================
1 106 75 91 7 0 26 0.00 M M 12.7 29 220 M M 0 44 250
2 103 75 89 5 0 24 0.00 M M 12.2 28 220 M M 0 34 220
3 104 68 86 2 0 21 0.00 M M 11.3 26 240 M M 0 36 240
4 101 67 84 0 0 19 0.00 M M 13.7 30 220 M M 0 8 36 230
5 99 73 86 2 0 21 0.00 M M 13.9 28 230 M M 0 34 240
6 97 63 80 -4 0 15 0.00 M M 13.5 29 230 M M 0 39 210
7 98 67 83 -1 0 18 0.00 M M 13.8 26 230 M M 0 34 230
8 101 63 82 -1 0 17 0.00 M M 11.2 28 240 M M 0 35 240
9 101 65 83 0 0 18 0.00 M M 10.2 26 230 M M 0 33 230
10 102 66 84 1 0 19 0.00 M M 10.3 24 220 M M 0 30 260
11 101 72 87 4 0 22 0.00 M M 10.5 28 230 M M 0 36 220
12 102 70 86 3 0 21 0.00 M M 8.6 24 260 M M 0 30 270
13 104 73 89 6 0 24 0.03 M M 6.5 24 130 M M 1 3 32 120
14 108 68 88 5 0 23 0.00 M M 5.9 23 310 M M 0 30 280
15 111 70 91 8 0 26 0.00 M M 4.4 16 340 M M 0 21 130
16 109 75 92 9 0 27 0.03 M M 7.7 43 30 M M 0 38 55 40
17 108 76 92 9 0 27 0.00 M M 10.2 18 240 M M 0 26 250
18 110 76 93 11 0 28 0.04 M M 9.5 36 230 M M 0 38 45 240
19 107 71 89 7 0 24 0.00 M M 9.2 18 230 M M 0 30 230
20 107 86 97 15 0 32 0.00 M M 11.9 21 250 M M 0 28 240
21 99 78 89 7 0 24 0.00 M M 12.7 24 230 M M 0 32 250
22 100 73 87 5 0 22 T M M 9.6 26 120 M M 0 33 130
23 102 73 88 6 0 23 T M M 9.4 35 130 M M 1 38 44 130
24 106 70 88 6 0 23 0.00 M M 6.4 29 150 M M 0 38 34 140
25 106 76 91 9 0 26 0.00 M M 9.8 28 120 M M 0 3 34 130
26 106 74 90 9 0 25 0.00 M M 11.4 21 250 M M 0 28 250
27 104 79 92 11 0 27 0.00 M M 11.3 24 240 M M 0 33 240
28 105 73 89 8 0 24 0.00 M M 9.7 30 240 M M 0 37 230
29 100 76 88 7 0 23 0.00 M M 11.6 25 210 M M 2 46 230
30 95 72 84 3 0 19 0.00 M M 11.0 29 130 M M 1 36 130
31 95 69 82 2 0 17 0.00 M M 12.7 23 220 M M 0 36 250
================================================================================
SM 3197 2232 0 705 0.10 M 322.8 M 5
================================================================================
AV103.1 72.0 10.4 FASTST M M 0 MAX(MPH)
MISC ----> 43 30 55 40
================================================================================
NOTES:
# LAST OF SEVERAL OCCURRENCES
COLUMN 17 PEAK WIND IN M.P.H.
PRELIMINARY LOCAL CLIMATOLOGICAL DATA (WS FORM: F-6) , PAGE 2
STATION: KINGMAN AZ
MONTH: AUGUST
YEAR: 2020
LATITUDE: 35 16 N
LONGITUDE: 113 57 W
[TEMPERATURE DATA] [PRECIPITATION DATA] SYMBOLS USED IN COLUMN 16
AVERAGE MONTHLY: 87.6 TOTAL FOR MONTH: 0.10 1 = FOG OR MIST
DPTR FM NORMAL: 5.1 DPTR FM NORMAL: -0.87 2 = FOG REDUCING VISIBILITY
HIGHEST: 111 ON 15 GRTST 24HR 0.04 ON 18-18 TO 1/4 MILE OR LESS
LOWEST: 63 ON 8, 6 3 = THUNDER
SNOW, ICE PELLETS, HAIL 4 = ICE PELLETS
TOTAL MONTH: M 5 = HAIL
GRTST 24HR M ON M 6 = FREEZING RAIN OR DRIZZLE
GRTST DEPTH: M ON M 7 = DUSTSTORM OR SANDSTORM:
VSBY 1/2 MILE OR LESS
8 = SMOKE OR HAZE
[NO. OF DAYS WITH] [WEATHER - DAYS WITH] 9 = BLOWING SNOW
X = TORNADO
MAX 32 OR BELOW: 0 0.01 INCH OR MORE: 3
MAX 90 OR ABOVE: 31 0.10 INCH OR MORE: 0
MIN 32 OR BELOW: 0 0.50 INCH OR MORE: 0
MIN 0 OR BELOW: 0 1.00 INCH OR MORE: 0
[HDD (BASE 65) ]
TOTAL THIS MO. 0 CLEAR (SCALE 0-3) 31
DPTR FM NORMAL 0 PTCLDY (SCALE 4-7) 0
TOTAL FM JUL 1 0 CLOUDY (SCALE 8-10) 0
DPTR FM NORMAL 0
[CDD (BASE 65) ]
TOTAL THIS MO. 705
DPTR FM NORMAL 163 [PRESSURE DATA]
TOTAL FM JAN 1 2078 HIGHEST SLP 29.91 ON 18
DPTR FM NORMAL 377 LOWEST SLP 29.56 ON 26
[REMARKS]
#FINAL-08-20#